{"id":11348,"date":"2025-06-29T13:50:03","date_gmt":"2025-06-29T11:50:03","guid":{"rendered":"https:\/\/uj.adatbank.ro\/lexikon\/termek\/kathonay-keroi-es-pokafalvi\/"},"modified":"2025-06-29T13:50:03","modified_gmt":"2025-06-29T11:50:03","slug":"kathonay-keroi-es-pokafalvi","status":"publish","type":"product","link":"https:\/\/uj.adatbank.ro\/lexikon\/termek\/kathonay-keroi-es-pokafalvi\/","title":{"rendered":"KATHONAY, k\u00e9r\u0151i \u00e9s p\u00f3kafalvi"},"content":{"rendered":"<p>a csal\u00e1db\u00f3l K. Mih\u00e1ly c\u00edmeres nemeslevelet nyert Rudolf kir\u00e1lyt\u00f3l (1593), B\u00e1thory Zsigmondt\u00f3l T\u00f3h\u00e1tra, Sz\u00e9plakra kapott don\u00e1ci\u00f3t (1593), majd K\u00e9r\u0151t nyerte (1599). A p\u00f3kafalvi el\u0151n\u00e9v a 17. sz. \u00f3ta haszn\u00e1latos, a csal\u00e1d egyik tagja P\u00f3kafalv\u00e1ra k\u00f6lt\u00f6z\u00f6tt, k\u00f6z\u00fcl\u00fck K. Istv\u00e1n tat\u00e1r rabs\u00e1got szenvedett (1667 el\u0151tt), egy m\u00e1sik Istv\u00e1n Fels\u0151-Fej\u00e9r megye viceszolgab\u00edr\u00e1ja volt, az \u0151 \u00f6zvegye \u00e9p\u00edtette a p\u00f3kafalvi k\u00fari\u00e1t (1750), ami gr. Teleki K\u00e1roly tulajdona lett. <br \/><strong>Irod.:<\/strong> P\u00e1lmay<\/br><\/p>\n","protected":false},"excerpt":{"rendered":"<p>a csal\u00e1db\u00f3l K. Mih\u00e1ly c\u00edmeres nemeslevelet nyert Rudolf kir\u00e1lyt\u00f3l (1593), B\u00e1thory Zsigmondt\u00f3l T\u00f3h\u00e1tra, Sz\u00e9plakra kapott don\u00e1ci\u00f3t (1593), majd K\u00e9r\u0151t nyerte (1599). A p\u00f3kafalvi el\u0151n\u00e9v a 17. sz. \u00f3ta haszn\u00e1latos, a csal\u00e1d egyik tagja P\u00f3kafalv\u00e1ra k\u00f6lt\u00f6z\u00f6tt, k\u00f6z\u00fcl\u00fck K. Istv\u00e1n tat\u00e1r rabs\u00e1got szenvedett (1667 el\u0151tt), egy m\u00e1sik Istv\u00e1n Fels\u0151-Fej\u00e9r megye viceszolgab\u00edr\u00e1ja volt, az \u0151 \u00f6zvegye \u00e9p\u00edtette a [&hellip;]<\/p>\n","protected":false},"featured_media":0,"comment_status":"open","ping_status":"closed","template":"","meta":[],"product_brand":[],"product_cat":[137],"product_tag":[],"class_list":{"0":"post-11348","1":"product","2":"type-product","3":"status-publish","5":"product_cat-maros-megyei-eletrajzi-lexikon","7":"first","8":"instock","9":"shipping-taxable","10":"product-type-simple"},"_links":{"self":[{"href":"https:\/\/uj.adatbank.ro\/lexikon\/wp-json\/wp\/v2\/product\/11348","targetHints":{"allow":["GET"]}}],"collection":[{"href":"https:\/\/uj.adatbank.ro\/lexikon\/wp-json\/wp\/v2\/product"}],"about":[{"href":"https:\/\/uj.adatbank.ro\/lexikon\/wp-json\/wp\/v2\/types\/product"}],"replies":[{"embeddable":true,"href":"https:\/\/uj.adatbank.ro\/lexikon\/wp-json\/wp\/v2\/comments?post=11348"}],"wp:attachment":[{"href":"https:\/\/uj.adatbank.ro\/lexikon\/wp-json\/wp\/v2\/media?parent=11348"}],"wp:term":[{"taxonomy":"product_brand","embeddable":true,"href":"https:\/\/uj.adatbank.ro\/lexikon\/wp-json\/wp\/v2\/product_brand?post=11348"},{"taxonomy":"product_cat","embeddable":true,"href":"https:\/\/uj.adatbank.ro\/lexikon\/wp-json\/wp\/v2\/product_cat?post=11348"},{"taxonomy":"product_tag","embeddable":true,"href":"https:\/\/uj.adatbank.ro\/lexikon\/wp-json\/wp\/v2\/product_tag?post=11348"}],"curies":[{"name":"wp","href":"https:\/\/api.w.org\/{rel}","templated":true}]}}

KATHONAY, kérői és pókafalvi

<p>a családból K. Mihály címeres nemeslevelet nyert Rudolf királytól (1593), Báthory Zsigmondtól Tóhátra, Széplakra kapott donációt (1593), majd Kérőt nyerte (1599). A pókafalvi előnév a 17. sz. óta használatos, a család egyik tagja Pókafalvára költözött, közülük K. István tatár rabságot szenvedett (1667 előtt), egy másik István Felső-Fejér megye viceszolgabírája volt, az ő özvegye építette a pókafalvi kúriát (1750), ami gr. Teleki Károly tulajdona lett. <br /><strong>Irod.:</strong> Pálmay</br></p>

<p>a családból K. Mihály címeres nemeslevelet nyert Rudolf királytól (1593), Báthory Zsigmondtól Tóhátra, Széplakra kapott donációt (1593), majd Kérőt nyerte (1599). A pókafalvi előnév a 17. sz. óta használatos, a család egyik tagja Pókafalvára költözött, közülük K. István tatár rabságot szenvedett (1667 előtt), egy másik István Felső-Fejér megye viceszolgabírája volt, az ő özvegye építette a [&hellip;]</p>
