{"id":11359,"date":"2025-06-29T13:50:26","date_gmt":"2025-06-29T11:50:26","guid":{"rendered":"https:\/\/uj.adatbank.ro\/lexikon\/termek\/katona-szabo-istvan-szabo-1957-ig\/"},"modified":"2025-06-29T13:50:26","modified_gmt":"2025-06-29T11:50:26","slug":"katona-szabo-istvan-szabo-1957-ig","status":"publish","type":"product","link":"https:\/\/uj.adatbank.ro\/lexikon\/termek\/katona-szabo-istvan-szabo-1957-ig\/","title":{"rendered":"KATONA SZAB\u00d3 Istv\u00e1n; Szab\u00f3 (1957-ig)"},"content":{"rendered":"<p>K\u00e9zdiv\u00e1s\u00e1rhely, 1922. nov. 10., \u2020 G\u00f6d\u00f6ll\u0151, 2013. febr. 6: \u00edr\u00f3, \u00fajs\u00e1g\u00edr\u00f3. \u2013 Sz\u00fcl\u0151v\u00e1ros\u00e1ban kezdett tanulni, majd a mv.-i Ref. Koll. ban \u00e9retts\u00e9gizett (1942) ; a BTE k\u00f6zgazdas\u00e1gi kar\u00e1n diplom\u00e1t szerzett (1947), mint egyetemi hallgat\u00f3 a M\u00f3ricz Zsigmond Koll\u00e9gium di\u00e1kigazgat\u00f3ja (1945\u201347) \u00e9s a Vil\u00e1goss\u00e1g riportere. Tan\u00e1r B\u00e1nffyhunyadon a gimn\u00e1ziumban; a Falvak N\u00e9pe ill. a Falvak Dolgoz\u00f3 N\u00e9pe szerkeszt\u0151je (1948\u201358); Mv.-en az \u00daj \u00c9let f\u0151szerkeszt\u0151 helyettese (1959\u2013), a szerkeszt\u0151bizotts\u00e1g tagja \u00e9s rovatvezet\u0151 (1967\u2013), Bp. -re k\u00f6lt\u00f6z\u00f6tt (1986\u2013). Els\u0151 \u00edr\u00e1sa, egy Tolnai Lajos mv.-i tart\u00f3zkod\u00e1s\u00e1r\u00f3l sz\u00f3l\u00f3 adatt\u00e1r, M\u00f3ricz Zsigmond lapj\u00e1ban, a Kelet N\u00e9p\u00e9ben jelent meg (1941). Tal\u00e1lkoz\u00e1sait M\u00f3ricz Zsigmonddal meg\u00edrta az Ifj\u00fa Erd\u00e9lynek (1942). A h\u00e1bor\u00fa ut\u00e1n a Vil\u00e1goss\u00e1g, Utunk, Rom\u00e1niai Magyar Sz\u00f3, El\u0151re, Dolgoz\u00f3 N\u0151, Igaz Sz\u00f3, M\u0171vel\u0151d\u00e9s, V\u00f6r\u00f6s Z\u00e1szl\u00f3, Hargita, Megyei T\u00fck\u00f6r is k\u00f6zli riportjait, recenzi\u00f3it, m\u0171v\u00e9szeti kritik\u00e1it. Gondoz\u00e1s\u00e1ban jelent meg a M\u00f3ricz-f\u00e9le Magvet\u0151 k\u00e9t erd\u00e9lyi kiad\u00e1sa (1944, 1945); magyar nyelvtant \u00e9s olvas\u00f3k\u00f6nyvet szerkesztett a VII. oszt\u00e1ly sz\u00e1m\u00e1ra (1962); jelent\u0151s riportsorozatai az \u00daj \u00c9letben: Sz\u00e1z \u00e9v ut\u00e1n Orb\u00e1n Bal\u00e1zs nyom\u00e1ban (B\u00f6z\u00f6di Gy\u00f6rggyel, 1968); Negyven \u00e9v m\u00falt\u00e1n B\u00f6z\u00f6di Gy\u00f6rgy k\u00f6nyve nyom\u00e1ban (1972); Kalotaszegi kr\u00f3nika (1972); A b\u00f6lcs\u0151hely k\u00f6r\u00fcl c. alatt Kov\u00e1cs Katona Jen\u0151, Salamon Ern\u0151, Tompa L\u00e1szl\u00f3 \u00e9s Nagy Istv\u00e1n sz\u00fcl\u0151hely\u00e9nek bemutat\u00e1sa (1977\u201378); ford\u00edtott rom\u00e1nb\u00f3l Caragialet, Petru Vintil\u0103 : Ki meri meg\u00f6lni a szerlemet ? c sz\u00ednm\u0171v\u00e9t amit a mv.-i \u00c1llami Sz\u00ednh\u00e1z mutatott be ; \u00f6ssze\u00e1ll\u00edtotta a rom\u00e1niai magyar sz\u00edn\u00e9szek, k\u00e9pz\u0151m\u0171v\u00e9szek \u00e9s zen\u00e9szek lexikon\u00e1t \u00e9s k\u00f6z\u00f6lte az \u00daj \u00c9letben (1976\u201377). \u2013 <strong>F. m.:<\/strong> Vir\u00e1gz\u00f3 \u00e9let: Palocsay Rudolf \u00e9letrajza (Buk., 1955); A dinyecs\u0151sz (elb.; Buk., 1955); Farkasj\u00e1r\u00e1s (elb.; Buk., 1957); Borika (reg.; Buk., 1959, 1963, 1974); A harmadik kakassz\u00f3 (kisreg.; Buk., 1963); Borica (Buc., 1964); Vesztett szerelem (reg.; Buk., 1966); Szak\u00edt\u00e1s (reg. Buk., 1973); Elbesz\u00e9l\u00e9sek (Buk., 1974); A nagy rem\u00e9nyek kora: Erd\u00e9lyi demokr\u00e1cia 1944\u201348. 1\u20132. k\u00f6t. (\u00f6n\u00e9let\u00edr\u00e1s; Bp., 1990); A megt\u00e9vesztettek. \u00c9letem Erd\u00e9lyben. 1\u20132. k\u00f6t., (1. Gy\u0171l\u00f6letben sz\u00fclettem; Bp., 1992; 2. L\u00e9lekharangok; Bp., 1993); Sz\u00e9kely v\u00e9sz (t\u00f6rt. sz\u00ednj\u00e1t\u00e9k; G\u00f6d\u00f6ll\u0151, 1995); Marosv\u00e1s\u00e1rhelyi kr\u00f3nika: 1900\u20131990 (Bp., 1996); <strong>szerk.:<\/strong> Magyar nyelvtan \u00e9s olvas\u00f3k\u00f6nyv a VII. o. sz\u00e1m\u00e1ra (1962); Bartis Ferenc: Konok szeretet (el\u0151sz\u00f3; Buk., 1970); T\u00edm\u00e1r M\u00e1t\u00e9: Nap\u00e1ldozatja el\u0151tt (el\u0151sz\u00f3; Bp., 1994). <br \/><strong>Irod.:<\/strong> EMKK2010; K\u00e1ntor\u2013L\u00e1ng; KMI; KKACs; Kort\u00e1rs M\u00cdKL; Kusz\u00e1lik; Nekrol\u00f3g (K\u00f6zpont, 2013. febr. 14\u201320)<\/br><\/p>\n","protected":false},"excerpt":{"rendered":"<p>K\u00e9zdiv\u00e1s\u00e1rhely, 1922. nov. 10., \u2020 G\u00f6d\u00f6ll\u0151, 2013. febr. 6: \u00edr\u00f3, \u00fajs\u00e1g\u00edr\u00f3. \u2013 Sz\u00fcl\u0151v\u00e1ros\u00e1ban kezdett tanulni, majd a mv.-i Ref. Koll. ban \u00e9retts\u00e9gizett (1942) ; a BTE k\u00f6zgazdas\u00e1gi kar\u00e1n diplom\u00e1t szerzett (1947), mint egyetemi hallgat\u00f3 a M\u00f3ricz Zsigmond Koll\u00e9gium di\u00e1kigazgat\u00f3ja (1945\u201347) \u00e9s a Vil\u00e1goss\u00e1g riportere. Tan\u00e1r B\u00e1nffyhunyadon a gimn\u00e1ziumban; a Falvak N\u00e9pe ill. a Falvak Dolgoz\u00f3 [&hellip;]<\/p>\n","protected":false},"featured_media":0,"comment_status":"open","ping_status":"closed","template":"","meta":[],"product_brand":[],"product_cat":[137],"product_tag":[],"class_list":{"0":"post-11359","1":"product","2":"type-product","3":"status-publish","5":"product_cat-maros-megyei-eletrajzi-lexikon","7":"first","8":"instock","9":"shipping-taxable","10":"product-type-simple"},"_links":{"self":[{"href":"https:\/\/uj.adatbank.ro\/lexikon\/wp-json\/wp\/v2\/product\/11359","targetHints":{"allow":["GET"]}}],"collection":[{"href":"https:\/\/uj.adatbank.ro\/lexikon\/wp-json\/wp\/v2\/product"}],"about":[{"href":"https:\/\/uj.adatbank.ro\/lexikon\/wp-json\/wp\/v2\/types\/product"}],"replies":[{"embeddable":true,"href":"https:\/\/uj.adatbank.ro\/lexikon\/wp-json\/wp\/v2\/comments?post=11359"}],"wp:attachment":[{"href":"https:\/\/uj.adatbank.ro\/lexikon\/wp-json\/wp\/v2\/media?parent=11359"}],"wp:term":[{"taxonomy":"product_brand","embeddable":true,"href":"https:\/\/uj.adatbank.ro\/lexikon\/wp-json\/wp\/v2\/product_brand?post=11359"},{"taxonomy":"product_cat","embeddable":true,"href":"https:\/\/uj.adatbank.ro\/lexikon\/wp-json\/wp\/v2\/product_cat?post=11359"},{"taxonomy":"product_tag","embeddable":true,"href":"https:\/\/uj.adatbank.ro\/lexikon\/wp-json\/wp\/v2\/product_tag?post=11359"}],"curies":[{"name":"wp","href":"https:\/\/api.w.org\/{rel}","templated":true}]}}

KATONA SZABÓ István; Szabó (1957-ig)

<p>Kézdivásárhely, 1922. nov. 10., † Gödöllő, 2013. febr. 6: író, újságíró. – Szülővárosában kezdett tanulni, majd a mv.-i Ref. Koll. ban érettségizett (1942) ; a BTE közgazdasági karán diplomát szerzett (1947), mint egyetemi hallgató a Móricz Zsigmond Kollégium diákigazgatója (1945–47) és a Világosság riportere. Tanár Bánffyhunyadon a gimnáziumban; a Falvak Népe ill. a Falvak Dolgozó Népe szerkesztője (1948–58); Mv.-en az Új Élet főszerkesztő helyettese (1959–), a szerkesztőbizottság tagja és rovatvezető (1967–), Bp. -re költözött (1986–). Első írása, egy Tolnai Lajos mv.-i tartózkodásáról szóló adattár, Móricz Zsigmond lapjában, a Kelet Népében jelent meg (1941). Találkozásait Móricz Zsigmonddal megírta az Ifjú Erdélynek (1942). A háború után a Világosság, Utunk, Romániai Magyar Szó, Előre, Dolgozó Nő, Igaz Szó, Művelődés, Vörös Zászló, Hargita, Megyei Tükör is közli riportjait, recenzióit, művészeti kritikáit. Gondozásában jelent meg a Móricz-féle Magvető két erdélyi kiadása (1944, 1945); magyar nyelvtant és olvasókönyvet szerkesztett a VII. osztály számára (1962); jelentős riportsorozatai az Új Életben: Száz év után Orbán Balázs nyomában (Bözödi Györggyel, 1968); Negyven év múltán Bözödi György könyve nyomában (1972); Kalotaszegi krónika (1972); A bölcsőhely körül c. alatt Kovács Katona Jenő, Salamon Ernő, Tompa László és Nagy István szülőhelyének bemutatása (1977–78); fordított románból Caragialet, Petru Vintilă : Ki meri megölni a szerlemet ? c színművét amit a mv.-i Állami Színház mutatott be ; összeállította a romániai magyar színészek, képzőművészek és zenészek lexikonát és közölte az Új Életben (1976–77). – <strong>F. m.:</strong> Virágzó élet: Palocsay Rudolf életrajza (Buk., 1955); A dinyecsősz (elb.; Buk., 1955); Farkasjárás (elb.; Buk., 1957); Borika (reg.; Buk., 1959, 1963, 1974); A harmadik kakasszó (kisreg.; Buk., 1963); Borica (Buc., 1964); Vesztett szerelem (reg.; Buk., 1966); Szakítás (reg. Buk., 1973); Elbeszélések (Buk., 1974); A nagy remények kora: Erdélyi demokrácia 1944–48. 1–2. köt. (önéletírás; Bp., 1990); A megtévesztettek. Életem Erdélyben. 1–2. köt., (1. Gyűlöletben születtem; Bp., 1992; 2. Lélekharangok; Bp., 1993); Székely vész (tört. színjáték; Gödöllő, 1995); Marosvásárhelyi krónika: 1900–1990 (Bp., 1996); <strong>szerk.:</strong> Magyar nyelvtan és olvasókönyv a VII. o. számára (1962); Bartis Ferenc: Konok szeretet (előszó; Buk., 1970); Tímár Máté: Napáldozatja előtt (előszó; Bp., 1994). <br /><strong>Irod.:</strong> EMKK2010; Kántor–Láng; KMI; KKACs; Kortárs MÍKL; Kuszálik; Nekrológ (Központ, 2013. febr. 14–20)</br></p>

<p>Kézdivásárhely, 1922. nov. 10., † Gödöllő, 2013. febr. 6: író, újságíró. – Szülővárosában kezdett tanulni, majd a mv.-i Ref. Koll. ban érettségizett (1942) ; a BTE közgazdasági karán diplomát szerzett (1947), mint egyetemi hallgató a Móricz Zsigmond Kollégium diákigazgatója (1945–47) és a Világosság riportere. Tanár Bánffyhunyadon a gimnáziumban; a Falvak Népe ill. a Falvak Dolgozó [&hellip;]</p>
