{"id":11373,"date":"2025-06-29T13:50:52","date_gmt":"2025-06-29T11:50:52","guid":{"rendered":"https:\/\/uj.adatbank.ro\/lexikon\/termek\/katzer-jakab\/"},"modified":"2025-06-29T13:50:52","modified_gmt":"2025-06-29T11:50:52","slug":"katzer-jakab","status":"publish","type":"product","link":"https:\/\/uj.adatbank.ro\/lexikon\/termek\/katzer-jakab\/","title":{"rendered":"KATZER Jakab"},"content":{"rendered":"<p>? \u2020 Mv., 1932 a status quo ante temet\u0151ben nyugszanak a feles\u00e9g\u00e9vel: az ortodox zsid\u00f3 hitk\u00f6zs\u00e9g eln\u00f6ke; Mv. v\u00e1rosi tan\u00e1csosa (1928). A Kossuth u. 59. sz. telek tulajdonosa. P\u00e1linkam\u00e9r\u00e9st \u00fczemeltetett a Maroson \u00e1tvezet\u0151 hidak k\u00f6rny\u00e9k\u00e9n (1887), majd m\u00e9szkeresked\u00e9ssel (1890), rongy- \u00e9s csontgy\u0171jt\u00e9s- \u00e9s keresked\u00e9ssel pr\u00f3b\u00e1lkozott, majd toj\u00e1s- \u00e9s fakeresked\u00e9ssel foglalkozott. Ifj. M\u00f3nus Ferenc tervezte magt\u00e1rat \u00e9s egy lak\u00f3szob\u00e1t \u00e9p\u00edttetett a telken (1900). Csal\u00e1dj\u00e1nak az \u00faj h\u00e1z \u00e9p\u00edt\u00e9s\u00e9t Flesch Adolf v\u00e1rosi f\u0151m\u00e9rn\u00f6k j\u00f3v\u00e1hagy\u00e1s\u00e1val T\u00edm\u00e1r Gy\u00f6rgy k\u0151m\u0171vesmester kivitelezte (1902), \u00edgy emeletes h\u00e1z tulajdonos. Majd Stefk\u00f3 J\u00e1nos tulajdon\u00e1ba ker\u00fclt (1909). Felvetette Mv.-en a Kn\u00f6pfler Vilmos utcai zsinag\u00f3ga \u00e9p\u00edt\u00e9s\u00e9nek terv\u00e9t (1908), de az \u00e9p\u00edtkez\u00e9s csak 1926 \u0151sz\u00e9n kezd\u0151d\u0151tt \u00e9s 1928 ban lett k\u00e9sz. <br \/><strong>Irod.:<\/strong> Id\u0151t\u00e1r 3.; Orb\u00e1n \u2013 Oniga<\/br><\/p>\n","protected":false},"excerpt":{"rendered":"<p>? \u2020 Mv., 1932 a status quo ante temet\u0151ben nyugszanak a feles\u00e9g\u00e9vel: az ortodox zsid\u00f3 hitk\u00f6zs\u00e9g eln\u00f6ke; Mv. v\u00e1rosi tan\u00e1csosa (1928). A Kossuth u. 59. sz. telek tulajdonosa. P\u00e1linkam\u00e9r\u00e9st \u00fczemeltetett a Maroson \u00e1tvezet\u0151 hidak k\u00f6rny\u00e9k\u00e9n (1887), majd m\u00e9szkeresked\u00e9ssel (1890), rongy- \u00e9s csontgy\u0171jt\u00e9s- \u00e9s keresked\u00e9ssel pr\u00f3b\u00e1lkozott, majd toj\u00e1s- \u00e9s fakeresked\u00e9ssel foglalkozott. Ifj. M\u00f3nus Ferenc tervezte magt\u00e1rat [&hellip;]<\/p>\n","protected":false},"featured_media":0,"comment_status":"open","ping_status":"closed","template":"","meta":[],"product_brand":[],"product_cat":[137],"product_tag":[],"class_list":{"0":"post-11373","1":"product","2":"type-product","3":"status-publish","5":"product_cat-maros-megyei-eletrajzi-lexikon","7":"first","8":"instock","9":"shipping-taxable","10":"product-type-simple"},"_links":{"self":[{"href":"https:\/\/uj.adatbank.ro\/lexikon\/wp-json\/wp\/v2\/product\/11373","targetHints":{"allow":["GET"]}}],"collection":[{"href":"https:\/\/uj.adatbank.ro\/lexikon\/wp-json\/wp\/v2\/product"}],"about":[{"href":"https:\/\/uj.adatbank.ro\/lexikon\/wp-json\/wp\/v2\/types\/product"}],"replies":[{"embeddable":true,"href":"https:\/\/uj.adatbank.ro\/lexikon\/wp-json\/wp\/v2\/comments?post=11373"}],"wp:attachment":[{"href":"https:\/\/uj.adatbank.ro\/lexikon\/wp-json\/wp\/v2\/media?parent=11373"}],"wp:term":[{"taxonomy":"product_brand","embeddable":true,"href":"https:\/\/uj.adatbank.ro\/lexikon\/wp-json\/wp\/v2\/product_brand?post=11373"},{"taxonomy":"product_cat","embeddable":true,"href":"https:\/\/uj.adatbank.ro\/lexikon\/wp-json\/wp\/v2\/product_cat?post=11373"},{"taxonomy":"product_tag","embeddable":true,"href":"https:\/\/uj.adatbank.ro\/lexikon\/wp-json\/wp\/v2\/product_tag?post=11373"}],"curies":[{"name":"wp","href":"https:\/\/api.w.org\/{rel}","templated":true}]}}

<p>? † Mv., 1932 a status quo ante temetőben nyugszanak a feleségével: az ortodox zsidó hitközség elnöke; Mv. városi tanácsosa (1928). A Kossuth u. 59. sz. telek tulajdonosa. Pálinkamérést üzemeltetett a Maroson átvezető hidak környékén (1887), majd mészkereskedéssel (1890), rongy- és csontgyűjtés- és kereskedéssel próbálkozott, majd tojás- és fakereskedéssel foglalkozott. Ifj. Mónus Ferenc tervezte magtárat és egy lakószobát építtetett a telken (1900). Családjának az új ház építését Flesch Adolf városi főmérnök jóváhagyásával Tímár György kőművesmester kivitelezte (1902), így emeletes ház tulajdonos. Majd Stefkó János tulajdonába került (1909). Felvetette Mv.-en a Knöpfler Vilmos utcai zsinagóga építésének tervét (1908), de az építkezés csak 1926 őszén kezdődőtt és 1928 ban lett kész. <br /><strong>Irod.:</strong> Időtár 3.; Orbán – Oniga</br></p>

<p>? † Mv., 1932 a status quo ante temetőben nyugszanak a feleségével: az ortodox zsidó hitközség elnöke; Mv. városi tanácsosa (1928). A Kossuth u. 59. sz. telek tulajdonosa. Pálinkamérést üzemeltetett a Maroson átvezető hidak környékén (1887), majd mészkereskedéssel (1890), rongy- és csontgyűjtés- és kereskedéssel próbálkozott, majd tojás- és fakereskedéssel foglalkozott. Ifj. Mónus Ferenc tervezte magtárat [&hellip;]</p>
