{"id":11374,"date":"2025-06-29T13:50:55","date_gmt":"2025-06-29T11:50:55","guid":{"rendered":"https:\/\/uj.adatbank.ro\/lexikon\/termek\/kaucsar-aladar-%c2%a7\/"},"modified":"2025-06-29T13:50:55","modified_gmt":"2025-06-29T11:50:55","slug":"kaucsar-aladar-%c2%a7","status":"publish","type":"product","link":"https:\/\/uj.adatbank.ro\/lexikon\/termek\/kaucsar-aladar-%c2%a7\/","title":{"rendered":"KAUCS\u00c1R Alad\u00e1r, \u00a7"},"content":{"rendered":"<p>Bp., 1898, \u2020 ? : aut\u00f3szerel\u0151, g\u00e9pjav\u00edt\u00f3\u00fczem tulajdonosa. \u2013 Iskol\u00e1it Mv.-en v\u00e9gezte, majd ipart tanult, seg\u00e9d\u00e9veit a legjobb \u00fczemekben t\u00f6lt\u00f6tte \u00e9s Mv.-en volt aut\u00f3- \u00e9s g\u00e9pjav\u00edt\u00f3\u00fczemtulajdonos (1921). R\u00e9szt vett az I. vh.-ban (1916\u201318), a tiszti iskola elv\u00e9gz\u00e9se ut\u00e1n az orosz frontra k\u00fcldt\u00e9k, mint hadapr\u00f3d\u0151rmester szerelt le kit\u00fcntet\u00e9sekkel. Az Iparegyes\u00fclet tagja. <br \/><strong>Irod.:<\/strong> Erd\u00e9lyi ezredek; Sz\u00e9kelyf\u00f6ld \u00ed. k.<\/br><\/p>\n","protected":false},"excerpt":{"rendered":"<p>Bp., 1898, \u2020 ? : aut\u00f3szerel\u0151, g\u00e9pjav\u00edt\u00f3\u00fczem tulajdonosa. \u2013 Iskol\u00e1it Mv.-en v\u00e9gezte, majd ipart tanult, seg\u00e9d\u00e9veit a legjobb \u00fczemekben t\u00f6lt\u00f6tte \u00e9s Mv.-en volt aut\u00f3- \u00e9s g\u00e9pjav\u00edt\u00f3\u00fczemtulajdonos (1921). R\u00e9szt vett az I. vh.-ban (1916\u201318), a tiszti iskola elv\u00e9gz\u00e9se ut\u00e1n az orosz frontra k\u00fcldt\u00e9k, mint hadapr\u00f3d\u0151rmester szerelt le kit\u00fcntet\u00e9sekkel. Az Iparegyes\u00fclet tagja. Irod.: Erd\u00e9lyi ezredek; Sz\u00e9kelyf\u00f6ld \u00ed. [&hellip;]<\/p>\n","protected":false},"featured_media":0,"comment_status":"open","ping_status":"closed","template":"","meta":[],"product_brand":[],"product_cat":[137],"product_tag":[],"class_list":{"0":"post-11374","1":"product","2":"type-product","3":"status-publish","5":"product_cat-maros-megyei-eletrajzi-lexikon","7":"first","8":"instock","9":"shipping-taxable","10":"product-type-simple"},"_links":{"self":[{"href":"https:\/\/uj.adatbank.ro\/lexikon\/wp-json\/wp\/v2\/product\/11374","targetHints":{"allow":["GET"]}}],"collection":[{"href":"https:\/\/uj.adatbank.ro\/lexikon\/wp-json\/wp\/v2\/product"}],"about":[{"href":"https:\/\/uj.adatbank.ro\/lexikon\/wp-json\/wp\/v2\/types\/product"}],"replies":[{"embeddable":true,"href":"https:\/\/uj.adatbank.ro\/lexikon\/wp-json\/wp\/v2\/comments?post=11374"}],"wp:attachment":[{"href":"https:\/\/uj.adatbank.ro\/lexikon\/wp-json\/wp\/v2\/media?parent=11374"}],"wp:term":[{"taxonomy":"product_brand","embeddable":true,"href":"https:\/\/uj.adatbank.ro\/lexikon\/wp-json\/wp\/v2\/product_brand?post=11374"},{"taxonomy":"product_cat","embeddable":true,"href":"https:\/\/uj.adatbank.ro\/lexikon\/wp-json\/wp\/v2\/product_cat?post=11374"},{"taxonomy":"product_tag","embeddable":true,"href":"https:\/\/uj.adatbank.ro\/lexikon\/wp-json\/wp\/v2\/product_tag?post=11374"}],"curies":[{"name":"wp","href":"https:\/\/api.w.org\/{rel}","templated":true}]}}

KAUCSÁR Aladár, §

<p>Bp., 1898, † ? : autószerelő, gépjavítóüzem tulajdonosa. – Iskoláit Mv.-en végezte, majd ipart tanult, segédéveit a legjobb üzemekben töltötte és Mv.-en volt autó- és gépjavítóüzemtulajdonos (1921). Részt vett az I. vh.-ban (1916–18), a tiszti iskola elvégzése után az orosz frontra küldték, mint hadapródőrmester szerelt le kitüntetésekkel. Az Iparegyesület tagja. <br /><strong>Irod.:</strong> Erdélyi ezredek; Székelyföld í. k.</br></p>

<p>Bp., 1898, † ? : autószerelő, gépjavítóüzem tulajdonosa. – Iskoláit Mv.-en végezte, majd ipart tanult, segédéveit a legjobb üzemekben töltötte és Mv.-en volt autó- és gépjavítóüzemtulajdonos (1921). Részt vett az I. vh.-ban (1916–18), a tiszti iskola elvégzése után az orosz frontra küldték, mint hadapródőrmester szerelt le kitüntetésekkel. Az Iparegyesület tagja. Irod.: Erdélyi ezredek; Székelyföld í. [&hellip;]</p>
