{"id":11382,"date":"2025-06-29T13:51:11","date_gmt":"2025-06-29T11:51:11","guid":{"rendered":"https:\/\/uj.adatbank.ro\/lexikon\/termek\/kauppe\/"},"modified":"2025-06-29T13:51:11","modified_gmt":"2025-06-29T11:51:11","slug":"kauppe","status":"publish","type":"product","link":"https:\/\/uj.adatbank.ro\/lexikon\/termek\/kauppe\/","title":{"rendered":"KAUPPE"},"content":{"rendered":"<p>?, \u2020 ? : mv.-i Kaupe Weisz c\u00e9g<br \/><strong>Irod.:<\/strong> A Magyar Korona orsz\u00e1gainak kivitelk\u00e9pes ipartelepei (Bp., 1897)<\/br><\/p>\n","protected":false},"excerpt":{"rendered":"<p>?, \u2020 ? : mv.-i Kaupe Weisz c\u00e9gIrod.: A Magyar Korona orsz\u00e1gainak kivitelk\u00e9pes ipartelepei (Bp., 1897)<\/p>\n","protected":false},"featured_media":0,"comment_status":"open","ping_status":"closed","template":"","meta":[],"product_brand":[],"product_cat":[137],"product_tag":[],"class_list":{"0":"post-11382","1":"product","2":"type-product","3":"status-publish","5":"product_cat-maros-megyei-eletrajzi-lexikon","7":"first","8":"instock","9":"shipping-taxable","10":"product-type-simple"},"_links":{"self":[{"href":"https:\/\/uj.adatbank.ro\/lexikon\/wp-json\/wp\/v2\/product\/11382","targetHints":{"allow":["GET"]}}],"collection":[{"href":"https:\/\/uj.adatbank.ro\/lexikon\/wp-json\/wp\/v2\/product"}],"about":[{"href":"https:\/\/uj.adatbank.ro\/lexikon\/wp-json\/wp\/v2\/types\/product"}],"replies":[{"embeddable":true,"href":"https:\/\/uj.adatbank.ro\/lexikon\/wp-json\/wp\/v2\/comments?post=11382"}],"wp:attachment":[{"href":"https:\/\/uj.adatbank.ro\/lexikon\/wp-json\/wp\/v2\/media?parent=11382"}],"wp:term":[{"taxonomy":"product_brand","embeddable":true,"href":"https:\/\/uj.adatbank.ro\/lexikon\/wp-json\/wp\/v2\/product_brand?post=11382"},{"taxonomy":"product_cat","embeddable":true,"href":"https:\/\/uj.adatbank.ro\/lexikon\/wp-json\/wp\/v2\/product_cat?post=11382"},{"taxonomy":"product_tag","embeddable":true,"href":"https:\/\/uj.adatbank.ro\/lexikon\/wp-json\/wp\/v2\/product_tag?post=11382"}],"curies":[{"name":"wp","href":"https:\/\/api.w.org\/{rel}","templated":true}]}}