{"id":11383,"date":"2025-06-29T13:51:12","date_gmt":"2025-06-29T11:51:12","guid":{"rendered":"https:\/\/uj.adatbank.ro\/lexikon\/termek\/kazai-mihaly\/"},"modified":"2025-06-29T13:51:12","modified_gmt":"2025-06-29T11:51:12","slug":"kazai-mihaly","status":"publish","type":"product","link":"https:\/\/uj.adatbank.ro\/lexikon\/termek\/kazai-mihaly\/","title":{"rendered":"KAZAI Mih\u00e1ly"},"content":{"rendered":"<p>Tarcal, 1722. jan. 31., \u2020 ? : ref. lelk\u00e9sz. \u2013 A mv.-i Koll.-ban teol\u00f3gi\u00e1t hallgatott (1747\u201350). P\u00e1nyi, komj\u00e1ti, hern\u00e1dn\u00e9meti cecei lelk\u00e9sz. Verse: a Miskolci Napl\u00f3ban (1906). <br \/><strong>Irod.:<\/strong> Guly\u00e1s<\/br><\/p>\n","protected":false},"excerpt":{"rendered":"<p>Tarcal, 1722. jan. 31., \u2020 ? : ref. lelk\u00e9sz. \u2013 A mv.-i Koll.-ban teol\u00f3gi\u00e1t hallgatott (1747\u201350). P\u00e1nyi, komj\u00e1ti, hern\u00e1dn\u00e9meti cecei lelk\u00e9sz. Verse: a Miskolci Napl\u00f3ban (1906). Irod.: Guly\u00e1s<\/p>\n","protected":false},"featured_media":0,"comment_status":"open","ping_status":"closed","template":"","meta":[],"product_brand":[],"product_cat":[137],"product_tag":[],"class_list":{"0":"post-11383","1":"product","2":"type-product","3":"status-publish","5":"product_cat-maros-megyei-eletrajzi-lexikon","7":"first","8":"instock","9":"shipping-taxable","10":"product-type-simple"},"_links":{"self":[{"href":"https:\/\/uj.adatbank.ro\/lexikon\/wp-json\/wp\/v2\/product\/11383","targetHints":{"allow":["GET"]}}],"collection":[{"href":"https:\/\/uj.adatbank.ro\/lexikon\/wp-json\/wp\/v2\/product"}],"about":[{"href":"https:\/\/uj.adatbank.ro\/lexikon\/wp-json\/wp\/v2\/types\/product"}],"replies":[{"embeddable":true,"href":"https:\/\/uj.adatbank.ro\/lexikon\/wp-json\/wp\/v2\/comments?post=11383"}],"wp:attachment":[{"href":"https:\/\/uj.adatbank.ro\/lexikon\/wp-json\/wp\/v2\/media?parent=11383"}],"wp:term":[{"taxonomy":"product_brand","embeddable":true,"href":"https:\/\/uj.adatbank.ro\/lexikon\/wp-json\/wp\/v2\/product_brand?post=11383"},{"taxonomy":"product_cat","embeddable":true,"href":"https:\/\/uj.adatbank.ro\/lexikon\/wp-json\/wp\/v2\/product_cat?post=11383"},{"taxonomy":"product_tag","embeddable":true,"href":"https:\/\/uj.adatbank.ro\/lexikon\/wp-json\/wp\/v2\/product_tag?post=11383"}],"curies":[{"name":"wp","href":"https:\/\/api.w.org\/{rel}","templated":true}]}}