{"id":11391,"date":"2025-06-29T13:51:30","date_gmt":"2025-06-29T11:51:30","guid":{"rendered":"https:\/\/uj.adatbank.ro\/lexikon\/termek\/kazatsay-odon\/"},"modified":"2025-06-29T13:51:30","modified_gmt":"2025-06-29T11:51:30","slug":"kazatsay-odon","status":"publish","type":"product","link":"https:\/\/uj.adatbank.ro\/lexikon\/termek\/kazatsay-odon\/","title":{"rendered":"KAZATSAY \u00d6d\u00f6n"},"content":{"rendered":"<p>1930, \u2020 Mv., 1999. nov. 14.: tisztvisel\u0151, keresked\u0151, \u00fczletember. \u2013 A keresked\u0151csal\u00e1d utols\u00f3 mv.-i lesz\u00e1rmazottja, K. Mikl\u00f3s (1884\u20131967) \u00e9s Kiss Vilma fia. Feles\u00e9ge: Ungv\u00e1ri No\u00e9mi. Le\u00e1nyuk: No\u00e9mi (1966\u20131998), dr. Ga\u00e1l Csaba (1965\u2013) feles\u00e9ge Mv.-en. &#8211; Kereskedelmi iskol\u00e1t v\u00e9gzett \u00e9s tisztvisel\u0151 lett. A Megyesfalvi konzervgy\u00e1rban dolgozott. L\u00e1szl\u00f3 J\u00f3zsef volt oszt\u00e1lyt\u00e1rsa feles\u00e9g\u00e9vel (1990) cukr\u00e1szd\u00e1t nyitott a f\u0171szerkeresked\u00e9s hely\u00e9n Caf\u00e9 Bulvar n\u00e9ven, 40\u201350 f\u00e9r\u0151helyet rendeztek be, f\u0151leg iskol\u00e1sok l\u00e1togatt\u00e1k. K\u00f6zbenj\u00e1r\u00e1s\u00e1ra sz\u00fcletett meg a mv.-i P\u00e1ter Bank, m\u0171k\u00f6d\u00f6tt, amig eladt\u00e1k (1995\u20131999). <br \/><strong>Irod.:<\/strong> [Nekrol\u00f3g] (N\u00fa., 1999. nov. 15.); Sipos; Sz\u00e1va; Sz\u00e1va 2012<\/br><\/p>\n","protected":false},"excerpt":{"rendered":"<p>1930, \u2020 Mv., 1999. nov. 14.: tisztvisel\u0151, keresked\u0151, \u00fczletember. \u2013 A keresked\u0151csal\u00e1d utols\u00f3 mv.-i lesz\u00e1rmazottja, K. Mikl\u00f3s (1884\u20131967) \u00e9s Kiss Vilma fia. Feles\u00e9ge: Ungv\u00e1ri No\u00e9mi. Le\u00e1nyuk: No\u00e9mi (1966\u20131998), dr. Ga\u00e1l Csaba (1965\u2013) feles\u00e9ge Mv.-en. &#8211; Kereskedelmi iskol\u00e1t v\u00e9gzett \u00e9s tisztvisel\u0151 lett. A Megyesfalvi konzervgy\u00e1rban dolgozott. L\u00e1szl\u00f3 J\u00f3zsef volt oszt\u00e1lyt\u00e1rsa feles\u00e9g\u00e9vel (1990) cukr\u00e1szd\u00e1t nyitott a f\u0171szerkeresked\u00e9s [&hellip;]<\/p>\n","protected":false},"featured_media":0,"comment_status":"open","ping_status":"closed","template":"","meta":[],"product_brand":[],"product_cat":[137],"product_tag":[],"class_list":{"0":"post-11391","1":"product","2":"type-product","3":"status-publish","5":"product_cat-maros-megyei-eletrajzi-lexikon","7":"first","8":"instock","9":"shipping-taxable","10":"product-type-simple"},"_links":{"self":[{"href":"https:\/\/uj.adatbank.ro\/lexikon\/wp-json\/wp\/v2\/product\/11391","targetHints":{"allow":["GET"]}}],"collection":[{"href":"https:\/\/uj.adatbank.ro\/lexikon\/wp-json\/wp\/v2\/product"}],"about":[{"href":"https:\/\/uj.adatbank.ro\/lexikon\/wp-json\/wp\/v2\/types\/product"}],"replies":[{"embeddable":true,"href":"https:\/\/uj.adatbank.ro\/lexikon\/wp-json\/wp\/v2\/comments?post=11391"}],"wp:attachment":[{"href":"https:\/\/uj.adatbank.ro\/lexikon\/wp-json\/wp\/v2\/media?parent=11391"}],"wp:term":[{"taxonomy":"product_brand","embeddable":true,"href":"https:\/\/uj.adatbank.ro\/lexikon\/wp-json\/wp\/v2\/product_brand?post=11391"},{"taxonomy":"product_cat","embeddable":true,"href":"https:\/\/uj.adatbank.ro\/lexikon\/wp-json\/wp\/v2\/product_cat?post=11391"},{"taxonomy":"product_tag","embeddable":true,"href":"https:\/\/uj.adatbank.ro\/lexikon\/wp-json\/wp\/v2\/product_tag?post=11391"}],"curies":[{"name":"wp","href":"https:\/\/api.w.org\/{rel}","templated":true}]}}