{"id":11393,"date":"2025-06-29T13:51:34","date_gmt":"2025-06-29T11:51:34","guid":{"rendered":"https:\/\/uj.adatbank.ro\/lexikon\/termek\/kazinczy-ferenc\/"},"modified":"2025-06-29T13:51:34","modified_gmt":"2025-06-29T11:51:34","slug":"kazinczy-ferenc","status":"publish","type":"product","link":"https:\/\/uj.adatbank.ro\/lexikon\/termek\/kazinczy-ferenc\/","title":{"rendered":"KAZINCZY Ferenc"},"content":{"rendered":"<p>\u00c9rsemly\u00e9n, 1759. okt. 27., \u2020 Sz\u00e9phalom, 1831. aug. 23.: \u00edr\u00f3, k\u00f6lt\u0151, a m. felvil\u00e1gosod\u00e1s \u00e9s a m. nyelv\u00faj\u00edt\u00f3 mozgalom vez\u00e9re. \u2013 Fia: Lajos. (1820\u201318499 \u2013 Mv.-en is j\u00e1rt (1816. j\u00fal. 8\u20139), a Kem\u00e9ny csal\u00e1dn\u00e1l, a Kazinczy (ma Kog\u0103lniceanu) u. 14.-ben sz\u00e1llt meg. Megtekintette a Teleki T\u00e9k\u00e1t, felkereste a Ref. Koll. k\u00f6nyvt\u00e1r\u00e1t \u00e9s megl\u00e1togatta Aranka Gy\u00f6rgy t\u00e1blab\u00edr\u00f3t, az Erd\u00e9lyi Nyelvm\u0171vel\u0151 T\u00e1rsas\u00e1g titoknok\u00e1t Szentgy\u00f6rgy utcai h\u00e1z\u00e1ban. Teleki S\u00e1muelhez int\u00e9zett level\u00e9ben (1817) nagy elragadtat\u00e1ssal eml\u00e9kezik meg a k\u00f6nyvt\u00e1r \u00e9rt\u00e9keir\u0151l \u00e9s a nagy kancell\u00e1r \u00e1ltal \u00f6sszegy\u0171jt\u00f6tt dr\u00e1ga k\u00f6nyvek sz\u00e1m\u00e1t mintegy 36. 196 k\u00f6tetre becs\u00fclte. Hozz\u00e1 f\u0171z\u0151dik az a nagyszab\u00e1s\u00fa \u00fcnnepi est amelyet Mv. t\u00e1rsadalma gr. Bethlen Farkas eln\u00f6klet\u00e9vel rendezett (1860. jan. 19.) a nagy k\u00f6lt\u0151 eml\u00e9kezet\u00e9re, az \u00f6sszegy\u0171lt p\u00e9nzt arra sz\u00e1nt\u00e1k hogy ut\u00f3dai visszaszerezz\u00e9k Sz\u00e9phalom birtok\u00e1t. Az Ebh\u00e1t utc\u00e1t ahol megsz\u00e1llt a v\u00e1rosi tan\u00e1cs, tisztelet\u00e9re az \u00edr\u00f3r\u00f3l nevezte el (1860). Erd\u00e9lyi l\u00e1togat\u00e1sa sor\u00e1n besz\u00e1mol mv.-i \u00e9lm\u00e9nyein k\u00edv\u00fcl Marosludason, Marosbog\u00e1ton, Radn\u00f3ton, Marosugr\u00e1n, Koronk\u00e1n, Ny\u00e1r\u00e1dszentbenedeken, Gyalakut\u00e1n, Feh\u00e9regyh\u00e1z\u00e1n, Ny\u00e1r\u00e1dszentbenedeken, Marosszentgy\u00f6rgy\u00f6n, L\u00f3con, S\u00e1rdon, B\u00fanban, Segesv\u00e1ron tett l\u00e1togat\u00e1sair\u00f3l, benyom\u00e1sair\u00f3l. Mv.-en utca viselte a nev\u00e9t. \u2013 <strong>F. m.:<\/strong> Erd\u00e9lyi levelek (Bevez. Krist\u00f3f Gy\u00f6rgy. 1\u20132 k\u00f6t. Kv., 1944). V\u00e1logatott munk\u00e1i. (Szerkesztette \u00e9s a bevezet\u0151t \u00edrta Jancs\u00f3 Elem\u00e9r; Buk., 1960); Fogs\u00e1gom napl\u00f3ja. ( Bevezet\u00e9ssel ell\u00e1tta: Jancs\u00f3 Elem\u00e9r; Buk., 1969); Fogs\u00e1gom napl\u00f3ja. (Az el\u0151sz\u00f3t \u00edrta \u00e9s a f\u00fcggel\u00e9ket \u00f6ssze\u00e1ll\u00edtotta: Rohonyi Zolt\u00e1n. (Kv. &#8211; N., 1978); <strong>antol\u00f3g.:<\/strong> Hazai utaz\u00f3k Erd\u00e9lyben (Kv., 1942). <br \/><strong>Irod.:<\/strong> \u201eCsompolya mellett \u0171zik v\u00edg munk\u00e1jokat\u201d = F\u00e9ja; K. F. k\u00f6nyvei Mv.-en=De\u00e9 Nagy Anik\u00f3 2007; Fodor S\u00e1ndor: Erd\u00e9ly leghosszabb \u00e9let\u0171 kaszin\u00f3ja (N\u00fa. Extra: Sz\u00ednes Vil\u00e1g, 28. sz., 2006. j\u00fal. 15.); Id\u0151t\u00e1r 1; Id\u0151t\u00e1r 2, Kelemen; Krist\u00f3f Gy\u00f6rgy: Kazinczy \u00e9s Erd\u00e9ly (Kv, 1932); Kr\u00f3n. F\u00fcz. (1939. 4\/3); Paget; Pesty 2014; Szentgy\u00f6rgyi<\/br><\/p>\n","protected":false},"excerpt":{"rendered":"<p>\u00c9rsemly\u00e9n, 1759. okt. 27., \u2020 Sz\u00e9phalom, 1831. aug. 23.: \u00edr\u00f3, k\u00f6lt\u0151, a m. felvil\u00e1gosod\u00e1s \u00e9s a m. nyelv\u00faj\u00edt\u00f3 mozgalom vez\u00e9re. \u2013 Fia: Lajos. (1820\u201318499 \u2013 Mv.-en is j\u00e1rt (1816. j\u00fal. 8\u20139), a Kem\u00e9ny csal\u00e1dn\u00e1l, a Kazinczy (ma Kog\u0103lniceanu) u. 14.-ben sz\u00e1llt meg. Megtekintette a Teleki T\u00e9k\u00e1t, felkereste a Ref. Koll. k\u00f6nyvt\u00e1r\u00e1t \u00e9s megl\u00e1togatta Aranka Gy\u00f6rgy [&hellip;]<\/p>\n","protected":false},"featured_media":0,"comment_status":"open","ping_status":"closed","template":"","meta":[],"product_brand":[],"product_cat":[137],"product_tag":[],"class_list":{"0":"post-11393","1":"product","2":"type-product","3":"status-publish","5":"product_cat-maros-megyei-eletrajzi-lexikon","7":"first","8":"instock","9":"shipping-taxable","10":"product-type-simple"},"_links":{"self":[{"href":"https:\/\/uj.adatbank.ro\/lexikon\/wp-json\/wp\/v2\/product\/11393","targetHints":{"allow":["GET"]}}],"collection":[{"href":"https:\/\/uj.adatbank.ro\/lexikon\/wp-json\/wp\/v2\/product"}],"about":[{"href":"https:\/\/uj.adatbank.ro\/lexikon\/wp-json\/wp\/v2\/types\/product"}],"replies":[{"embeddable":true,"href":"https:\/\/uj.adatbank.ro\/lexikon\/wp-json\/wp\/v2\/comments?post=11393"}],"wp:attachment":[{"href":"https:\/\/uj.adatbank.ro\/lexikon\/wp-json\/wp\/v2\/media?parent=11393"}],"wp:term":[{"taxonomy":"product_brand","embeddable":true,"href":"https:\/\/uj.adatbank.ro\/lexikon\/wp-json\/wp\/v2\/product_brand?post=11393"},{"taxonomy":"product_cat","embeddable":true,"href":"https:\/\/uj.adatbank.ro\/lexikon\/wp-json\/wp\/v2\/product_cat?post=11393"},{"taxonomy":"product_tag","embeddable":true,"href":"https:\/\/uj.adatbank.ro\/lexikon\/wp-json\/wp\/v2\/product_tag?post=11393"}],"curies":[{"name":"wp","href":"https:\/\/api.w.org\/{rel}","templated":true}]}}