{"id":11395,"date":"2025-06-29T13:51:37","date_gmt":"2025-06-29T11:51:37","guid":{"rendered":"https:\/\/uj.adatbank.ro\/lexikon\/termek\/kecskemeti-janos-ketskemeti-janos\/"},"modified":"2025-06-29T13:51:37","modified_gmt":"2025-06-29T11:51:37","slug":"kecskemeti-janos-ketskemeti-janos","status":"publish","type":"product","link":"https:\/\/uj.adatbank.ro\/lexikon\/termek\/kecskemeti-janos-ketskemeti-janos\/","title":{"rendered":"KECSKEM\u00c9TI J\u00e1nos, Ketskem\u00e9ti J\u00e1nos"},"content":{"rendered":"<p>?, \u2020 ?: tan\u00edt\u00f3, ref. lelk\u00e9sz ?. \u2013 Mv.-en subscrib\u00e1lt (1705). Egrest\u0151n, majd Mez\u0151panitban (1712- ; 1720\u2013), Ny\u00e1r\u00e1dszentann\u00e1n (1715) tan\u00edtott. <br \/><strong>Irod.:<\/strong> Imreh Barna; K\u00f6nyves m\u0171velts\u00e9g; K\u00fck\u00fcll\u0151i Ref. Egyh\u00e1zm. 2., Mez\u0151panit<\/br><\/p>\n","protected":false},"excerpt":{"rendered":"<p>?, \u2020 ?: tan\u00edt\u00f3, ref. lelk\u00e9sz ?. \u2013 Mv.-en subscrib\u00e1lt (1705). Egrest\u0151n, majd Mez\u0151panitban (1712- ; 1720\u2013), Ny\u00e1r\u00e1dszentann\u00e1n (1715) tan\u00edtott. Irod.: Imreh Barna; K\u00f6nyves m\u0171velts\u00e9g; K\u00fck\u00fcll\u0151i Ref. Egyh\u00e1zm. 2., Mez\u0151panit<\/p>\n","protected":false},"featured_media":0,"comment_status":"open","ping_status":"closed","template":"","meta":[],"product_brand":[],"product_cat":[137],"product_tag":[],"class_list":{"0":"post-11395","1":"product","2":"type-product","3":"status-publish","5":"product_cat-maros-megyei-eletrajzi-lexikon","7":"first","8":"instock","9":"shipping-taxable","10":"product-type-simple"},"_links":{"self":[{"href":"https:\/\/uj.adatbank.ro\/lexikon\/wp-json\/wp\/v2\/product\/11395","targetHints":{"allow":["GET"]}}],"collection":[{"href":"https:\/\/uj.adatbank.ro\/lexikon\/wp-json\/wp\/v2\/product"}],"about":[{"href":"https:\/\/uj.adatbank.ro\/lexikon\/wp-json\/wp\/v2\/types\/product"}],"replies":[{"embeddable":true,"href":"https:\/\/uj.adatbank.ro\/lexikon\/wp-json\/wp\/v2\/comments?post=11395"}],"wp:attachment":[{"href":"https:\/\/uj.adatbank.ro\/lexikon\/wp-json\/wp\/v2\/media?parent=11395"}],"wp:term":[{"taxonomy":"product_brand","embeddable":true,"href":"https:\/\/uj.adatbank.ro\/lexikon\/wp-json\/wp\/v2\/product_brand?post=11395"},{"taxonomy":"product_cat","embeddable":true,"href":"https:\/\/uj.adatbank.ro\/lexikon\/wp-json\/wp\/v2\/product_cat?post=11395"},{"taxonomy":"product_tag","embeddable":true,"href":"https:\/\/uj.adatbank.ro\/lexikon\/wp-json\/wp\/v2\/product_tag?post=11395"}],"curies":[{"name":"wp","href":"https:\/\/api.w.org\/{rel}","templated":true}]}}