{"id":11408,"date":"2025-06-29T13:52:07","date_gmt":"2025-06-29T11:52:07","guid":{"rendered":"https:\/\/uj.adatbank.ro\/lexikon\/termek\/kedei-izsak\/"},"modified":"2025-06-29T13:52:07","modified_gmt":"2025-06-29T11:52:07","slug":"kedei-izsak","status":"publish","type":"product","link":"https:\/\/uj.adatbank.ro\/lexikon\/termek\/kedei-izsak\/","title":{"rendered":"KEDEI Izs\u00e1k"},"content":{"rendered":"<p>Rava, 1866., \u2020 ?: gazd\u00e1lkod\u00f3. \u2013 Sz\u00e9kelykereszt\u00faron j\u00e1rt k\u00f6z\u00e9piskol\u00e1ba, majd gazd\u00e1lkod\u00e1st tanult, majd \u00f6n\u00e1ll\u00f3 lett Rav\u00e1ban 70 hold f\u00f6ld\u00f6n folytatott gazd\u00e1lkod\u00e1st \u00e9s haszon\u00e1llatteny\u00e9szt\u00e9st. A MP tagja, k\u00f6zs\u00e9gi p\u00e9nzt\u00e1ros \u00e9s f\u0151b\u00edr\u00f3 volt. <br \/><strong>Irod.:<\/strong> Sz\u00e9kelyf\u00f6ld \u00ed. k<\/br><\/p>\n","protected":false},"excerpt":{"rendered":"<p>Rava, 1866., \u2020 ?: gazd\u00e1lkod\u00f3. \u2013 Sz\u00e9kelykereszt\u00faron j\u00e1rt k\u00f6z\u00e9piskol\u00e1ba, majd gazd\u00e1lkod\u00e1st tanult, majd \u00f6n\u00e1ll\u00f3 lett Rav\u00e1ban 70 hold f\u00f6ld\u00f6n folytatott gazd\u00e1lkod\u00e1st \u00e9s haszon\u00e1llatteny\u00e9szt\u00e9st. A MP tagja, k\u00f6zs\u00e9gi p\u00e9nzt\u00e1ros \u00e9s f\u0151b\u00edr\u00f3 volt. Irod.: Sz\u00e9kelyf\u00f6ld \u00ed. k<\/p>\n","protected":false},"featured_media":0,"comment_status":"open","ping_status":"closed","template":"","meta":[],"product_brand":[],"product_cat":[137],"product_tag":[],"class_list":{"0":"post-11408","1":"product","2":"type-product","3":"status-publish","5":"product_cat-maros-megyei-eletrajzi-lexikon","7":"first","8":"instock","9":"shipping-taxable","10":"product-type-simple"},"_links":{"self":[{"href":"https:\/\/uj.adatbank.ro\/lexikon\/wp-json\/wp\/v2\/product\/11408","targetHints":{"allow":["GET"]}}],"collection":[{"href":"https:\/\/uj.adatbank.ro\/lexikon\/wp-json\/wp\/v2\/product"}],"about":[{"href":"https:\/\/uj.adatbank.ro\/lexikon\/wp-json\/wp\/v2\/types\/product"}],"replies":[{"embeddable":true,"href":"https:\/\/uj.adatbank.ro\/lexikon\/wp-json\/wp\/v2\/comments?post=11408"}],"wp:attachment":[{"href":"https:\/\/uj.adatbank.ro\/lexikon\/wp-json\/wp\/v2\/media?parent=11408"}],"wp:term":[{"taxonomy":"product_brand","embeddable":true,"href":"https:\/\/uj.adatbank.ro\/lexikon\/wp-json\/wp\/v2\/product_brand?post=11408"},{"taxonomy":"product_cat","embeddable":true,"href":"https:\/\/uj.adatbank.ro\/lexikon\/wp-json\/wp\/v2\/product_cat?post=11408"},{"taxonomy":"product_tag","embeddable":true,"href":"https:\/\/uj.adatbank.ro\/lexikon\/wp-json\/wp\/v2\/product_tag?post=11408"}],"curies":[{"name":"wp","href":"https:\/\/api.w.org\/{rel}","templated":true}]}}