{"id":11409,"date":"2025-06-29T13:52:08","date_gmt":"2025-06-29T11:52:08","guid":{"rendered":"https:\/\/uj.adatbank.ro\/lexikon\/termek\/kedei-pal\/"},"modified":"2025-06-29T13:52:08","modified_gmt":"2025-06-29T11:52:08","slug":"kedei-pal","status":"publish","type":"product","link":"https:\/\/uj.adatbank.ro\/lexikon\/termek\/kedei-pal\/","title":{"rendered":"KEDEI P\u00e1l"},"content":{"rendered":"<p>Magyarzs\u00e1kod, 1800 k., \u2020 ?: lelk\u00e9sz. \u2013 Sz\u00e9kelykereszt\u00faron az als\u00f3bb oszt\u00e1lyokban tan\u00edtott, mint fels\u0151s di\u00e1k (1814\u201315). K\u00f6ztan\u00edt\u00f3 \u00e9s senior (1821\u201324). Ny\u00e1r\u00e1dg\u00e1lfalv\u00e1n lelk\u00e9sz (1824\u2013). <br \/><strong>Irod.:<\/strong> Kelemen<\/br><\/p>\n","protected":false},"excerpt":{"rendered":"<p>Magyarzs\u00e1kod, 1800 k., \u2020 ?: lelk\u00e9sz. \u2013 Sz\u00e9kelykereszt\u00faron az als\u00f3bb oszt\u00e1lyokban tan\u00edtott, mint fels\u0151s di\u00e1k (1814\u201315). K\u00f6ztan\u00edt\u00f3 \u00e9s senior (1821\u201324). Ny\u00e1r\u00e1dg\u00e1lfalv\u00e1n lelk\u00e9sz (1824\u2013). Irod.: Kelemen<\/p>\n","protected":false},"featured_media":0,"comment_status":"open","ping_status":"closed","template":"","meta":[],"product_brand":[],"product_cat":[137],"product_tag":[],"class_list":{"0":"post-11409","1":"product","2":"type-product","3":"status-publish","5":"product_cat-maros-megyei-eletrajzi-lexikon","7":"first","8":"instock","9":"shipping-taxable","10":"product-type-simple"},"_links":{"self":[{"href":"https:\/\/uj.adatbank.ro\/lexikon\/wp-json\/wp\/v2\/product\/11409","targetHints":{"allow":["GET"]}}],"collection":[{"href":"https:\/\/uj.adatbank.ro\/lexikon\/wp-json\/wp\/v2\/product"}],"about":[{"href":"https:\/\/uj.adatbank.ro\/lexikon\/wp-json\/wp\/v2\/types\/product"}],"replies":[{"embeddable":true,"href":"https:\/\/uj.adatbank.ro\/lexikon\/wp-json\/wp\/v2\/comments?post=11409"}],"wp:attachment":[{"href":"https:\/\/uj.adatbank.ro\/lexikon\/wp-json\/wp\/v2\/media?parent=11409"}],"wp:term":[{"taxonomy":"product_brand","embeddable":true,"href":"https:\/\/uj.adatbank.ro\/lexikon\/wp-json\/wp\/v2\/product_brand?post=11409"},{"taxonomy":"product_cat","embeddable":true,"href":"https:\/\/uj.adatbank.ro\/lexikon\/wp-json\/wp\/v2\/product_cat?post=11409"},{"taxonomy":"product_tag","embeddable":true,"href":"https:\/\/uj.adatbank.ro\/lexikon\/wp-json\/wp\/v2\/product_tag?post=11409"}],"curies":[{"name":"wp","href":"https:\/\/api.w.org\/{rel}","templated":true}]}}