{"id":11428,"date":"2025-06-29T13:52:45","date_gmt":"2025-06-29T11:52:45","guid":{"rendered":"https:\/\/uj.adatbank.ro\/lexikon\/termek\/keki-bela\/"},"modified":"2025-06-29T13:52:45","modified_gmt":"2025-06-29T11:52:45","slug":"keki-bela","status":"publish","type":"product","link":"https:\/\/uj.adatbank.ro\/lexikon\/termek\/keki-bela\/","title":{"rendered":"K\u00c9KI B\u00e9la"},"content":{"rendered":"<p>Petrozs\u00e9ny, 1907. dec. 30., \u2020 ? : bibliogr\u00e1fus, k\u00f6nyv- \u00e9s k\u00f6nyvt\u00e1rtudom\u00e1nyi szak\u00edr\u00f3, zenekritikus. \u2013 K\u00f6z\u00e9piskol\u00e1it a mv.-i R. K. F\u0151gimn\u00e1ziumban(1926); az egyetemet Kv.-on v\u00e9gezte m. irodalom-pedag\u00f3gia-eszt\u00e9tika szakon. Kv.-on Gy\u00f6rgy Lajos mellett a l\u00edc. k\u00f6nyvt\u00e1r\u00e1ban gyakornok, a P\u00e1sztort\u0171z, majd a Hitel szerkeszt\u0151je, a Kv.-i Egyetemi K\u00f6nyvt\u00e1r titk\u00e1ra (1940\u2013); a h\u00e1bor\u00faban a frontra \u00e9s hadifogs\u00e1gba ker\u00fclt; szakmai tev\u00e9kenys\u00e9g\u00e9t Magyaro.-on folytatta, az OSZK-ban dolgozott (1946\u2013), f\u0151igazgat\u00f3 helyettes (1949\u201352); a Bp.-i M\u0171szaki Egyetem K\u00f6zponti K\u00f6nyvt\u00e1r\u00e1nak oszt\u00e1lyvezet\u0151je (1952\u201368), a k\u00f6nyv- \u00e9s k\u00f6nyvt\u00e1rt\u00f6rt\u00e9net egyetemi el\u0151ad\u00f3ja. K\u00f6nyvismertet\u00e9sei, zene- \u00e9s sz\u00ednikritik\u00e1i : Erd\u00e9lyi M\u00fazeum, Erd\u00e9lyi Helikon, Erd\u00e9lyi Irodalmi Szemle, Hitel, P\u00e1sztort\u0171z, Keleti \u00dajs\u00e1g, Ellenz\u00e9k-ben. &#8211; <strong>F. m.:<\/strong> Az \u00edr\u00e1s t\u0151rt\u00e9nete (Bp., 1971) Lipcs\u00e9ben n\u00e9met\u00fcl is megjelent (1976, 1978); szerk : Mai rom\u00e1n l\u00edra (Bp., 1947) ; Eminescu : V\u00e1logatott versei. <br \/><strong>Irod.:<\/strong> RMIL<\/br><\/p>\n","protected":false},"excerpt":{"rendered":"<p>Petrozs\u00e9ny, 1907. dec. 30., \u2020 ? : bibliogr\u00e1fus, k\u00f6nyv- \u00e9s k\u00f6nyvt\u00e1rtudom\u00e1nyi szak\u00edr\u00f3, zenekritikus. \u2013 K\u00f6z\u00e9piskol\u00e1it a mv.-i R. K. F\u0151gimn\u00e1ziumban(1926); az egyetemet Kv.-on v\u00e9gezte m. irodalom-pedag\u00f3gia-eszt\u00e9tika szakon. Kv.-on Gy\u00f6rgy Lajos mellett a l\u00edc. k\u00f6nyvt\u00e1r\u00e1ban gyakornok, a P\u00e1sztort\u0171z, majd a Hitel szerkeszt\u0151je, a Kv.-i Egyetemi K\u00f6nyvt\u00e1r titk\u00e1ra (1940\u2013); a h\u00e1bor\u00faban a frontra \u00e9s hadifogs\u00e1gba ker\u00fclt; szakmai [&hellip;]<\/p>\n","protected":false},"featured_media":0,"comment_status":"open","ping_status":"closed","template":"","meta":[],"product_brand":[],"product_cat":[137],"product_tag":[],"class_list":{"0":"post-11428","1":"product","2":"type-product","3":"status-publish","5":"product_cat-maros-megyei-eletrajzi-lexikon","7":"first","8":"instock","9":"shipping-taxable","10":"product-type-simple"},"_links":{"self":[{"href":"https:\/\/uj.adatbank.ro\/lexikon\/wp-json\/wp\/v2\/product\/11428","targetHints":{"allow":["GET"]}}],"collection":[{"href":"https:\/\/uj.adatbank.ro\/lexikon\/wp-json\/wp\/v2\/product"}],"about":[{"href":"https:\/\/uj.adatbank.ro\/lexikon\/wp-json\/wp\/v2\/types\/product"}],"replies":[{"embeddable":true,"href":"https:\/\/uj.adatbank.ro\/lexikon\/wp-json\/wp\/v2\/comments?post=11428"}],"wp:attachment":[{"href":"https:\/\/uj.adatbank.ro\/lexikon\/wp-json\/wp\/v2\/media?parent=11428"}],"wp:term":[{"taxonomy":"product_brand","embeddable":true,"href":"https:\/\/uj.adatbank.ro\/lexikon\/wp-json\/wp\/v2\/product_brand?post=11428"},{"taxonomy":"product_cat","embeddable":true,"href":"https:\/\/uj.adatbank.ro\/lexikon\/wp-json\/wp\/v2\/product_cat?post=11428"},{"taxonomy":"product_tag","embeddable":true,"href":"https:\/\/uj.adatbank.ro\/lexikon\/wp-json\/wp\/v2\/product_tag?post=11428"}],"curies":[{"name":"wp","href":"https:\/\/api.w.org\/{rel}","templated":true}]}}