{"id":11455,"date":"2025-06-29T13:53:37","date_gmt":"2025-06-29T11:53:37","guid":{"rendered":"https:\/\/uj.adatbank.ro\/lexikon\/termek\/kelemen-gergely-nagyernyei\/"},"modified":"2025-06-29T13:53:37","modified_gmt":"2025-06-29T11:53:37","slug":"kelemen-gergely-nagyernyei","status":"publish","type":"product","link":"https:\/\/uj.adatbank.ro\/lexikon\/termek\/kelemen-gergely-nagyernyei\/","title":{"rendered":"KELEMEN Gergely, nagyernyei"},"content":{"rendered":"<p>1813.? \u2020 Mv., 1889. j\u00fan. 27.: kir. t\u00e1bai ajt\u00f3n\u00e1ll\u00f3. &#8211; Feles\u00e9ge: szamos\u00fajv\u00e1ri Vir\u00e1gh Anna. Gyermekeik: Mari Csausz B\u00e9l\u00e1n\u00e9; Ilka V\u00e9g Domokosn\u00e9. <br \/><strong>Irod.:<\/strong> Gy\u00e1szjelent\u0151<\/br><\/p>\n","protected":false},"excerpt":{"rendered":"<p>1813.? \u2020 Mv., 1889. j\u00fan. 27.: kir. t\u00e1bai ajt\u00f3n\u00e1ll\u00f3. &#8211; Feles\u00e9ge: szamos\u00fajv\u00e1ri Vir\u00e1gh Anna. Gyermekeik: Mari Csausz B\u00e9l\u00e1n\u00e9; Ilka V\u00e9g Domokosn\u00e9. Irod.: Gy\u00e1szjelent\u0151<\/p>\n","protected":false},"featured_media":0,"comment_status":"open","ping_status":"closed","template":"","meta":[],"product_brand":[],"product_cat":[137],"product_tag":[],"class_list":{"0":"post-11455","1":"product","2":"type-product","3":"status-publish","5":"product_cat-maros-megyei-eletrajzi-lexikon","7":"first","8":"instock","9":"shipping-taxable","10":"product-type-simple"},"_links":{"self":[{"href":"https:\/\/uj.adatbank.ro\/lexikon\/wp-json\/wp\/v2\/product\/11455","targetHints":{"allow":["GET"]}}],"collection":[{"href":"https:\/\/uj.adatbank.ro\/lexikon\/wp-json\/wp\/v2\/product"}],"about":[{"href":"https:\/\/uj.adatbank.ro\/lexikon\/wp-json\/wp\/v2\/types\/product"}],"replies":[{"embeddable":true,"href":"https:\/\/uj.adatbank.ro\/lexikon\/wp-json\/wp\/v2\/comments?post=11455"}],"wp:attachment":[{"href":"https:\/\/uj.adatbank.ro\/lexikon\/wp-json\/wp\/v2\/media?parent=11455"}],"wp:term":[{"taxonomy":"product_brand","embeddable":true,"href":"https:\/\/uj.adatbank.ro\/lexikon\/wp-json\/wp\/v2\/product_brand?post=11455"},{"taxonomy":"product_cat","embeddable":true,"href":"https:\/\/uj.adatbank.ro\/lexikon\/wp-json\/wp\/v2\/product_cat?post=11455"},{"taxonomy":"product_tag","embeddable":true,"href":"https:\/\/uj.adatbank.ro\/lexikon\/wp-json\/wp\/v2\/product_tag?post=11455"}],"curies":[{"name":"wp","href":"https:\/\/api.w.org\/{rel}","templated":true}]}}