{"id":11463,"date":"2025-06-29T13:53:52","date_gmt":"2025-06-29T11:53:52","guid":{"rendered":"https:\/\/uj.adatbank.ro\/lexikon\/termek\/kelemen-imre-emeric\/"},"modified":"2025-06-29T13:53:52","modified_gmt":"2025-06-29T11:53:52","slug":"kelemen-imre-emeric","status":"publish","type":"product","link":"https:\/\/uj.adatbank.ro\/lexikon\/termek\/kelemen-imre-emeric\/","title":{"rendered":"KELEMEN Imre \/ Emeric"},"content":{"rendered":"<p>Homor\u00f3dkar\u00e1csonfalva, 1903. m\u00e1rc. 13., \u2020 Mv., 1991. nov. 18. Okl\u00e1ndon temett\u00e9k el: unit. lelk\u00e9sz. \u2013 Feles\u00e9ge: Bed\u0151 Boriska lelk\u00e9szn\u0151. \u2013 Sz\u00fcl\u0151aluj\u00e1ban kezdte iskolai tanulm\u00e1nyait (1910\u2013), majd a sz\u00e9kelykereszt\u00fari gimn\u00e1ziumban folytatta (1914\u2013), k\u00f6zben elmenek\u00fclt a csal\u00e1d \u00e9s visszat\u00e9rt (1916 dec.), apja k\u00e9r\u00e9s\u00e9re beiratkozott a tan\u00edt\u00f3k\u00e9pz\u0151be (1918\u2013), a rendezetlen politikai \u00e1llapotok miatt kimaradt egy \u00e9vet, majd visszaker\u00fclt a gimn\u00e1ziumba, ahol \u00e9retts\u00e9gizett (1923). Az Unit\u00e1rius Teol\u00f3gi\u00e1t Kv.-on v\u00e9gezte (1923\u201327), itt is folytatta a di\u00e1kkor\u00e1ban megkezdett szertorn\u00e1sz\u00e1st, kiv\u00e1lasztott\u00e1k a p\u00e1rizsi olimpiai r\u00e9sztv\u00e9telre (1924), majd az amsterdami olimpi\u00e1szra, de v\u00e9g\u00fcl csak saj\u00e1t k\u00f6lts\u00e9g\u00e9n vehetett volna r\u00e9szt, errre nem volt fedezete. T\u00f6bb orsz\u00e1gos els\u0151 d\u00edjat, \u00e9rmet, oklevelet nyert tornaversenyeken. Egy \u00e9vet a sz\u00e9kelykereszt\u00fari unit. gimn\u00e1ziumban fel\u00fcgyel\u0151 \u00e9s cimzetes seg\u00e9dpap (1927\u201328), Erzs\u00e9betv\u00e1rosban \u00e9s Medgyesre ker\u00fclt (1928\u201329), Homorod\u00fajfaluba folytatta tev\u00e9kenys\u00e9g\u00e9t (1930\u201333), majd unit. lelk\u00e9sz Okl\u00e1ndon (1933\u201358). K\u00fcl\u00f6nb\u00f6z\u0151 egyes\u00fcleteket szervezett a falusi k\u00f6z\u00f6ss\u00e9g \u00e9rdek\u00e9ben, templomot \u00e9p\u00edtetett Debreczeni L\u00e1szl\u00f3 tervei alapj\u00e1n (1937. m\u00e1j. \u201338. nov.), a k\u00f6rny\u00e9k\u00e9t is \u00fajj\u00e1 rendezte, ifj\u00fas\u00e1gi otthont l\u00e9tes\u00edtett, aut\u00f3sz\u00e1ll\u00edt\u00e1si v\u00e1llalatot hozott l\u00e9tre, feles\u00e9g\u00fcl vette Bed\u0151 Borb\u00e1la teol\u00f3gust (1939). Lipcs\u00e9be menek\u00fclt a csal\u00e1dj\u00e1val (1944\u201345). A M. N\u00e9pi Sz\u00f6vet\u00e9g megb\u00edz\u00e1s\u00e1b\u00f3l az akkori b\u00f6rt\u00f6nt, saj\u00e1tkez\u00fcleg \u00e9s a tanul\u00f3k seg\u00edts\u00e9g\u00e9vel algimn\u00e1ziumm\u00e1 alak\u00edtotta \u00e9s megszervezte az oktat\u00e1st (1945\u201346). A feles\u00e9g\u00e9vel tan\u00edtott is itt a tan\u00fcgyi reformig (1948). Hetekig tart\u00f3 vizsg\u00e1lati fogs\u00e1gban volt a sz\u00e9kelyudvarhelyi szigurancia pinc\u00e9j\u00e9ben (1948). A magyaro.-i 1956-os esem\u00e9nyek ut\u00e1n t\u00f6bb lelk\u00e9sz t\u00e1rs\u00e1val egy\u00fctt letart\u00f3ztatt\u00e1k (1956. nov. 2. \u2013), a mv.-i szekuritat\u00e9n volt, ill. a t\u00f6rv\u00e9nysz\u00e9ki b\u00f6rt\u00f6nben \u0151rizt\u00e9k (\u20131959. m\u00e1rc. 19.-ig) \u00e9s 15 \u00e9vi k\u00e9nyszermunk\u00e1ra it\u00e9lt\u00e9k, Csongor fi\u00e1t is letart\u00f3ztatt\u00e1k \u00e9s szint\u00e9n 15 \u00e9v k\u00e9nyszermunk\u00e1ra it\u00e9lt\u00e9k m\u00e9g 18. \u00e9v\u00e9nek bet\u00f6lt\u00e9se el\u0151tt. Hat \u00e9vet (1964. j\u00fal. 31.-ig) b\u00f6rt\u00f6nben \u00e9s munkat\u00e1borban t\u00f6lt\u00f6tt, \u00f6sszesen 18 helyen, az amnesztiarendelettel szabadult. Ut\u00e1na Lup\u00e9nyba nevezt\u00e9k ki lelk\u00e9sznek nyugd\u00edjaz\u00e1s\u00e1ig (1964. okt. 8. &#8211; 71.). Mv. -re k\u00f6lt\u00f6z\u00f6tt mint nyugd\u00edjas lelk\u00e9sz hal\u00e1l\u00e1ig (1972. febr. \u2013). Egyh\u00e1zi tiszts\u00e9gei: nevel\u00e9s\u00fcgyi bizotts\u00e1gi el\u0151ad\u00f3, lelk\u00e9szk\u00f6ri eln\u00f6k, k\u00f6z\u00fcgyigazgat\u00f3, egyh\u00e1zk\u00f6ri jegyz\u0151, udvarhelyi egyh\u00e1zk\u00f6r esperese. Gyermekei Csongor (1940\u2013), T\u00fcnde (1942\u2013), Hunor (1943\u2013). Az Unit\u00e1rius Sz\u00f3sz\u00e9k c. lap szerk.-je, amely t\u00f6bb \u00edr\u00e1s\u00e1t is k\u00f6z\u00f6lte, \u00edrt a K\u00f6zl\u00f6nybe, Az unit\u00e1rius Egyh\u00e1z, Kereszt\u00e9ny Magvet\u0151, a Brass\u00f3i Lapok c. lapokba. Az okl\u00e1ndi \u00e1ltal\u00e1nos iskola fenn\u00e1ll\u00e1s\u00e1nak 250. \u00e9vfordul\u00f3j\u00e1n felvette a K. I. nev\u00e9t (1994. nov. 5.) \u00e9s eml\u00e9kt\u00e1bl\u00e1t lepleztek le. \u2013 <strong>F. m.:<\/strong> k\u00e9zirat: A kerszt\u00e9ny \u00e9let kapuj\u00e1ban: keresztel\u00e9si besz\u00e9dek; Egybefoly\u00f3 \u00e9letutakn\u00e1l: esket\u00e9si besz\u00e9dek; A l\u00e9lek asztal\u00e1n\u00e1l: urvacsorai besz\u00e9dek; \u0150rhelyemen: \u00fcnnepi besz\u00e9dek; IV. Imre \u00f6n\u00e9letrjz.; Okl\u00e1nd falu \u00e9s az unit. egyh\u00e1z monogr\u00e1fi\u00e1ja; A mi unit\u00e1rius egyh\u00e1zunk: kalauz avagy az unit. f\u00f6ld le\u00edr\u00e1sa (Mv., 1979). <br \/><strong>Irod.:<\/strong> Balint; Bartos 2012; csal\u00e1di inf.; K. I.: IV. Imre \u00f6n\u00e9letrajz [K\u00e9zirat]; Kelemen; [Nekrol\u00f3g] (N\u00fa., 1991. nov. 19.)<\/br><\/p>\n","protected":false},"excerpt":{"rendered":"<p>Homor\u00f3dkar\u00e1csonfalva, 1903. m\u00e1rc. 13., \u2020 Mv., 1991. nov. 18. Okl\u00e1ndon temett\u00e9k el: unit. lelk\u00e9sz. \u2013 Feles\u00e9ge: Bed\u0151 Boriska lelk\u00e9szn\u0151. \u2013 Sz\u00fcl\u0151aluj\u00e1ban kezdte iskolai tanulm\u00e1nyait (1910\u2013), majd a sz\u00e9kelykereszt\u00fari gimn\u00e1ziumban folytatta (1914\u2013), k\u00f6zben elmenek\u00fclt a csal\u00e1d \u00e9s visszat\u00e9rt (1916 dec.), apja k\u00e9r\u00e9s\u00e9re beiratkozott a tan\u00edt\u00f3k\u00e9pz\u0151be (1918\u2013), a rendezetlen politikai \u00e1llapotok miatt kimaradt egy \u00e9vet, majd visszaker\u00fclt [&hellip;]<\/p>\n","protected":false},"featured_media":0,"comment_status":"open","ping_status":"closed","template":"","meta":[],"product_brand":[],"product_cat":[137],"product_tag":[],"class_list":{"0":"post-11463","1":"product","2":"type-product","3":"status-publish","5":"product_cat-maros-megyei-eletrajzi-lexikon","7":"first","8":"instock","9":"shipping-taxable","10":"product-type-simple"},"_links":{"self":[{"href":"https:\/\/uj.adatbank.ro\/lexikon\/wp-json\/wp\/v2\/product\/11463","targetHints":{"allow":["GET"]}}],"collection":[{"href":"https:\/\/uj.adatbank.ro\/lexikon\/wp-json\/wp\/v2\/product"}],"about":[{"href":"https:\/\/uj.adatbank.ro\/lexikon\/wp-json\/wp\/v2\/types\/product"}],"replies":[{"embeddable":true,"href":"https:\/\/uj.adatbank.ro\/lexikon\/wp-json\/wp\/v2\/comments?post=11463"}],"wp:attachment":[{"href":"https:\/\/uj.adatbank.ro\/lexikon\/wp-json\/wp\/v2\/media?parent=11463"}],"wp:term":[{"taxonomy":"product_brand","embeddable":true,"href":"https:\/\/uj.adatbank.ro\/lexikon\/wp-json\/wp\/v2\/product_brand?post=11463"},{"taxonomy":"product_cat","embeddable":true,"href":"https:\/\/uj.adatbank.ro\/lexikon\/wp-json\/wp\/v2\/product_cat?post=11463"},{"taxonomy":"product_tag","embeddable":true,"href":"https:\/\/uj.adatbank.ro\/lexikon\/wp-json\/wp\/v2\/product_tag?post=11463"}],"curies":[{"name":"wp","href":"https:\/\/api.w.org\/{rel}","templated":true}]}}