{"id":11476,"date":"2025-06-29T13:54:20","date_gmt":"2025-06-29T11:54:20","guid":{"rendered":"https:\/\/uj.adatbank.ro\/lexikon\/termek\/kelemen-jozsef\/"},"modified":"2025-06-29T13:54:20","modified_gmt":"2025-06-29T11:54:20","slug":"kelemen-jozsef","status":"publish","type":"product","link":"https:\/\/uj.adatbank.ro\/lexikon\/termek\/kelemen-jozsef\/","title":{"rendered":"KELEMEN J\u00f3zsef"},"content":{"rendered":"<p>Szil\u00e1gycseh, 1813.? \u2020 Mv., 1845. m\u00e1rc. 22.: ref. koll-i tan\u00e1r. \u2013 Borosnyai Luk\u00e1ts J\u00e1nos 46 \u00e9vi szolg\u00e1lata ut\u00e1ni nyugalomba vonul\u00e1s\u00e1val ker\u00fclt a mv.-i Ref. Koll. tan\u00e1ri sz\u00e9k\u00e9be, term\u00e9szetrajzot, f\u00f6ldrajzot valamint n\u00e9met \u00e9s francia nyelveket tan\u00edtott (1844\u201345). Meghalt t\u0171zv\u00e9szben. Hamvai a ref. temet\u0151ben pihennek, Moln\u00e1r S\u00e1muel tan\u00e1r s\u00edrj\u00e1val szemben az \u00fat jobb sz\u00e9l\u00e9n, jeltelen s\u00edrban. <br \/><strong>Irod.:<\/strong> Er\u0151s v\u00e1runk, Koncz; Kr\u00f3n. F\u00fcz. (1939. 4\/6), Lev\u00e9lt\u00e1ri gy\u00e1szj.; P\u00e1l-Antal 2009; P\u00e1lmay J.<\/br><\/p>\n","protected":false},"excerpt":{"rendered":"<p>Szil\u00e1gycseh, 1813.? \u2020 Mv., 1845. m\u00e1rc. 22.: ref. koll-i tan\u00e1r. \u2013 Borosnyai Luk\u00e1ts J\u00e1nos 46 \u00e9vi szolg\u00e1lata ut\u00e1ni nyugalomba vonul\u00e1s\u00e1val ker\u00fclt a mv.-i Ref. Koll. tan\u00e1ri sz\u00e9k\u00e9be, term\u00e9szetrajzot, f\u00f6ldrajzot valamint n\u00e9met \u00e9s francia nyelveket tan\u00edtott (1844\u201345). Meghalt t\u0171zv\u00e9szben. Hamvai a ref. temet\u0151ben pihennek, Moln\u00e1r S\u00e1muel tan\u00e1r s\u00edrj\u00e1val szemben az \u00fat jobb sz\u00e9l\u00e9n, jeltelen s\u00edrban. Irod.: [&hellip;]<\/p>\n","protected":false},"featured_media":0,"comment_status":"open","ping_status":"closed","template":"","meta":[],"product_brand":[],"product_cat":[137],"product_tag":[],"class_list":{"0":"post-11476","1":"product","2":"type-product","3":"status-publish","5":"product_cat-maros-megyei-eletrajzi-lexikon","7":"first","8":"instock","9":"shipping-taxable","10":"product-type-simple"},"_links":{"self":[{"href":"https:\/\/uj.adatbank.ro\/lexikon\/wp-json\/wp\/v2\/product\/11476","targetHints":{"allow":["GET"]}}],"collection":[{"href":"https:\/\/uj.adatbank.ro\/lexikon\/wp-json\/wp\/v2\/product"}],"about":[{"href":"https:\/\/uj.adatbank.ro\/lexikon\/wp-json\/wp\/v2\/types\/product"}],"replies":[{"embeddable":true,"href":"https:\/\/uj.adatbank.ro\/lexikon\/wp-json\/wp\/v2\/comments?post=11476"}],"wp:attachment":[{"href":"https:\/\/uj.adatbank.ro\/lexikon\/wp-json\/wp\/v2\/media?parent=11476"}],"wp:term":[{"taxonomy":"product_brand","embeddable":true,"href":"https:\/\/uj.adatbank.ro\/lexikon\/wp-json\/wp\/v2\/product_brand?post=11476"},{"taxonomy":"product_cat","embeddable":true,"href":"https:\/\/uj.adatbank.ro\/lexikon\/wp-json\/wp\/v2\/product_cat?post=11476"},{"taxonomy":"product_tag","embeddable":true,"href":"https:\/\/uj.adatbank.ro\/lexikon\/wp-json\/wp\/v2\/product_tag?post=11476"}],"curies":[{"name":"wp","href":"https:\/\/api.w.org\/{rel}","templated":true}]}}