{"id":11487,"date":"2025-06-29T13:54:35","date_gmt":"2025-06-29T11:54:35","guid":{"rendered":"https:\/\/uj.adatbank.ro\/lexikon\/termek\/kelemen-lajos-2\/"},"modified":"2025-06-29T13:54:35","modified_gmt":"2025-06-29T11:54:35","slug":"kelemen-lajos-2","status":"publish","type":"product","link":"https:\/\/uj.adatbank.ro\/lexikon\/termek\/kelemen-lajos-2\/","title":{"rendered":"KELEMEN Lajos"},"content":{"rendered":"<p>Abaf\u00e1ja, 1894., \u2020 ?: gazd\u00e1lkod\u00f3. \u2013 Iskol\u00e1it elv\u00e9gezve gazd\u00e1lkodni kezdett. Az els\u0151 vh.-ban \u00f6nk\u00e9nt jelentkezett a 62, gy. ezredhez, az orosz frontra ker\u00fclt, megsebes\u00fclt, majd az olasz frontra vez\u00e9nyelt\u00e9k, ahol ism\u00e9t s\u00falyos sebet kapott. Az I. o. ez\u00fcst, k\u00e9t II. ez\u00fcst, bronz vit. \u00e9r. \u00e9s a K\u00e1rroly Csapatkereszt kit\u00fcntetettje volt. A Hangya p\u00e9nzt\u00e1rosa, minden kultur\u00e1lis \u00e9s hazafias egyes\u00fclet t\u00e1mogat\u00f3ja volt. <br \/><strong>Irod.:<\/strong> Sz\u00e9kelyf\u00f6ld \u00ed. k<\/br><\/p>\n","protected":false},"excerpt":{"rendered":"<p>Abaf\u00e1ja, 1894., \u2020 ?: gazd\u00e1lkod\u00f3. \u2013 Iskol\u00e1it elv\u00e9gezve gazd\u00e1lkodni kezdett. Az els\u0151 vh.-ban \u00f6nk\u00e9nt jelentkezett a 62, gy. ezredhez, az orosz frontra ker\u00fclt, megsebes\u00fclt, majd az olasz frontra vez\u00e9nyelt\u00e9k, ahol ism\u00e9t s\u00falyos sebet kapott. Az I. o. ez\u00fcst, k\u00e9t II. ez\u00fcst, bronz vit. \u00e9r. \u00e9s a K\u00e1rroly Csapatkereszt kit\u00fcntetettje volt. A Hangya p\u00e9nzt\u00e1rosa, minden kultur\u00e1lis [&hellip;]<\/p>\n","protected":false},"featured_media":0,"comment_status":"open","ping_status":"closed","template":"","meta":[],"product_brand":[],"product_cat":[137],"product_tag":[],"class_list":{"0":"post-11487","1":"product","2":"type-product","3":"status-publish","5":"product_cat-maros-megyei-eletrajzi-lexikon","7":"first","8":"instock","9":"shipping-taxable","10":"product-type-simple"},"_links":{"self":[{"href":"https:\/\/uj.adatbank.ro\/lexikon\/wp-json\/wp\/v2\/product\/11487","targetHints":{"allow":["GET"]}}],"collection":[{"href":"https:\/\/uj.adatbank.ro\/lexikon\/wp-json\/wp\/v2\/product"}],"about":[{"href":"https:\/\/uj.adatbank.ro\/lexikon\/wp-json\/wp\/v2\/types\/product"}],"replies":[{"embeddable":true,"href":"https:\/\/uj.adatbank.ro\/lexikon\/wp-json\/wp\/v2\/comments?post=11487"}],"wp:attachment":[{"href":"https:\/\/uj.adatbank.ro\/lexikon\/wp-json\/wp\/v2\/media?parent=11487"}],"wp:term":[{"taxonomy":"product_brand","embeddable":true,"href":"https:\/\/uj.adatbank.ro\/lexikon\/wp-json\/wp\/v2\/product_brand?post=11487"},{"taxonomy":"product_cat","embeddable":true,"href":"https:\/\/uj.adatbank.ro\/lexikon\/wp-json\/wp\/v2\/product_cat?post=11487"},{"taxonomy":"product_tag","embeddable":true,"href":"https:\/\/uj.adatbank.ro\/lexikon\/wp-json\/wp\/v2\/product_tag?post=11487"}],"curies":[{"name":"wp","href":"https:\/\/api.w.org\/{rel}","templated":true}]}}