{"id":11488,"date":"2025-06-29T13:54:36","date_gmt":"2025-06-29T11:54:36","guid":{"rendered":"https:\/\/uj.adatbank.ro\/lexikon\/termek\/kelemen-lajos-3\/"},"modified":"2025-06-29T13:54:36","modified_gmt":"2025-06-29T11:54:36","slug":"kelemen-lajos-3","status":"publish","type":"product","link":"https:\/\/uj.adatbank.ro\/lexikon\/termek\/kelemen-lajos-3\/","title":{"rendered":"KELEMEN Lajos"},"content":{"rendered":"<p>Mv, 1895. \u00e1pr. 15., \u2020 ? : sz\u00edn\u00e9sz. \u2013 P\u00e1ly\u00e1j\u00e1t 1919- ben kezdte. Egyetlen erd\u00e9lyi \u00e9vadj\u00e1n fell\u00e9pett : Temesv\u00e1r, Zilah, Torda, Mv., Brass\u00f3, Nagyenyed, Nagyszeben, K\u00e9zdiv\u00e1s\u00e1rhelyen Feh\u00e9r Imre t\u00e1rsulat\u00e1ban. <strong>F. sz.:<\/strong> Bren\u00f3czy ezredes (Farkas Imre: Gyurkovics fi\u00fak); Tom Nigles (Jakobi: Le\u00e1nyv\u00e1s\u00e1r); \u00d6reg m\u00e9lt\u00f3s\u00e1gos \u00far (Szomah\u00e1zy : Mes\u00e9k az \u00edr\u00f3g\u00e9pr\u0151l); Seress Rezs\u0151-Schreiber Alajos: Cs\u00f3khercegn\u0151; Lajtai-B\u00e9keffy: R\u00e9gi ny\u00e1r. <br \/><strong>Irod.:<\/strong> K\u00f6t\u0151; Sch\u00f6pflin<\/br><\/p>\n","protected":false},"excerpt":{"rendered":"<p>Mv, 1895. \u00e1pr. 15., \u2020 ? : sz\u00edn\u00e9sz. \u2013 P\u00e1ly\u00e1j\u00e1t 1919- ben kezdte. Egyetlen erd\u00e9lyi \u00e9vadj\u00e1n fell\u00e9pett : Temesv\u00e1r, Zilah, Torda, Mv., Brass\u00f3, Nagyenyed, Nagyszeben, K\u00e9zdiv\u00e1s\u00e1rhelyen Feh\u00e9r Imre t\u00e1rsulat\u00e1ban. F. sz.: Bren\u00f3czy ezredes (Farkas Imre: Gyurkovics fi\u00fak); Tom Nigles (Jakobi: Le\u00e1nyv\u00e1s\u00e1r); \u00d6reg m\u00e9lt\u00f3s\u00e1gos \u00far (Szomah\u00e1zy : Mes\u00e9k az \u00edr\u00f3g\u00e9pr\u0151l); Seress Rezs\u0151-Schreiber Alajos: Cs\u00f3khercegn\u0151; Lajtai-B\u00e9keffy: R\u00e9gi [&hellip;]<\/p>\n","protected":false},"featured_media":0,"comment_status":"open","ping_status":"closed","template":"","meta":[],"product_brand":[],"product_cat":[137],"product_tag":[],"class_list":{"0":"post-11488","1":"product","2":"type-product","3":"status-publish","5":"product_cat-maros-megyei-eletrajzi-lexikon","7":"first","8":"instock","9":"shipping-taxable","10":"product-type-simple"},"_links":{"self":[{"href":"https:\/\/uj.adatbank.ro\/lexikon\/wp-json\/wp\/v2\/product\/11488","targetHints":{"allow":["GET"]}}],"collection":[{"href":"https:\/\/uj.adatbank.ro\/lexikon\/wp-json\/wp\/v2\/product"}],"about":[{"href":"https:\/\/uj.adatbank.ro\/lexikon\/wp-json\/wp\/v2\/types\/product"}],"replies":[{"embeddable":true,"href":"https:\/\/uj.adatbank.ro\/lexikon\/wp-json\/wp\/v2\/comments?post=11488"}],"wp:attachment":[{"href":"https:\/\/uj.adatbank.ro\/lexikon\/wp-json\/wp\/v2\/media?parent=11488"}],"wp:term":[{"taxonomy":"product_brand","embeddable":true,"href":"https:\/\/uj.adatbank.ro\/lexikon\/wp-json\/wp\/v2\/product_brand?post=11488"},{"taxonomy":"product_cat","embeddable":true,"href":"https:\/\/uj.adatbank.ro\/lexikon\/wp-json\/wp\/v2\/product_cat?post=11488"},{"taxonomy":"product_tag","embeddable":true,"href":"https:\/\/uj.adatbank.ro\/lexikon\/wp-json\/wp\/v2\/product_tag?post=11488"}],"curies":[{"name":"wp","href":"https:\/\/api.w.org\/{rel}","templated":true}]}}