{"id":11489,"date":"2025-06-29T13:54:37","date_gmt":"2025-06-29T11:54:37","guid":{"rendered":"https:\/\/uj.adatbank.ro\/lexikon\/termek\/kelemen-lajos-%c2%a7\/"},"modified":"2025-06-29T13:54:37","modified_gmt":"2025-06-29T11:54:37","slug":"kelemen-lajos-%c2%a7","status":"publish","type":"product","link":"https:\/\/uj.adatbank.ro\/lexikon\/termek\/kelemen-lajos-%c2%a7\/","title":{"rendered":"KELEMEN Lajos, \u00a7"},"content":{"rendered":"<p>nagyernyei; \u00cdr\u00f3i nevei: Ernyei Kelemen, Ernyei Mikl\u00f3s, Marossz\u00e9ki, Rovint\u00f3, Suhint\u00f3, Sz\u00e9kely Rovint\u00f3, V\u00e1s\u00e1rhelyi Mikl\u00f3s. Mv., 1877. szept. 30., \u2020 Kv., 1963. j\u00fal. 29. a H\u00e1zsong\u00e1rdi temet\u0151ben nyugszik: t\u00f6rt\u00e9n\u00e9sz, m\u0171vel\u0151d\u00e9s-m\u0171v\u00e9szett\u00f6rt\u00e9n\u00e9sz, lev\u00e9lt\u00e1ros, tan\u00e1r. \u2013 K. Mikl\u00f3s it\u00e9l\u0151t\u00e1blai irodatiszt (\u20201917) \u00e9s albisi Csom\u00f3ss Johanna Janka fia. \u2013 Az apja kezdte tan\u00edtani \u00edrni, majd felv\u00e9teli vizsga ut\u00e1n a mv.-i Ref. Koll. II. elemi oszt. -ba ker\u00fclt \u00e9s itt v\u00e9gezte a k\u00f6z\u00e9piskolai tanulm\u00e1nyait (1885\u201396). Kor\u00e1n jelentkez\u0151 t\u00f6rt\u00e9nelmi \u00e9rdekl\u0151d\u00e9s\u00e9t tan\u00e1ra Koncz J\u00f3zsef t\u00e1pl\u00e1lta. M\u00e1r IV. gimnazista kor\u00e1t\u00f3l gyalogszerrel j\u00e1rta Erd\u00e9ly falvait, hogy azok t\u00f6rt\u00e9nelmi, n\u00e9prajzi, m\u0171v\u00e9szeti nevezetess\u00e9geit megismerje. A kv.-i egyetem t\u00f6rt\u00e9nelem-f\u00f6ldrajz szak\u00e1n v\u00e9gzett Sz\u00e1deczky Lajos tan\u00edtv\u00e1nyak\u00e9nt (1896\u20131901), k\u00f6zben nevel\u0151k\u00e9nt tartotta fenn mag\u00e1t. Egyetemi \u00e9vei alatt alakult ki szenved\u00e9lye a lev\u00e9lt\u00e1ri kutat\u00f3munka ir\u00e1nt, \u00edgy az Erd\u00e9lyi M\u00fazeum k\u00f6nyvt\u00e1r\u00e1ban kapott napid\u00edjas \u00e1ll\u00e1st (1902\u201307). Mivel v\u00e9gleges kinevez\u00e9se k\u00e9sett a kv.-i Unit. Koll.-ban v\u00e1llalt tan\u00e1ri \u00e1ll\u00e1st (1907\u201318). T\u00edz \u00e9ven \u00e1t titk\u00e1ra volt az EME-nek (1909\u201318). Lev\u00e9lt\u00e1ros lett az Erd\u00e9lyi M\u00fazeumn\u00e1l nyugd\u00edjaz\u00e1s\u00e1ig. A lev\u00e9lt\u00e1r rendez\u00e9s\u00e9vel, fejleszt\u00e9s\u00e9vel, feldolgoz\u00e1s\u00e1val munk\u00e1lkodott. Gy\u0171jt\u0151munk\u00e1ja nyom\u00e1n alakult ki az EME milli\u00f3s lev\u00e9lt\u00e1ra, \u00e9let\u00e9nek term\u00e9keny \u00e9veit a kall\u00f3d\u00f3 lev\u00e9lt\u00e1ri anyagok megment\u00e9s\u00e9nek \u00e9s k\u00f6zgy\u0171jtem\u00e9nybe helyez\u00e9s\u00e9nek, a lev\u00e9lt\u00e1r fejleszt\u00e9s\u00e9nek \u00e9s rendez\u00e9s\u00e9nek, anyaga felhaszn\u00e1l\u00e1s\u00e1nak \u00e9s feldolgoz\u00e1s\u00e1nak szentelte; nyugd\u00edjazt\u00e1k (1938). Vallom\u00e1sa: \u201e\u00c9n nem p\u00e9nz\u00e9rt, hanem a haz\u00e1m\u00e9rt \u00e9s nemzetem\u00e9rt, fajt\u00e1m kincsei\u00e9rt dolgoztam\u201d. Az MTA k\u00fcls\u0151 tagj\u00e1v\u00e1 v\u00e1lasztott\u00e1k (1938), Corvin-l\u00e1nccal t\u00fcntett\u00e9k ki. Kinevezt\u00e9k az Erd\u00e9lyi Nemzeti M\u00fazeum f\u0151igazgat\u00f3j\u00e1v\u00e1 v\u00e9gleges nyugd\u00edjaz\u00e1s\u00e1ig (1940). Tov\u00e1bbra is bej\u00e1rt a lev\u00e9lt\u00e1rba (\u20131960). Erd\u00e9ly m\u00faltj\u00e1nak e sz\u00e1zadbeli legjobb ismer\u0151je volt. Kutat\u00e1s\u00e1val a r\u00e9szletekbe m\u00e9lyedt, eldugott falusi eml\u00e9kek, a g\u00f3tika, renesz\u00e1nsz \u00e9s barokk helyi m\u0171helyei, sz\u00e1mos n\u00e9pi m\u0171v\u00e9szeti \u00e1g alkot\u00e1sai, ismert, de f\u0151leg ismeretlen m\u0171v\u00e9szi \u00e9rt\u00e9kek elevenedtek meg vizsg\u00e1l\u00f3d\u00e1sai nyom\u00e1n. \u00d6r\u00f6ks\u00e9ge kiindul\u00f3pont a tov\u00e1bbi kutat\u00e1s sz\u00e1m\u00e1ra. F\u00e9lsz\u00e1zad \u00f3ta eddig is alig k\u00e9sz\u00fclt el munka Erd\u00e9ly t\u00f6rt\u00e9net\u00e9vel kapcsolatban, amely ne t\u00e1maszkodn\u00e9k \u00f6nzetlen seg\u00edt\u0151k\u00e9szs\u00e9g\u00e9re. \u00c9l\u0151sz\u00f3ban \u00e9s \u00edr\u00e1sban adta \u00e1t ismeretei kincsest\u00e1r\u00e1b\u00f3l a k\u00e9rt adatokat; k\u00f6teteket kitev\u0151 levelez\u00e9se is jelent\u0151s szaktudom\u00e1nyi \u00e9rt\u00e9ket k\u00e9pvisel. \u00c9lm\u00e9ny volt hallgatni szabadel\u0151ad\u00e1sait, ahogy Kv. k\u00f6veit, Erd\u00e9ly falvait \u00e9s v\u00e1rosait, v\u00e1rak \u00e9s templomok \u00f3don falait bemutatta. Munk\u00e1ss\u00e1ga, szaktud\u00e1sa \u00e9s seg\u00edt\u0151k\u00e9szs\u00e9ge nagy hat\u00e1ssal volt kort\u00e1rsaira: t\u00f6rt\u00e9nettudom\u00e1nyi k\u00f6zpontt\u00e1 v\u00e1lt, egy\u00e9nis\u00e9ge pedig p\u00e9ldamutat\u00f3v\u00e1 az \u00fajabb nemzed\u00e9keknek. Gy\u0171jt\u0151munk\u00e1ja nyom\u00e1n alakult ki az EME milli\u00f3s kv.-i gy\u0171jtem\u00e9nye. Ma az Akad\u00e9mia T\u00f6rt\u00e9neti Lev\u00e9lt\u00e1rak\u00e9nt szolg\u00e1lja a tudom\u00e1nyos kutat\u00e1st. \u00e9s \u00e9let\u00e9nek kimagasl\u00f3 \u00e9rdeme. Lev\u00e9lt\u00e1ri f\u0151igazgat\u00f3. Gazdag k\u00f6z\u00e9leti tev\u00e9kenys\u00e9ge sor\u00e1n egy \u00e9vtizedig az EME titk\u00e1ra volt; hetvenedik sz\u00fclet\u00e9snapja alkalm\u00e1val az Erd\u00e9lyi M\u00fazeum foly\u00f3irat k\u00f6tete eml\u00e9kk\u00f6nyvk\u00e9nt jelent meg (1947); nyolcvanadik sz\u00fclet\u00e9snapj\u00e1n a RNK I. o. Munka\u00e9rdemrendj\u00e9vel t\u00fcntett\u00e9k ki \u00e9s \u00fajabb eml\u00e9kk\u00f6nyvvel k\u00f6sz\u00f6nt\u00f6tt\u00e9k tisztel\u0151i: Kelemen Lajos sz\u00fclet\u00e9s\u00e9nek 80. \u00e9vfordul\u00f3j\u00e1ra (1957). Soksz\u00e1z tanulm\u00e1nya, cikke, adatk\u00f6zl\u00e9se m\u00e9lyrehat\u00f3 lev\u00e9lt\u00e1ri kutat\u00e1sainak eredm\u00e9nyek\u00e9nt jelent meg, csal\u00e1dt\u00f6rt\u00e9neti, m\u0171v\u00e9szeti \u00e9s m\u0171vel\u0151d\u00e9st\u00f6rt\u00e9neti t\u00e1rgyk\u00f6rb\u0151l k\u00f6z\u00f6lte az: Erd\u00e9ly, Genealogiai f\u00fczetek, Erd\u00e9lyi M\u00fazeum, Kv.-i Unit\u00e1rius Koll\u00e9gium \u00c9rtes\u00edt\u0151je, Az EME Mv. -t 1906. j\u00fan. 4\u20135 napj\u00e1n tartott els\u0151 v\u00e1ndorgy\u0171l\u00e9s\u00e9nek Eml\u00e9kk\u00f6nyve, M\u0171v\u00e9szet, Dolgozatok az Erd\u00e9lyi Nemzeti M\u00fazeum \u00c9rem- \u00e9s R\u00e9gis\u00e9gt\u00e1r\u00e1b\u00f3l, P\u00e1sztort\u0171z, Kolozsv\u00e1ri Szemle, Magyar K\u00f6nyvszemle, Erd\u00e9lyi Protest\u00e1ns Lapok, Erd\u00e9lyi Irodalmi Szemle, Magyar Polg\u00e1r, Ellenz\u00e9k, Kereszt\u00e9ny Magvet\u0151, Unit\u00e1rius K\u00f6zl\u00f6ny. Az MTA tiszteletbeli (1938) \u00e9s k\u00fcltagj\u00e1v\u00e1 v\u00e1lasztotta (1962). <strong>Kit\u00fcntet\u00e9sei:<\/strong> Corvin-l\u00e1nc (1940), az RNK I. o. Munka\u00e9rdemrendje (1957). Tisztelet\u00e9re alakult Kv.-on a K. L. M\u0171eml\u00e9kv\u00e9d\u0151 T\u00e1rsas\u00e1g (1990. jan. 21.). <strong>F. m.:<\/strong> Kolozsv\u00e1ri kalauz (Kv., 1902); Kv.-i kalauz (Fodor J\u00e1nossal; Kv., 1903); Nagy Szab\u00f3 Ferenc ifj\u00fakora (Kv., 1906); Bod P\u00e9ter levelei (Kv., 1907); Erd\u00e9ly le\u00edr\u00e1sa 1639-b\u0151l (Bp., 1907); A mv.-i temet\u0151 legr\u00e9gibb s\u00edrk\u00f6vei (Kv., 1909, 1913); Az Erd\u00e9lyi M\u00fazeum Egyes\u00fclet m\u00faltja \u00e9s jelenje (Kv., 1909); Teleki Mih\u00e1ly temetkez\u00e9se \/ Dr. P\u00f3sta B\u00e9la, Kelemen Lajos, ifj. Bi\u00e1s Istv\u00e1n (Kv., 1913); Herm\u00e1nyi Dienes J\u00f3zsef eml\u00e9kiratai (Clluj-Kv, 1925); Radn\u00f3tf\u00e1ja t\u00f6rt\u00e9nete (Kv., 1942); ); Az Erd\u00e9lyi M\u00fazeum Egyes\u00fclet t\u00f6rt\u00e9nete (Kv., 1942); Kolozsv\u00e1r t\u00f6rt\u00e9nete (Bp., 1942); Kolozsv\u00e1r k\u00f6zvetlen k\u00f6rny\u00e9k\u00e9nek t\u00f6rt\u00e9nelmi \u00e9s m\u0171eml\u00e9kei (Kv., 1943); Kalotaszeg t\u00f6rt\u00e9nelmi \u00e9s m\u0171eml\u00e9kei (Kv., 1944); Erd\u00e9lyi magyar templomi karzat- \u00e9s mennyezetfestm\u00e9nyek a XVII. sz. -b\u00f3l (Kv., 1945); M\u0171v\u00e9szett\u00f6rt\u00e9neti tanulm\u00e1nyok. 1\u20132. (Kiad. B. Nagy Margit; Buk., 1977; 1982; Buk., 1984); Kolozsv\u00e1r (\u00d6ssze\u00e1ll. B\u00e1lint Istv\u00e1n J\u00e1nos (Bp., 1989); Sz\u00fclettem Mv. -t: \u00d6n\u00e9letrajzi feljegyz\u00e9sek (\u00d6ssze\u00e1ll. bev., jegyz. Ga\u00e1l Gy\u00f6rgy; Kv., 1993); A magyar irodalom \u00e9s irodalomtudom\u00e1ny bibliogr\u00e1fi\u00e1ja, 1966\u20131970 \/ Szerk. Pajkossy Gy\u00f6rgy; 2. k\u00f6t. (Bp., 1996); Dr. Gid\u00f3falvy Istv\u00e1n: \u00c9letrajz (Kv., 2002); M\u0171vel\u0151d\u00e9st\u00f6rt\u00e9neti tanulm\u00e1nyok 1\u20132. (Gondozta Sas P\u00e9ter; Kv., 2006, 2007); M\u0171v\u00e9szett\u00f6rt\u00e9neti tanulm\u00e1nyok (Kv., 2007); K\u00e9ziratt\u00e1ri \u00e9rt\u00e9keink \/ K\u00f6zz\u00e9teszi B. Nagy Margit (Kv., 2010.); antolog.: Kelemen Lajos (1877\u20131963) = K. L. Mv. m\u00faltj\u00e1b\u00f3l = Mv. \u00e9s v\u00e1rtemploma \/Szerk: Medvigy Endre (Bp., 1990); Marossz\u00e9ki hat\u00e1rnevek a XVI \u00e9s XVII. sz\u00e1zadban (SzOkl, 6., 1897); Nagy Szab\u00f3 Ferenc ifj\u00fakora = EME Mv. -t 1906. j\u00fan. 4\u20135. napj\u00e1n tartott els\u0151 v\u00e1ndorgy\u0171l\u00e9s\u00e9nek eml\u00e9kk\u00f6nyve (Kv., 1906); A kv.-i Szent Mih\u00e1ly egyh\u00e1z (Kv., 1924), Erd\u00e9lyi almanach (Bp., 1924); Erd\u00e9lyi n\u00e9pm\u0171v\u00e9szek albuma (Kv., 1927); Ki volt Orb\u00e1n Bal\u00e1zs ? : Eml\u00e9kez\u00e9s a legnagyobb sz\u00e9kelyre sz\u00fclet\u00e9s\u00e9nek 100. \u00e9vfordul\u00f3j\u00e1n (Sz\u00e9kelyudvarhely., 1929); K\u0151v\u00e1ry L\u00e1szl\u00f3 = K. L. A s\u00f6v\u00e9nyfalvi ref. egyh\u00e1z h\u00edmz\u00e9se = Podhorszky-P\u00e1lfi S\u00e1ndor: Erd\u00e9lyi N\u00e9pm\u0171v\u00e9szetek albuma: Magyar n\u00e9pm\u0171v\u00e9szet 2. kiad. (Cluj-Kv., 1927); K. L. Az Erd\u00e9lyi M\u00fazeum Egyes\u00fclet t\u00f6rt\u00e9nete = Eml\u00e9kk\u00f6nyv az Erd\u00e9lyi M\u00fazeum Egyes\u00fclet f\u00e9lsz\u00e1zados \u00fcnnep\u00e9re 1859\u20131909. (Kv., 1942); K. L. Kv. t\u00f6rt\u00e9nete = M\u0171v\u00e9szeti hetek (Kv., 1942); K. L. T\u00fari Jobb\u00e1gy K\u00e1roly fest\u0151m\u0171v\u00e9sz = Lyka K\u00e1roly eml\u00e9kk\u00f6nyv (Bp., 1944); Mv. \u00e9s V\u00e1rtemploma (=K. L.: Mv. m\u00faltj\u00e1b\u00f3l; Bp., 1990); <strong>szerk.:<\/strong> Bi\u00e1s Istv\u00e1n: Unit\u00e1rius egyh\u00e1zt\u00f6rt\u00e9neti adatok (el\u0151sz\u00f3. Kv., 1910); D\u00e1niel G\u00e1bor: \u00dajabb adatt\u00e1r a vargyasi Daniel csal\u00e1d t\u00f6rt\u00e9net\u00e9hez (Kv., 1913); Herm\u00e1nyi Dienes J\u00f3zsef eml\u00e9kiratai (Kv., 1925); B\u00e1r\u00f3 B\u00e1nffy J\u00e1nosn\u00e9 Wessel\u00e9nyi J\u00f3zefa eml\u00e9kirata az 1848\u201349.-i \u00e9lm\u00e9nyeir\u0151l (Kv., 1931); k\u00e9ziratai: XVI.\u2013XVII. sz\u00e1zadi anyaggy\u0171jt\u00e9se a Sz\u00e9kely Oklev\u00e9lt\u00e1r IX. k\u00f6tet\u00e9hez; az Erd\u00e9lyi M\u00fazeum k\u00e9ziratt\u00e1r\u00e1nak r\u00f6vid ismertet\u00e9se; Csal\u00e1dt\u00f6rt\u00e9neti adatgy\u0171jtem\u00e9ny \u00e9s lesz\u00e1rmaz\u00e1si t\u00e1bl\u00e1k; Kv. legr\u00e9gibb polg\u00e1rk\u00f6nyv\u00e9nek teljes m\u00e1solata; Kv. XVI-XVII. sz\u00e1zadi tan\u00e1csjegyz\u0151k\u00f6nyveinek \u00e9p\u00edt\u00e9st\u00f6rt\u00e9neti, valamint orsz\u00e1gos \u00e9s v\u00e1rost\u00f6rt\u00e9neti vonatkoz\u00e1s\u00fa hat\u00e1rozata. <br \/><strong>Irod.:<\/strong> A XX. sz\u00e1zad kr\u00f3nik\u00e1ja \/. (Bp., 1994): Besz\u00e9l a k\u0151; K. L.; B. Nagy Margit: A m\u0171v\u00e9szett\u00f6rt\u00e9n\u00e9sz Kelemen Lajos = \u00c9vek 1100-b\u00f3l; Benk\u0151 Samu: A rom\u00e1niai magyar tudom\u00e1ny helyzete \u00e9s az Erd\u00e9lyi M\u00fazeum-Egyes\u00fclet feladatai. (Bp., 1993): K. L.; B\u00edr\u00f3 J\u00f3zsef; B\u00edr\u00f3 J\u00f3zsef: K. L. hatvan \u00e9ves = B\u00edr\u00f3 J\u00f3zsef: Erd\u00e9ly besz\u00e9l\u0151 k\u00f6vei(Kv., 2008); Clujeni ai sec. XX ; Cseh Guszt\u00e1v: Hatvan f\u0151ember (Bp., 1993): K. L.; Cseke P\u00e9ter: Vigy\u00e1z\u00f3 torony (Buk, 1995); Csetri Elek: A di\u00e1k K. L. ( A H\u00e9t, 1982. m\u00e1j. 7.); Csetri Elek: K. L. \u00e9lete \u00e9s munk\u00e1ss\u00e1ga\/ Sajt\u00f3 al\u00e1 rendezte J\u00e1n\u00f3 Mih\u00e1ly (Kv., 2012); Csetri Elek: K. L. (M\u0171vel\u0151d\u00e9s, 4. sz., 2010.); Cseke P\u00e9ter: Metafor\u00e1t\u00f3l az \u00e9let fel\u00e9: Kisebbs\u00e9gi nyilv\u00e1noss\u00e9g: Tanulm\u00e1nyok (Buk., Kv., 1997); D\u00e1n\u00e9 Tibor: Egy igaz ember, Kelemen; Kelemen Lajos 80 esztend\u0151s = Kelemen Lajos 2006; De\u00e9 Nagy Anik\u00f3 2001; Az EME h\u00e1romnegyedsz\u00e1zados tudom\u00e1nyos m\u0171k\u00f6d\u00e9se (Kv., 1937); EM; EMKE; Eml\u00e9kk\u00f6nyv K. L. sz\u00fclet\u00e9s\u00e9nek nyolcvanadik \u00e9vfordul\u00f3j\u00e1ra (Kv. -Buk., 1957); Erd\u00e9lyi L. 1991; Erd\u00e9lyi L 2009, (Foto. 1958); Fornade; F\u00fcl\u00f6p\u2013Ferencz; Ga\u00e1l; Ga\u00e1l 2001; Ga\u00e1l Gy\u00f6rgy: A nem csak legend\u00e1kban \u00e9l\u0151 K. L. (Helikon, 2008., 2. sz.); Ga\u00e1l Gy\u00f6rgy: A tollforgat\u00f3 K. L. (Helikon, 2011. m\u00e1j. 25.; 2011. aug. 10.); G\u00e1l Korn\u00e9lia: K. L. eml\u00e9kezete (V. Z., 1973. aug. 12.); G\u00e1ldi L\u00e1szl\u00f3: Siebenb\u00fcrgen im Aufbau der ungarischen Kultur (Bp. &#8211; Leipzig-Milano, s. a.); Gergely P\u00e1l: Sz\u00e9kely vil\u00e1gj\u00e1r\u00f3k (Bp., 1940); Guly\u00e1s; Gy\u00e1szjelent\u0151; H\u00e1zsong\u00e1rd; Hivat\u00e1s \u00e9s tudom\u00e1ny; Id\u0151t\u00e1r 2; Id\u0151t\u00e1r 3; Jak\u00f3 1976; Jak\u00f3 Zsigmond: K. L. (1877\u20131963) = Erd\u00e9lyi csillagok: \u00dajabb arcok Erd\u00e9ly szellemi m\u00faltj\u00e1b\u00f3l (Bp., 1990); J\u00e1n\u00f3 Mih\u00e1ly: K. L. (1877\u20131963) napl\u00f3jegyzetei az erd\u00e9lyi falfestm\u00e9nyekr\u0151l (Sz\u00e9kelyf\u00f6ld, 1. sz., 2011. jan.); J\u00e1ray Fekete Katalin: Minden k\u0151p\u00e1rk\u00e1nyt, k\u00fari\u00e1t, kast\u00e9lyt. (N\u00fa., 1992. nov. 11.); Katona Szab\u00f3 2001; Kelemen; Kiss Andr\u00e1s: K. L., a lev\u00e9lt\u00e1ros = Eml\u00e9kk. Szab\u00f3 Mikl\u00f3s; Kelemen; K. L. hetvenedik sz\u00fclet\u00e9snapj\u00e1ra a f\u00e9lsz\u00e1zados munkat\u00e1rsnak aj\u00e1nlja tisztelettel \u00e9s h\u00e1l\u00e1val az Erd\u00e9lyi M\u00fazeum (Kv., 1948); K. L. M\u0171v. t\u00f6rt. tan. 1; Kozocsa S\u00e1ndor: Az 1933. -ik \u00e9v irodalomt\u00f6rt\u00e9neti munk\u00e1ss\u00e1ga (Bp., 1934); Kusz\u00e1lik; L\u00e9sty\u00e1n \u2013 templomok; Magyar \u00e9let a r\u00e9gi Buk. -ben: Levelest\u00e1r a XIX. sz. m\u00e1sodik fel\u00e9b\u0151l; Marosi-KZST; M\u00e2ndru\u021b, Stelian: Istoria modern\u0103 \u0219i contemporan\u0103 a Rom\u00e2niei, reflectat\u0103 in periodicele maghiare de specialitate 1945\/1995. bibliografie selectiv\u0103: Cluj N., 1996); K. L. M\u00e9hes Gy\u00f6rgy: \u00d6regek kincse az eml\u00e9kez\u00e9s (Hitel 9. sz., 2003); M\u00c9L; MIB; Mik\u00f3 Imre: Akik el\u0151tt\u00fcnk j\u00e1rtak (Buk., 1976); Mik\u00f3 Imre: A csendes Pet\u0151fi utca. (kv., 1978); Mik\u00f3 Zsuzsanna: ,., \u00c9n nem p\u00e9nz\u00e9rt, hanem a haz\u00e1m\u00e9rt \u00e9s nemzetem\u00e9rt, fajt\u00e1m kincsei\u00e9rt dolgoztam, =; Magyar Erd\u00e9lyben; MNL; Moln\u00e1r; Nagy \u00d6d\u00f6n; Nagy P\u00e1l: Itthoni k\u00f6nyv; Osv\u00e1th; P\u00e1lmay; P\u00e9ter 2006; Pint\u00e9r; Pomog\u00e1ts 1.; Pomog\u00e1ts B\u00e9la: Erd\u00e9lyi m. irodalomt\u00f6rt\u00e9net-\u00edr\u00e1s, 1920\u20131944 (Helikon, 2008., 2. sz.); Predescu; RMIL 2. k\u00f6t.; Rugonfalvi Kiss; R\u00daL; Sas P\u00e9ter: K. L. \u00e9lete \u00e9s munk\u00e1ss\u00e1ga = Kelemen Lajos 2006; Sas P\u00e9ter: K. L. Helye \u00e9s szerepe az erd\u00e9lyi magyar tudom\u00e1nyoss\u00e1g els\u0151 vil\u00e1gh\u00e1bor\u00fa ut\u00e1ni paradigmav\u00e1lt\u00e1s\u00e1ban = Kelemen Lajos 2009; Sas P\u00e9ter: K. L. v\u00e9grendelete (Korunk, 7. sz., 2009); Sas P\u00e9ter: Erd\u00e9ly legend\u00e1s lev\u00e9lt\u00e1rosa (Bp., 2009) ezt meg k\u00e9ne n\u00e9zni!!; Sas P\u00e9ter: K. L. kiadatlan \u00f6ssze\u00edr\u00e1saib\u00f3l (M\u0171vel\u0151d\u00e9s, 10. sz., 2011.); Szab\u00f3 T. Attila: K. L. tudom\u00e1\u00adnyos munk\u00e1ss\u00e1g\u00e1nak negyven \u00e9ve (Kv., 1938); Szab\u00f3 T. Attila: Az EME t\u00f6rt\u00e9nete \u00e9s feladatai (Kv., 1942); Szab\u00f3 T. Attila: M\u00f3ricz Zsigmond \u00e9s K. L. tal\u00e1lkoz\u00e1sai = M\u00f3ricz Zsigmond k\u00f6z\u00f6tt\u00fcnk (v\u00e1log., el\u0151sz\u00f3, jegyz. K\u00e1ntor Lajos; Buk., 1979); Szab\u00f3 T. Attila: K. L. \u00e9lete \u00e9s munk\u00e1ss\u00e1ga = K. L. M\u0171v. t\u00f6rt. tan. 1; Tavaszy S\u00e1ndor: K. L. (Erd\u00e9lyi M\u00fazeum, 1947.); Todea 2013; Transilvania; \u00daM\u00c9L; \u00dcnnepi k\u00f6nyv;  Vita Zsigmond: K. L. k\u00f6zelk\u00e9pben (N\u00fa., M\u00fazsa, 109. sz., 1993. aug. 12.)<\/br><\/p>\n","protected":false},"excerpt":{"rendered":"<p>nagyernyei; \u00cdr\u00f3i nevei: Ernyei Kelemen, Ernyei Mikl\u00f3s, Marossz\u00e9ki, Rovint\u00f3, Suhint\u00f3, Sz\u00e9kely Rovint\u00f3, V\u00e1s\u00e1rhelyi Mikl\u00f3s. Mv., 1877. szept. 30., \u2020 Kv., 1963. j\u00fal. 29. a H\u00e1zsong\u00e1rdi temet\u0151ben nyugszik: t\u00f6rt\u00e9n\u00e9sz, m\u0171vel\u0151d\u00e9s-m\u0171v\u00e9szett\u00f6rt\u00e9n\u00e9sz, lev\u00e9lt\u00e1ros, tan\u00e1r. \u2013 K. Mikl\u00f3s it\u00e9l\u0151t\u00e1blai irodatiszt (\u20201917) \u00e9s albisi Csom\u00f3ss Johanna Janka fia. \u2013 Az apja kezdte tan\u00edtani \u00edrni, majd felv\u00e9teli vizsga ut\u00e1n a mv.-i [&hellip;]<\/p>\n","protected":false},"featured_media":0,"comment_status":"open","ping_status":"closed","template":"","meta":[],"product_brand":[],"product_cat":[137],"product_tag":[],"class_list":{"0":"post-11489","1":"product","2":"type-product","3":"status-publish","5":"product_cat-maros-megyei-eletrajzi-lexikon","7":"first","8":"instock","9":"shipping-taxable","10":"product-type-simple"},"_links":{"self":[{"href":"https:\/\/uj.adatbank.ro\/lexikon\/wp-json\/wp\/v2\/product\/11489","targetHints":{"allow":["GET"]}}],"collection":[{"href":"https:\/\/uj.adatbank.ro\/lexikon\/wp-json\/wp\/v2\/product"}],"about":[{"href":"https:\/\/uj.adatbank.ro\/lexikon\/wp-json\/wp\/v2\/types\/product"}],"replies":[{"embeddable":true,"href":"https:\/\/uj.adatbank.ro\/lexikon\/wp-json\/wp\/v2\/comments?post=11489"}],"wp:attachment":[{"href":"https:\/\/uj.adatbank.ro\/lexikon\/wp-json\/wp\/v2\/media?parent=11489"}],"wp:term":[{"taxonomy":"product_brand","embeddable":true,"href":"https:\/\/uj.adatbank.ro\/lexikon\/wp-json\/wp\/v2\/product_brand?post=11489"},{"taxonomy":"product_cat","embeddable":true,"href":"https:\/\/uj.adatbank.ro\/lexikon\/wp-json\/wp\/v2\/product_cat?post=11489"},{"taxonomy":"product_tag","embeddable":true,"href":"https:\/\/uj.adatbank.ro\/lexikon\/wp-json\/wp\/v2\/product_tag?post=11489"}],"curies":[{"name":"wp","href":"https:\/\/api.w.org\/{rel}","templated":true}]}}