{"id":11492,"date":"2025-06-29T13:54:45","date_gmt":"2025-06-29T11:54:45","guid":{"rendered":"https:\/\/uj.adatbank.ro\/lexikon\/termek\/kelemen-laszlo-nagyernyei\/"},"modified":"2025-06-29T13:54:45","modified_gmt":"2025-06-29T11:54:45","slug":"kelemen-laszlo-nagyernyei","status":"publish","type":"product","link":"https:\/\/uj.adatbank.ro\/lexikon\/termek\/kelemen-laszlo-nagyernyei\/","title":{"rendered":"KELEMEN L\u00e1szl\u00f3, nagyernyei"},"content":{"rendered":"<p>? 1842. j\u00fan. 27., \u2020 ? 1893. m\u00e1j. 1.: t\u00f6rv\u00e9nysz\u00e9ki b\u00edr\u00f3 Mv.-en <br \/><strong>Irod.:<\/strong> [Gy\u00e1szh\u00edr] (Marosv\u00e1s\u00e1rhely, 1893. m\u00e1j. 3.); P\u00e1lmay J\u00f3zsef<\/br><\/p>\n","protected":false},"excerpt":{"rendered":"<p>? 1842. j\u00fan. 27., \u2020 ? 1893. m\u00e1j. 1.: t\u00f6rv\u00e9nysz\u00e9ki b\u00edr\u00f3 Mv.-en Irod.: [Gy\u00e1szh\u00edr] (Marosv\u00e1s\u00e1rhely, 1893. m\u00e1j. 3.); P\u00e1lmay J\u00f3zsef<\/p>\n","protected":false},"featured_media":0,"comment_status":"open","ping_status":"closed","template":"","meta":[],"product_brand":[],"product_cat":[137],"product_tag":[],"class_list":{"0":"post-11492","1":"product","2":"type-product","3":"status-publish","5":"product_cat-maros-megyei-eletrajzi-lexikon","7":"first","8":"instock","9":"shipping-taxable","10":"product-type-simple"},"_links":{"self":[{"href":"https:\/\/uj.adatbank.ro\/lexikon\/wp-json\/wp\/v2\/product\/11492","targetHints":{"allow":["GET"]}}],"collection":[{"href":"https:\/\/uj.adatbank.ro\/lexikon\/wp-json\/wp\/v2\/product"}],"about":[{"href":"https:\/\/uj.adatbank.ro\/lexikon\/wp-json\/wp\/v2\/types\/product"}],"replies":[{"embeddable":true,"href":"https:\/\/uj.adatbank.ro\/lexikon\/wp-json\/wp\/v2\/comments?post=11492"}],"wp:attachment":[{"href":"https:\/\/uj.adatbank.ro\/lexikon\/wp-json\/wp\/v2\/media?parent=11492"}],"wp:term":[{"taxonomy":"product_brand","embeddable":true,"href":"https:\/\/uj.adatbank.ro\/lexikon\/wp-json\/wp\/v2\/product_brand?post=11492"},{"taxonomy":"product_cat","embeddable":true,"href":"https:\/\/uj.adatbank.ro\/lexikon\/wp-json\/wp\/v2\/product_cat?post=11492"},{"taxonomy":"product_tag","embeddable":true,"href":"https:\/\/uj.adatbank.ro\/lexikon\/wp-json\/wp\/v2\/product_tag?post=11492"}],"curies":[{"name":"wp","href":"https:\/\/api.w.org\/{rel}","templated":true}]}}