{"id":11493,"date":"2025-06-29T13:54:47","date_gmt":"2025-06-29T11:54:47","guid":{"rendered":"https:\/\/uj.adatbank.ro\/lexikon\/termek\/kelemen-laszlo-nagyernyei-2\/"},"modified":"2025-06-29T13:54:47","modified_gmt":"2025-06-29T11:54:47","slug":"kelemen-laszlo-nagyernyei-2","status":"publish","type":"product","link":"https:\/\/uj.adatbank.ro\/lexikon\/termek\/kelemen-laszlo-nagyernyei-2\/","title":{"rendered":"KELEMEN L\u00e1szl\u00f3, nagyernyei"},"content":{"rendered":"<p>B\u00e9k\u00e9s, 1882, \u2020 Kv., 1938. aug. 30. Mv.-en temett\u00e9k: b\u00edr\u00f3, t\u00f6rv\u00e9nysz\u00e9ki eln\u00f6k. \u2013 Feles\u00e9ge: farkaslaki Hints Ilona, H. Albert v\u00e1rosi tisztvisel\u0151 le\u00e1nya. Fiaik: K. L\u00e1szl\u00f3, f\u0151orvos, professzo; Zsombor m\u00e9rn\u00f6k; Atilla orvos, el\u0151ad\u00f3tan\u00e1r. C \u2013 Tanulm\u00e1nyait a kv.-i egyetemen v\u00e9gezte, Beszterc\u00e9re majd Szebenbe nevezt\u00e9k ki, mert tudott rom\u00e1nul \u00e9s n\u00e9met\u00fcl, azut\u00e1n Mv. -re ker\u00fcl a t\u00f6rv\u00e9nysz\u00e9kre (1904). Az imperium v\u00e1ltoz\u00e1s ut\u00e1n (1918\u2013) egy ideig rakt\u00e1ri munk\u00e1s Sz\u00e9kely \u00e9s R\u00e9tin\u00e9l, majd kinevezt\u00e9k b\u00edr\u00f3nak a mv-i t\u00f6rv\u00e9nysz\u00e9kre, ahol hal\u00e1l\u00e1ig m\u0171k\u00f6d\u00f6tt. A Marosi Ref. Egyh\u00e1zker\u00fclet tan\u00e1csb\u00edr\u00e1ja volt. <br \/><strong>Irod.:<\/strong> Csekme; Gy\u00e1szjelent\u0151; C\u00edmere=Mv.-i ref. temet\u0151;. Kiss\u2013P\u00e9terffy\u2013P\u00e9terffy; Sipos; Sz\u00e9kelyf\u00f6ld \u00ed. k.<\/br><\/p>\n","protected":false},"excerpt":{"rendered":"<p>B\u00e9k\u00e9s, 1882, \u2020 Kv., 1938. aug. 30. Mv.-en temett\u00e9k: b\u00edr\u00f3, t\u00f6rv\u00e9nysz\u00e9ki eln\u00f6k. \u2013 Feles\u00e9ge: farkaslaki Hints Ilona, H. Albert v\u00e1rosi tisztvisel\u0151 le\u00e1nya. Fiaik: K. L\u00e1szl\u00f3, f\u0151orvos, professzo; Zsombor m\u00e9rn\u00f6k; Atilla orvos, el\u0151ad\u00f3tan\u00e1r. C \u2013 Tanulm\u00e1nyait a kv.-i egyetemen v\u00e9gezte, Beszterc\u00e9re majd Szebenbe nevezt\u00e9k ki, mert tudott rom\u00e1nul \u00e9s n\u00e9met\u00fcl, azut\u00e1n Mv. -re ker\u00fcl a t\u00f6rv\u00e9nysz\u00e9kre [&hellip;]<\/p>\n","protected":false},"featured_media":0,"comment_status":"open","ping_status":"closed","template":"","meta":[],"product_brand":[],"product_cat":[137],"product_tag":[],"class_list":{"0":"post-11493","1":"product","2":"type-product","3":"status-publish","5":"product_cat-maros-megyei-eletrajzi-lexikon","7":"first","8":"instock","9":"shipping-taxable","10":"product-type-simple"},"_links":{"self":[{"href":"https:\/\/uj.adatbank.ro\/lexikon\/wp-json\/wp\/v2\/product\/11493","targetHints":{"allow":["GET"]}}],"collection":[{"href":"https:\/\/uj.adatbank.ro\/lexikon\/wp-json\/wp\/v2\/product"}],"about":[{"href":"https:\/\/uj.adatbank.ro\/lexikon\/wp-json\/wp\/v2\/types\/product"}],"replies":[{"embeddable":true,"href":"https:\/\/uj.adatbank.ro\/lexikon\/wp-json\/wp\/v2\/comments?post=11493"}],"wp:attachment":[{"href":"https:\/\/uj.adatbank.ro\/lexikon\/wp-json\/wp\/v2\/media?parent=11493"}],"wp:term":[{"taxonomy":"product_brand","embeddable":true,"href":"https:\/\/uj.adatbank.ro\/lexikon\/wp-json\/wp\/v2\/product_brand?post=11493"},{"taxonomy":"product_cat","embeddable":true,"href":"https:\/\/uj.adatbank.ro\/lexikon\/wp-json\/wp\/v2\/product_cat?post=11493"},{"taxonomy":"product_tag","embeddable":true,"href":"https:\/\/uj.adatbank.ro\/lexikon\/wp-json\/wp\/v2\/product_tag?post=11493"}],"curies":[{"name":"wp","href":"https:\/\/api.w.org\/{rel}","templated":true}]}}