{"id":11504,"date":"2025-06-29T13:55:15","date_gmt":"2025-06-29T11:55:15","guid":{"rendered":"https:\/\/uj.adatbank.ro\/lexikon\/termek\/kelemen-miklos-2\/"},"modified":"2025-06-29T13:55:15","modified_gmt":"2025-06-29T11:55:15","slug":"kelemen-miklos-2","status":"publish","type":"product","link":"https:\/\/uj.adatbank.ro\/lexikon\/termek\/kelemen-miklos-2\/","title":{"rendered":"KELEMEN Mikl\u00f3s"},"content":{"rendered":"<p>Mv., 1888. \u2020 Szeged, 1973. j\u00fal. 15.: vas\u00fati fel\u00fcgyel\u0151. \u2013 Apja: Mikl\u00f3s (\u20201917), anyja Csom\u00f3s Johanna. Feles\u00e9ge: L\u00f6ffler M\u00e1ria. \u2013 Kv.-on tanult. Mint jegyz\u0151-gyakornok kezdett dolgozni. Az els\u0151 vil\u00e1gh\u00e1bor\u00fa alatt a vas\u00fat szolg\u00e1lat\u00e1ban \u00e1llt, M\u00c1V fel\u00fcgyel\u0151 Szegeden (1940-ig), Kv.-on (1940\u201344), Bp.-en (1944\u201345), majd \u00fajra Szegeden (1945\u2013) dolgozott. <br \/><strong>Irod.:<\/strong> Kelemen<\/br><\/p>\n","protected":false},"excerpt":{"rendered":"<p>Mv., 1888. \u2020 Szeged, 1973. j\u00fal. 15.: vas\u00fati fel\u00fcgyel\u0151. \u2013 Apja: Mikl\u00f3s (\u20201917), anyja Csom\u00f3s Johanna. Feles\u00e9ge: L\u00f6ffler M\u00e1ria. \u2013 Kv.-on tanult. Mint jegyz\u0151-gyakornok kezdett dolgozni. Az els\u0151 vil\u00e1gh\u00e1bor\u00fa alatt a vas\u00fat szolg\u00e1lat\u00e1ban \u00e1llt, M\u00c1V fel\u00fcgyel\u0151 Szegeden (1940-ig), Kv.-on (1940\u201344), Bp.-en (1944\u201345), majd \u00fajra Szegeden (1945\u2013) dolgozott. Irod.: Kelemen<\/p>\n","protected":false},"featured_media":0,"comment_status":"open","ping_status":"closed","template":"","meta":[],"product_brand":[],"product_cat":[137],"product_tag":[],"class_list":{"0":"post-11504","1":"product","2":"type-product","3":"status-publish","5":"product_cat-maros-megyei-eletrajzi-lexikon","7":"first","8":"instock","9":"shipping-taxable","10":"product-type-simple"},"_links":{"self":[{"href":"https:\/\/uj.adatbank.ro\/lexikon\/wp-json\/wp\/v2\/product\/11504","targetHints":{"allow":["GET"]}}],"collection":[{"href":"https:\/\/uj.adatbank.ro\/lexikon\/wp-json\/wp\/v2\/product"}],"about":[{"href":"https:\/\/uj.adatbank.ro\/lexikon\/wp-json\/wp\/v2\/types\/product"}],"replies":[{"embeddable":true,"href":"https:\/\/uj.adatbank.ro\/lexikon\/wp-json\/wp\/v2\/comments?post=11504"}],"wp:attachment":[{"href":"https:\/\/uj.adatbank.ro\/lexikon\/wp-json\/wp\/v2\/media?parent=11504"}],"wp:term":[{"taxonomy":"product_brand","embeddable":true,"href":"https:\/\/uj.adatbank.ro\/lexikon\/wp-json\/wp\/v2\/product_brand?post=11504"},{"taxonomy":"product_cat","embeddable":true,"href":"https:\/\/uj.adatbank.ro\/lexikon\/wp-json\/wp\/v2\/product_cat?post=11504"},{"taxonomy":"product_tag","embeddable":true,"href":"https:\/\/uj.adatbank.ro\/lexikon\/wp-json\/wp\/v2\/product_tag?post=11504"}],"curies":[{"name":"wp","href":"https:\/\/api.w.org\/{rel}","templated":true}]}}