{"id":11506,"date":"2025-06-29T13:55:17","date_gmt":"2025-06-29T11:55:17","guid":{"rendered":"https:\/\/uj.adatbank.ro\/lexikon\/termek\/kelemen-miklos-nagyernyei-2\/"},"modified":"2025-06-29T13:55:17","modified_gmt":"2025-06-29T11:55:17","slug":"kelemen-miklos-nagyernyei-2","status":"publish","type":"product","link":"https:\/\/uj.adatbank.ro\/lexikon\/termek\/kelemen-miklos-nagyernyei-2\/","title":{"rendered":"KELEMEN Mikl\u00f3s, nagyernyei"},"content":{"rendered":"<p>? 1896., \u2020 ?: igazgat\u00f3-tan\u00edt\u00f3. &#8211; Feles\u00e9ge: Albisi Csomoss Janka (\u2020 Mv., 1936. j\u00fal. 17), testv\u00e9re Albisi Csomoss Jen\u0151 (\u2020 Mv., ?: ). Tan\u00edt\u00f3i oklevel\u00e9nek elnyer\u00e9se ut\u00e1n Nagyenyeden, Mez\u0151t\u00faron, Vajdaszentiv\u00e1nyon tan\u00edtott majd k\u00e9nyszernyugd\u00edjaz\u00e1sa ut\u00e1n Galamb\u00f3don gazd\u00e1lkodott. Hazafias \u00e9s kult\u00far int\u00e9zm\u00e9nyeknek lelkes t\u00e1mogat\u00f3ja volt. \u2013 Irod. Kelemen; Kelemen Lajos 2006; Sz\u00e9kelyf\u00f6ld \u00ed. k<\/br><\/p>\n","protected":false},"excerpt":{"rendered":"<p>? 1896., \u2020 ?: igazgat\u00f3-tan\u00edt\u00f3. &#8211; Feles\u00e9ge: Albisi Csomoss Janka (\u2020 Mv., 1936. j\u00fal. 17), testv\u00e9re Albisi Csomoss Jen\u0151 (\u2020 Mv., ?: ). Tan\u00edt\u00f3i oklevel\u00e9nek elnyer\u00e9se ut\u00e1n Nagyenyeden, Mez\u0151t\u00faron, Vajdaszentiv\u00e1nyon tan\u00edtott majd k\u00e9nyszernyugd\u00edjaz\u00e1sa ut\u00e1n Galamb\u00f3don gazd\u00e1lkodott. Hazafias \u00e9s kult\u00far int\u00e9zm\u00e9nyeknek lelkes t\u00e1mogat\u00f3ja volt. \u2013 Irod. Kelemen; Kelemen Lajos 2006; Sz\u00e9kelyf\u00f6ld \u00ed. k<\/p>\n","protected":false},"featured_media":0,"comment_status":"open","ping_status":"closed","template":"","meta":[],"product_brand":[],"product_cat":[137],"product_tag":[],"class_list":{"0":"post-11506","1":"product","2":"type-product","3":"status-publish","5":"product_cat-maros-megyei-eletrajzi-lexikon","7":"first","8":"instock","9":"shipping-taxable","10":"product-type-simple"},"_links":{"self":[{"href":"https:\/\/uj.adatbank.ro\/lexikon\/wp-json\/wp\/v2\/product\/11506","targetHints":{"allow":["GET"]}}],"collection":[{"href":"https:\/\/uj.adatbank.ro\/lexikon\/wp-json\/wp\/v2\/product"}],"about":[{"href":"https:\/\/uj.adatbank.ro\/lexikon\/wp-json\/wp\/v2\/types\/product"}],"replies":[{"embeddable":true,"href":"https:\/\/uj.adatbank.ro\/lexikon\/wp-json\/wp\/v2\/comments?post=11506"}],"wp:attachment":[{"href":"https:\/\/uj.adatbank.ro\/lexikon\/wp-json\/wp\/v2\/media?parent=11506"}],"wp:term":[{"taxonomy":"product_brand","embeddable":true,"href":"https:\/\/uj.adatbank.ro\/lexikon\/wp-json\/wp\/v2\/product_brand?post=11506"},{"taxonomy":"product_cat","embeddable":true,"href":"https:\/\/uj.adatbank.ro\/lexikon\/wp-json\/wp\/v2\/product_cat?post=11506"},{"taxonomy":"product_tag","embeddable":true,"href":"https:\/\/uj.adatbank.ro\/lexikon\/wp-json\/wp\/v2\/product_tag?post=11506"}],"curies":[{"name":"wp","href":"https:\/\/api.w.org\/{rel}","templated":true}]}}