{"id":11513,"date":"2025-06-29T13:55:32","date_gmt":"2025-06-29T11:55:32","guid":{"rendered":"https:\/\/uj.adatbank.ro\/lexikon\/termek\/kelemen-zsigmond-kebelei\/"},"modified":"2025-06-29T13:55:32","modified_gmt":"2025-06-29T11:55:32","slug":"kelemen-zsigmond-kebelei","status":"publish","type":"product","link":"https:\/\/uj.adatbank.ro\/lexikon\/termek\/kelemen-zsigmond-kebelei\/","title":{"rendered":"KELEMEN Zsigmond, kebelei"},"content":{"rendered":"<p>? \u2020 ? : f\u0151b\u00edr\u00f3. \u2013 Esk\u00fcdt polg\u00e1r (1731\u2013), doh\u00e1nyf\u00f6ldi fel\u00fcgyel\u0151 (1739), k\u00f6zv\u00e1dl\u00f3 (1742), Mv. f\u0151b\u00edr\u00f3ja (1748\u201349). <br \/><strong>Irod.:<\/strong> Fodor\u2013Bal\u00e1s, Id\u0151t\u00e1r 1; P\u00e1l-Antal 2006<\/br><\/p>\n","protected":false},"excerpt":{"rendered":"<p>? \u2020 ? : f\u0151b\u00edr\u00f3. \u2013 Esk\u00fcdt polg\u00e1r (1731\u2013), doh\u00e1nyf\u00f6ldi fel\u00fcgyel\u0151 (1739), k\u00f6zv\u00e1dl\u00f3 (1742), Mv. f\u0151b\u00edr\u00f3ja (1748\u201349). Irod.: Fodor\u2013Bal\u00e1s, Id\u0151t\u00e1r 1; P\u00e1l-Antal 2006<\/p>\n","protected":false},"featured_media":0,"comment_status":"open","ping_status":"closed","template":"","meta":[],"product_brand":[],"product_cat":[137],"product_tag":[],"class_list":{"0":"post-11513","1":"product","2":"type-product","3":"status-publish","5":"product_cat-maros-megyei-eletrajzi-lexikon","7":"first","8":"instock","9":"shipping-taxable","10":"product-type-simple"},"_links":{"self":[{"href":"https:\/\/uj.adatbank.ro\/lexikon\/wp-json\/wp\/v2\/product\/11513","targetHints":{"allow":["GET"]}}],"collection":[{"href":"https:\/\/uj.adatbank.ro\/lexikon\/wp-json\/wp\/v2\/product"}],"about":[{"href":"https:\/\/uj.adatbank.ro\/lexikon\/wp-json\/wp\/v2\/types\/product"}],"replies":[{"embeddable":true,"href":"https:\/\/uj.adatbank.ro\/lexikon\/wp-json\/wp\/v2\/comments?post=11513"}],"wp:attachment":[{"href":"https:\/\/uj.adatbank.ro\/lexikon\/wp-json\/wp\/v2\/media?parent=11513"}],"wp:term":[{"taxonomy":"product_brand","embeddable":true,"href":"https:\/\/uj.adatbank.ro\/lexikon\/wp-json\/wp\/v2\/product_brand?post=11513"},{"taxonomy":"product_cat","embeddable":true,"href":"https:\/\/uj.adatbank.ro\/lexikon\/wp-json\/wp\/v2\/product_cat?post=11513"},{"taxonomy":"product_tag","embeddable":true,"href":"https:\/\/uj.adatbank.ro\/lexikon\/wp-json\/wp\/v2\/product_tag?post=11513"}],"curies":[{"name":"wp","href":"https:\/\/api.w.org\/{rel}","templated":true}]}}