{"id":11516,"date":"2025-06-29T13:55:38","date_gmt":"2025-06-29T11:55:38","guid":{"rendered":"https:\/\/uj.adatbank.ro\/lexikon\/termek\/kelemen-zsombor-dr\/"},"modified":"2025-06-29T13:55:38","modified_gmt":"2025-06-29T11:55:38","slug":"kelemen-zsombor-dr","status":"publish","type":"product","link":"https:\/\/uj.adatbank.ro\/lexikon\/termek\/kelemen-zsombor-dr\/","title":{"rendered":"KELEMEN Zsombor, dr"},"content":{"rendered":"<p>Kassa, 1940. aug. 4., \u2020 Mv., 2004. j\u00fan. 6.: fogorvos. \u2013 \u00c9retts\u00e9gizett Mv.-en az Eg\u00e9szs\u00e9g\u00fcgyi Technikumban (1959); a MOGYI Fogorvosi Kar\u00e1n oklevelet szerzett (1970); f\u0151orvos (1979); szakorvos (1990). Fogorvos Sz\u00e9kelykereszt\u00faron (1970\u201372); Mv.-en (1972\u2013). <br \/><strong>Irod.:<\/strong> Castellum \u00c9rtes\u00edt\u0151 (2004, 12. sz.); KKACs; Kiss\u2013P\u00e9terffy\u2013P\u00e9terffy; Kiss Cs. M 4.<\/br><\/p>\n","protected":false},"excerpt":{"rendered":"<p>Kassa, 1940. aug. 4., \u2020 Mv., 2004. j\u00fan. 6.: fogorvos. \u2013 \u00c9retts\u00e9gizett Mv.-en az Eg\u00e9szs\u00e9g\u00fcgyi Technikumban (1959); a MOGYI Fogorvosi Kar\u00e1n oklevelet szerzett (1970); f\u0151orvos (1979); szakorvos (1990). Fogorvos Sz\u00e9kelykereszt\u00faron (1970\u201372); Mv.-en (1972\u2013). Irod.: Castellum \u00c9rtes\u00edt\u0151 (2004, 12. sz.); KKACs; Kiss\u2013P\u00e9terffy\u2013P\u00e9terffy; Kiss Cs. M 4.<\/p>\n","protected":false},"featured_media":0,"comment_status":"open","ping_status":"closed","template":"","meta":[],"product_brand":[],"product_cat":[137],"product_tag":[],"class_list":{"0":"post-11516","1":"product","2":"type-product","3":"status-publish","5":"product_cat-maros-megyei-eletrajzi-lexikon","7":"first","8":"instock","9":"shipping-taxable","10":"product-type-simple"},"_links":{"self":[{"href":"https:\/\/uj.adatbank.ro\/lexikon\/wp-json\/wp\/v2\/product\/11516","targetHints":{"allow":["GET"]}}],"collection":[{"href":"https:\/\/uj.adatbank.ro\/lexikon\/wp-json\/wp\/v2\/product"}],"about":[{"href":"https:\/\/uj.adatbank.ro\/lexikon\/wp-json\/wp\/v2\/types\/product"}],"replies":[{"embeddable":true,"href":"https:\/\/uj.adatbank.ro\/lexikon\/wp-json\/wp\/v2\/comments?post=11516"}],"wp:attachment":[{"href":"https:\/\/uj.adatbank.ro\/lexikon\/wp-json\/wp\/v2\/media?parent=11516"}],"wp:term":[{"taxonomy":"product_brand","embeddable":true,"href":"https:\/\/uj.adatbank.ro\/lexikon\/wp-json\/wp\/v2\/product_brand?post=11516"},{"taxonomy":"product_cat","embeddable":true,"href":"https:\/\/uj.adatbank.ro\/lexikon\/wp-json\/wp\/v2\/product_cat?post=11516"},{"taxonomy":"product_tag","embeddable":true,"href":"https:\/\/uj.adatbank.ro\/lexikon\/wp-json\/wp\/v2\/product_tag?post=11516"}],"curies":[{"name":"wp","href":"https:\/\/api.w.org\/{rel}","templated":true}]}}