{"id":11521,"date":"2025-06-29T13:55:50","date_gmt":"2025-06-29T11:55:50","guid":{"rendered":"https:\/\/uj.adatbank.ro\/lexikon\/termek\/keleti-bela\/"},"modified":"2025-06-29T13:55:50","modified_gmt":"2025-06-29T11:55:50","slug":"keleti-bela","status":"publish","type":"product","link":"https:\/\/uj.adatbank.ro\/lexikon\/termek\/keleti-bela\/","title":{"rendered":"KELETI B\u00e9la"},"content":{"rendered":"<p>?., \u2020 ? : \u00e9p\u00edt\u00e9sz \u00e9s v\u00e1llalkoz\u00f3. \u2013 Magyaro.-r\u00f3l Kecskem\u00e9tr\u0151l j\u00f6tt Mv. -re (1908), ahol tervez\u0151i \u00e9s \u00e9p\u00edt\u00e9szeti irod\u00e1t tartott fent az I. vh. idej\u00e9n. Mv.-i munk\u00e1i: Feigenbaum (\u00fcgyv\u00e9d b\u00e9rh\u00e1zai) palota, ismertebb nev\u00e9n Rend\u0151rs\u00e9gi palota \u00fcgyv\u00e9d b\u00e9rh\u00e1zai (rend\u0151rs\u00e9gi \u00e9p\u00fcletek, 1906\u20131907); a V\u00e1mos-h\u00e1z; csal\u00e1di lak\u00f3h\u00e1zak a Lajos kir\u00e1ly \/ Cuza Voda utca 34\u201336 sz. alatti Marosi \u00d6d\u00f6n tulajdon\u00e1t k\u00e9pez\u0151, U alak\u00fa, szecesszi\u00f3s st\u00edlus\u00fa, n\u00e9pi d\u00edsz\u00edt\u0151elemekkel d\u00edsz\u00edtett lak\u00f3h\u00e1zat (1909); Bissingen-f\u00e9le hossz\u00fa f\u00f6ldszintes \u00e9p\u00fclet a Korz\u00f3-k\u00f6zben, amelyet a Nemzeti Sz\u00ednh\u00e1z \u00e9p\u00edt\u00e9sekor bontottak le; csal\u00e1di lak\u00f3h\u00e1z a V\u00f6r\u00f6smarty utca \u00e9s a Zrinyi t\u00e9r sark\u00e1n; Kov\u00e1cs k\u00f6zjegyz\u0151 lak\u00f3h\u00e1za. <br \/><strong>Irod.:<\/strong> Fodor J\u00e1nos; Id\u0151t\u00e1r 2; Keresztes; Man: Tg. M. 2; Maros megyei m. -s\u00e1g. 4; Tg. \u2013Mure\u0219 \u2013 Mv.<\/br><\/p>\n","protected":false},"excerpt":{"rendered":"<p>?., \u2020 ? : \u00e9p\u00edt\u00e9sz \u00e9s v\u00e1llalkoz\u00f3. \u2013 Magyaro.-r\u00f3l Kecskem\u00e9tr\u0151l j\u00f6tt Mv. -re (1908), ahol tervez\u0151i \u00e9s \u00e9p\u00edt\u00e9szeti irod\u00e1t tartott fent az I. vh. idej\u00e9n. Mv.-i munk\u00e1i: Feigenbaum (\u00fcgyv\u00e9d b\u00e9rh\u00e1zai) palota, ismertebb nev\u00e9n Rend\u0151rs\u00e9gi palota \u00fcgyv\u00e9d b\u00e9rh\u00e1zai (rend\u0151rs\u00e9gi \u00e9p\u00fcletek, 1906\u20131907); a V\u00e1mos-h\u00e1z; csal\u00e1di lak\u00f3h\u00e1zak a Lajos kir\u00e1ly \/ Cuza Voda utca 34\u201336 sz. alatti Marosi [&hellip;]<\/p>\n","protected":false},"featured_media":0,"comment_status":"open","ping_status":"closed","template":"","meta":[],"product_brand":[],"product_cat":[137],"product_tag":[],"class_list":{"0":"post-11521","1":"product","2":"type-product","3":"status-publish","5":"product_cat-maros-megyei-eletrajzi-lexikon","7":"first","8":"instock","9":"shipping-taxable","10":"product-type-simple"},"_links":{"self":[{"href":"https:\/\/uj.adatbank.ro\/lexikon\/wp-json\/wp\/v2\/product\/11521","targetHints":{"allow":["GET"]}}],"collection":[{"href":"https:\/\/uj.adatbank.ro\/lexikon\/wp-json\/wp\/v2\/product"}],"about":[{"href":"https:\/\/uj.adatbank.ro\/lexikon\/wp-json\/wp\/v2\/types\/product"}],"replies":[{"embeddable":true,"href":"https:\/\/uj.adatbank.ro\/lexikon\/wp-json\/wp\/v2\/comments?post=11521"}],"wp:attachment":[{"href":"https:\/\/uj.adatbank.ro\/lexikon\/wp-json\/wp\/v2\/media?parent=11521"}],"wp:term":[{"taxonomy":"product_brand","embeddable":true,"href":"https:\/\/uj.adatbank.ro\/lexikon\/wp-json\/wp\/v2\/product_brand?post=11521"},{"taxonomy":"product_cat","embeddable":true,"href":"https:\/\/uj.adatbank.ro\/lexikon\/wp-json\/wp\/v2\/product_cat?post=11521"},{"taxonomy":"product_tag","embeddable":true,"href":"https:\/\/uj.adatbank.ro\/lexikon\/wp-json\/wp\/v2\/product_tag?post=11521"}],"curies":[{"name":"wp","href":"https:\/\/api.w.org\/{rel}","templated":true}]}}