{"id":11536,"date":"2025-06-29T13:56:23","date_gmt":"2025-06-29T11:56:23","guid":{"rendered":"https:\/\/uj.adatbank.ro\/lexikon\/termek\/kelp-martin\/"},"modified":"2025-06-29T13:56:23","modified_gmt":"2025-06-29T11:56:23","slug":"kelp-martin","status":"publish","type":"product","link":"https:\/\/uj.adatbank.ro\/lexikon\/termek\/kelp-martin\/","title":{"rendered":"KELP, Martin"},"content":{"rendered":"<p>Holdvil\u00e1g, 1659., \u2020 Muzsna, 1694 : dr. fil., ev. lelk\u00e9sz. \u2013 Segesv\u00e1ron \u00e9s Nagyszebenben tanult, majd Wittenbergbe ment az egyetemre (1679) itt azonban csak k\u00e9t \u00e9vig maradt; Hamburgban a zsid\u00f3 nyelvet tanulta \u00e9s a rabbitudom\u00e1nyokat; ezut\u00e1n a lipcsei egyetemet l\u00e1togatta, ahol magisteri oklevelet nyert (1684). A segesv\u00e1ri iskola igazgat\u00f3ja lett (1684\u201387) \u00e9s ott megalap\u00edtotta az iskola k\u00f6nyvt\u00e1r\u00e1t. Lelk\u00e9sz Sz\u00e1szbud\u00e1n (1687), Muzsn\u00e1n (1692). \u00dcdv\u00f6zl\u0151 verset \u00edrt Kassai Michaelis Gy\u00f6rgyh\u00f6z (1681.), Bock Istv\u00e1nhoz (1681.) \u00e9s Fronius M\u00e1rkhoz (1682.). H\u00e9ber gy\u00e1szbesz\u00e9det tartott Apafi Mih\u00e1ly felett. Responde\u00e1lt a \u201eDe gratia Dei\u201d (1678.) tartott vit\u00e1n. \u2013 <strong>F. m.:<\/strong> Natales Saxonum Transylvaniae. (Lipsiae, 1684) ; Sub Umbra Alarum Altissimi. (Cibinii, 1684) ; Positiones Theologicae ex Articulo de Ministerio Ecclesiastico. anno, 1685 (Keresd, 1685); Positiones Theologicae ex Articulo de Magistratu Politico. anno, 1685 (Keresd, 1685); ; Positiones Theologicae Depromptae ex Disp Inaugurali. Esdrae Edzardi. Rostochii anno, 1656 (Cibinii, 1686). <br \/><strong>Irod.:<\/strong> Kraus: Erd\u00e9lyi kr\u00f3nika; RMK; Szinnyei; Todea 2013; Veress; Zov\u00e1nyi<\/br><\/p>\n","protected":false},"excerpt":{"rendered":"<p>Holdvil\u00e1g, 1659., \u2020 Muzsna, 1694 : dr. fil., ev. lelk\u00e9sz. \u2013 Segesv\u00e1ron \u00e9s Nagyszebenben tanult, majd Wittenbergbe ment az egyetemre (1679) itt azonban csak k\u00e9t \u00e9vig maradt; Hamburgban a zsid\u00f3 nyelvet tanulta \u00e9s a rabbitudom\u00e1nyokat; ezut\u00e1n a lipcsei egyetemet l\u00e1togatta, ahol magisteri oklevelet nyert (1684). A segesv\u00e1ri iskola igazgat\u00f3ja lett (1684\u201387) \u00e9s ott megalap\u00edtotta az [&hellip;]<\/p>\n","protected":false},"featured_media":0,"comment_status":"open","ping_status":"closed","template":"","meta":[],"product_brand":[],"product_cat":[137],"product_tag":[],"class_list":{"0":"post-11536","1":"product","2":"type-product","3":"status-publish","5":"product_cat-maros-megyei-eletrajzi-lexikon","7":"first","8":"instock","9":"shipping-taxable","10":"product-type-simple"},"_links":{"self":[{"href":"https:\/\/uj.adatbank.ro\/lexikon\/wp-json\/wp\/v2\/product\/11536","targetHints":{"allow":["GET"]}}],"collection":[{"href":"https:\/\/uj.adatbank.ro\/lexikon\/wp-json\/wp\/v2\/product"}],"about":[{"href":"https:\/\/uj.adatbank.ro\/lexikon\/wp-json\/wp\/v2\/types\/product"}],"replies":[{"embeddable":true,"href":"https:\/\/uj.adatbank.ro\/lexikon\/wp-json\/wp\/v2\/comments?post=11536"}],"wp:attachment":[{"href":"https:\/\/uj.adatbank.ro\/lexikon\/wp-json\/wp\/v2\/media?parent=11536"}],"wp:term":[{"taxonomy":"product_brand","embeddable":true,"href":"https:\/\/uj.adatbank.ro\/lexikon\/wp-json\/wp\/v2\/product_brand?post=11536"},{"taxonomy":"product_cat","embeddable":true,"href":"https:\/\/uj.adatbank.ro\/lexikon\/wp-json\/wp\/v2\/product_cat?post=11536"},{"taxonomy":"product_tag","embeddable":true,"href":"https:\/\/uj.adatbank.ro\/lexikon\/wp-json\/wp\/v2\/product_tag?post=11536"}],"curies":[{"name":"wp","href":"https:\/\/api.w.org\/{rel}","templated":true}]}}