{"id":11547,"date":"2025-06-29T13:56:47","date_gmt":"2025-06-29T11:56:47","guid":{"rendered":"https:\/\/uj.adatbank.ro\/lexikon\/termek\/kemeny-andras-magyargyeromonostori-br\/"},"modified":"2025-06-29T13:56:47","modified_gmt":"2025-06-29T11:56:47","slug":"kemeny-andras-magyargyeromonostori-br","status":"publish","type":"product","link":"https:\/\/uj.adatbank.ro\/lexikon\/termek\/kemeny-andras-magyargyeromonostori-br\/","title":{"rendered":"KEM\u00c9NY Andr\u00e1s, magyargyer\u0151monostori br."},"content":{"rendered":"<p>? \u2020 Csekeleaka, 1823. m\u00e1rc. 7.: ? Feles\u00e9ge: malomv\u00edzi Kendeffi Roz\u00e1lia (1781.?-Cikm\u00e1ntor, 1809. \u00e1pr. 25. A Buni temet\u0151boltban). Gyermekeik: K. Zsuzs\u00e1nna, D\u00e9nes, Kata, Domokos, Eszter. <br \/><strong>Irod.:<\/strong> Lev\u00e9lt\u00e1ri gy\u00e1szj.<\/br><\/p>\n","protected":false},"excerpt":{"rendered":"<p>? \u2020 Csekeleaka, 1823. m\u00e1rc. 7.: ? Feles\u00e9ge: malomv\u00edzi Kendeffi Roz\u00e1lia (1781.?-Cikm\u00e1ntor, 1809. \u00e1pr. 25. A Buni temet\u0151boltban). Gyermekeik: K. Zsuzs\u00e1nna, D\u00e9nes, Kata, Domokos, Eszter. Irod.: Lev\u00e9lt\u00e1ri gy\u00e1szj.<\/p>\n","protected":false},"featured_media":0,"comment_status":"open","ping_status":"closed","template":"","meta":[],"product_brand":[],"product_cat":[137],"product_tag":[],"class_list":{"0":"post-11547","1":"product","2":"type-product","3":"status-publish","5":"product_cat-maros-megyei-eletrajzi-lexikon","7":"first","8":"instock","9":"shipping-taxable","10":"product-type-simple"},"_links":{"self":[{"href":"https:\/\/uj.adatbank.ro\/lexikon\/wp-json\/wp\/v2\/product\/11547","targetHints":{"allow":["GET"]}}],"collection":[{"href":"https:\/\/uj.adatbank.ro\/lexikon\/wp-json\/wp\/v2\/product"}],"about":[{"href":"https:\/\/uj.adatbank.ro\/lexikon\/wp-json\/wp\/v2\/types\/product"}],"replies":[{"embeddable":true,"href":"https:\/\/uj.adatbank.ro\/lexikon\/wp-json\/wp\/v2\/comments?post=11547"}],"wp:attachment":[{"href":"https:\/\/uj.adatbank.ro\/lexikon\/wp-json\/wp\/v2\/media?parent=11547"}],"wp:term":[{"taxonomy":"product_brand","embeddable":true,"href":"https:\/\/uj.adatbank.ro\/lexikon\/wp-json\/wp\/v2\/product_brand?post=11547"},{"taxonomy":"product_cat","embeddable":true,"href":"https:\/\/uj.adatbank.ro\/lexikon\/wp-json\/wp\/v2\/product_cat?post=11547"},{"taxonomy":"product_tag","embeddable":true,"href":"https:\/\/uj.adatbank.ro\/lexikon\/wp-json\/wp\/v2\/product_tag?post=11547"}],"curies":[{"name":"wp","href":"https:\/\/api.w.org\/{rel}","templated":true}]}}