{"id":11550,"date":"2025-06-29T13:56:51","date_gmt":"2025-06-29T11:56:51","guid":{"rendered":"https:\/\/uj.adatbank.ro\/lexikon\/termek\/kemeny-anna-magyargyeromonostori-gr-banffy-gyorgyne\/"},"modified":"2025-06-29T13:56:51","modified_gmt":"2025-06-29T11:56:51","slug":"kemeny-anna-magyargyeromonostori-gr-banffy-gyorgyne","status":"publish","type":"product","link":"https:\/\/uj.adatbank.ro\/lexikon\/termek\/kemeny-anna-magyargyeromonostori-gr-banffy-gyorgyne\/","title":{"rendered":"KEM\u00c9NY Anna, magyargyer\u0151monostori gr., B\u00e1nffy Gy\u00f6rgyn\u00e9"},"content":{"rendered":"<p>1773.? \u2020 Kv., 1835. aug. 31.: keresztes d\u00e1ma. \u2013 K. Farkas \u00e9s Kornis M\u00e1ria le\u00e1nya. \u2013 F\u00e9rje: cs. kir. t\u00e1bornagy, ezredes losontzi gr. B\u00e1nffy Gy\u00f6rgy (\u2020 1830.?). B\u00facsuztatta br. B\u00e1nffy L\u00e1szl\u00f3. <br \/><strong>Irod.:<\/strong> Lev\u00e9lt\u00e1ri gy\u00e1szj.<\/br><\/p>\n","protected":false},"excerpt":{"rendered":"<p>1773.? \u2020 Kv., 1835. aug. 31.: keresztes d\u00e1ma. \u2013 K. Farkas \u00e9s Kornis M\u00e1ria le\u00e1nya. \u2013 F\u00e9rje: cs. kir. t\u00e1bornagy, ezredes losontzi gr. B\u00e1nffy Gy\u00f6rgy (\u2020 1830.?). B\u00facsuztatta br. B\u00e1nffy L\u00e1szl\u00f3. Irod.: Lev\u00e9lt\u00e1ri gy\u00e1szj.<\/p>\n","protected":false},"featured_media":0,"comment_status":"open","ping_status":"closed","template":"","meta":[],"product_brand":[],"product_cat":[137],"product_tag":[],"class_list":{"0":"post-11550","1":"product","2":"type-product","3":"status-publish","5":"product_cat-maros-megyei-eletrajzi-lexikon","7":"first","8":"instock","9":"shipping-taxable","10":"product-type-simple"},"_links":{"self":[{"href":"https:\/\/uj.adatbank.ro\/lexikon\/wp-json\/wp\/v2\/product\/11550","targetHints":{"allow":["GET"]}}],"collection":[{"href":"https:\/\/uj.adatbank.ro\/lexikon\/wp-json\/wp\/v2\/product"}],"about":[{"href":"https:\/\/uj.adatbank.ro\/lexikon\/wp-json\/wp\/v2\/types\/product"}],"replies":[{"embeddable":true,"href":"https:\/\/uj.adatbank.ro\/lexikon\/wp-json\/wp\/v2\/comments?post=11550"}],"wp:attachment":[{"href":"https:\/\/uj.adatbank.ro\/lexikon\/wp-json\/wp\/v2\/media?parent=11550"}],"wp:term":[{"taxonomy":"product_brand","embeddable":true,"href":"https:\/\/uj.adatbank.ro\/lexikon\/wp-json\/wp\/v2\/product_brand?post=11550"},{"taxonomy":"product_cat","embeddable":true,"href":"https:\/\/uj.adatbank.ro\/lexikon\/wp-json\/wp\/v2\/product_cat?post=11550"},{"taxonomy":"product_tag","embeddable":true,"href":"https:\/\/uj.adatbank.ro\/lexikon\/wp-json\/wp\/v2\/product_tag?post=11550"}],"curies":[{"name":"wp","href":"https:\/\/api.w.org\/{rel}","templated":true}]}}