{"id":11553,"date":"2025-06-29T13:57:02","date_gmt":"2025-06-29T11:57:02","guid":{"rendered":"https:\/\/uj.adatbank.ro\/lexikon\/termek\/kemeny-arpad-magyargyeromonostori-br-%c2%a7\/"},"modified":"2025-06-29T13:57:02","modified_gmt":"2025-06-29T11:57:02","slug":"kemeny-arpad-magyargyeromonostori-br-%c2%a7","status":"publish","type":"product","link":"https:\/\/uj.adatbank.ro\/lexikon\/termek\/kemeny-arpad-magyargyeromonostori-br-%c2%a7\/","title":{"rendered":"KEM\u00c9NY \u00c1rp\u00e1d, magyargyer\u0151monostori br., \u00a7"},"content":{"rendered":"<p>Kv., 1937. j\u00fal. 24., \u2020 Bp., 1995. \u00e1pr. 24.: fest\u0151m\u0171v\u00e9sz, grafikus, d\u00edszlettervez\u0151, K. J\u00e1nos (1903\u20131971) \u00e9s Patton, Augusta of Grandhome (1900\u20131989) fia. Feles\u00e9ge kenderedi Papp Jodit (1940\u2013). Gyermekei: Zsuzsanna (1964), Endre (1968)\u2013 A Zene \u00e9s K\u00e9pz\u0151m\u0171v\u00e9szeti k\u00f6z\u00e9piskol\u00e1t Mv.-en (1954), a Ion Andreescu K\u00e9pz\u0151m\u0171v. F\u0151iskol\u00e1t Kv.-on v\u00e9gezte (1962), mesterei: Petru Abrudan, Mohi S\u00e1ndor, K\u00e1d\u00e1r Tibor, Aurel Ciupe. D\u00edszletfest\u0151 a mv.-i Sz\u00e9kely Sz\u00ednh\u00e1zn\u00e1l (1954\u201356). A mv.-i Szentgy\u00f6rgyi Istv\u00e1n Sz\u00ednm\u0171v\u00e9szeti Int\u00e9zet gyakorl\u00f3 sz\u00ednpad\u00e1nak \u00e9s a Mv.-i Nemzeti Sz\u00ednh\u00e1znak d\u00edszlettervez\u0151je volt (1963\u201378); a szatm\u00e1ri \u00c9szaki Sz\u00ednh\u00e1z (1978\u201380), a sepsiszentgy\u00f6rgyi \u00c1llami Magyar Sz\u00ednh\u00e1z (1980\u201381), majd a mv.-i Nemzeti Sz\u00ednh\u00e1z t\u00e1rsulat\u00e1nak tagja (1981\u201390). D\u00edszleteket tervezett m\u00e9g a nagyv\u00e1radi, kv.-i sz\u00ednh\u00e1zakn\u00e1l. A mv.-i Szentgy\u00f6rgyi Istv\u00e1n Sz\u00ednm\u0171v\u00e9szeti Int\u00e9zet tan\u00e1ra volt. Feles\u00e9ge Papp Judit Anik\u00f3 (esk\u00fcv\u0151 : Kv., 1962). K\u00e9t gyermek\u00fck: Zsuzs\u00e1nna \u00e9s Endre. \u00c1ttelep\u00fclt Magyaro.-ra (1990\u2013). A Szolnoki Sigligeti Sz\u00ednh\u00e1z majd a bp.-i Nemzeti Sz\u00ednh\u00e1z d\u00edszlettervez\u0151je hal\u00e1l\u00e1ig (1992\u2013). Mv.-en volt az els\u0151 ki\u00e1ll\u00edt\u00e1sa (1955), majd t\u00f6bbsz\u00f6r r\u00e9szt vett a tartom\u00e1nyi ill. megyei t\u00e1rlatokonokon Buk.-ben is szerepelt m\u0171veivel- Mv.-en diszletterveib\u0151l rendezett egy\u00e9ni ki\u00e1ll\u00edt\u00e1st (1968). D\u00edszleteit a darabhoz \u00e9s rendez\u0151i koncepci\u00f3hoz alkalmazkod\u00f3, m\u00e9gis karakteresen nagyvonal\u00fa megold\u00e1sok jellemezt\u00e9k. K\u00fcl\u00f6n\u00f6sen a f\u00e9m, fa, \u00fcveg stb. jellegzetes \u00e9s besz\u00e9des tulajdons\u00e1gainak kiemel\u00e9s\u00e9vel, valamint ezek hangulatteremt\u0151 erej\u00e9vel adott hangs\u00falyt d\u00edszleteinek. Gyakran haszn\u00e1lt sz\u00fcrrealista elemeket. Nemzetis\u00e9gi Sz\u00ednh\u00e1zak legjobb d\u00edszlettervez\u0151j\u00e9nek d\u00edja (1980); A rom\u00e1niai kritikusok d\u00edja (1980, 1981); Orsz\u00e1gos Fesztiv\u00e1l II. D\u00edja (1987). \u2013 <strong>F. m.:<\/strong> illusztr: \u00c9n, te, \u0151. mi, ti, \u0151k. (Gyermeksz\u00edndarabok. V\u00e1logatta \u00e9s szerkesztette: Kov\u00e1cs Nemere. Ut\u00f3sz\u00f3 \u00e9s rendez\u0151i tan\u00e1csok: Kov\u00e1cs Levente. K\u00f6t\u00e9sterv \u00e9s illusztr\u00e1ci\u00f3k, Mv., 1966), Klaszikus vigj\u00e1t\u00e9kok (szerk. Gergely G\u00e9za; diszlet- \u00e9s jelmeztervek; Mv., 1970); De Stefani Alessandro \u2013 Nicolai Lado \u2013 Da Filippo Eduardo: Szerelem, oh! (H\u00e1rom olasz egyfelvon\u00e1sos. Szerkesztette Hunyadi Andr\u00e1s. Rendez\u0151i tan\u00e1csok: Hunyady Andr\u00e1s \u00e9s Gergely G\u00e9za. Fed\u0151lap \u00e9s bels\u0151 rajzok: Mv. 1970); F. d\u00edszletei: A. Andrie\u015f: R\u00f3zsakert, A. Baranga: \u00c1d\u00e1m \u00e9s \u00c9va (1963); E. O\u2019Neill: Hossz\u00fa az \u00fat haz\u00e1ig, Szab\u00f3 Lajos: Csal\u00e1di f\u00e9szek (1964); Arnold Wesker: Gy\u00f6kerek (1965); \u00d6rk\u00e9ny Istv\u00e1n: T\u00f3t\u00e9k, M\u00f3ricz-Fazakas M.: Ludas Matyi (1968); A csodal\u00e1da. (Gyermeksz\u00edndarabok. V\u00e1logatta, szerkesztette: Kov\u00e1cs Nemere. Rendez\u0151i utas\u00edt\u00e1sok: Gergely G\u00e9za. D\u00edszlet, koszt\u00fcm; Mv., 1968); Szab\u00f3 Lajos: Az otthon sziget\u00e9n (1969); Klasszikus v\u00edgj\u00e1t\u00e9kok. \/ Caragiale, M\u00f3ricz, Moli\u00e8re, Kr\u00fady, Alecsandri \/ Szerkesztette: Gergely G\u00e9za.; d\u00edszlet- \u00e9s jelmeztervek; Mv., 1970); K\u00f6penyes, kardos kom\u00e9di\u00e1k. Szerkesztette Gergely G\u00e9za; d\u00edszlet- \u00e9s jelmezterveik; Mv., 1971); Szab\u00f3 Lajos: H\u0171s\u00e9g (1977); Kincses Elem\u00e9r.: \u00c9g a nap Seneca felett (1978), Gorkij: \u00c9jjeli mened\u00e9khely (1978), Kr\u00fady Gyula: A v\u00f6r\u00f6s postakocsi (1979); Shakespeare: Lear kir\u00e1ly (1980); Cs\u00edki L\u00e1szl\u00f3: A nagypapa l\u00e1tni akar benneteket (1980); Katona J\u00f3zsef: B\u00e1nk b\u00e1n; S\u00fct\u0151 Andr\u00e1s: A szuzai menyegz\u0151, Tam\u00e1si \u00c1ron: Vit\u00e9z l\u00e9lek (1981); Cs\u00edky Gergely: Cifra nyomor\u00fas\u00e1g (1982); Steinbeck: Egerek \u00e9s emberek (1983); Ters\u00e1nszky J\u00f3zsi Jen\u0151: Kakuk Marci., Br\u00f3dy S\u00e1ndor: A dada (1984); Sz\u00e9p Ern\u0151: Patika (1984); Shakespeare: V\u00edzkereszt vagy amit akartok (1985); Tam\u00e1si \u00c1ron: Csal\u00f3ka sziv\u00e1rv\u00e1ny (1986); Szigligeti-M\u00f3ricz: A csik\u00f3s (1987); Racine: Phaedra (1987); D. Solomon: Diogenesz, a kutya (1988); Sz\u00e9kely J.: Irgalmas hazugs\u00e1g., R. Stanca: Dona Juana (1989); Mad\u00e1ch Imre: M\u00f3zes (1990); M\u00f3ricz Zs.: \u00dari muri (1990); Euripid\u00e9sz-Sartre-Illy\u00e9s Gy.: A tr\u00f3jai n\u0151k; Tam\u00e1si \u00c1.: \u00c9nekes mad\u00e1r; Illy\u00e9s Gy.: K\u00fcl\u00f6nc; S\u00fct\u0151 A.: Ugat\u00f3mad\u00e1r.; A Sz\u00ednm\u0171v\u00e9szeti F\u0151iskol\u00e1n: Szimonov: Egy szerelem t\u00f6rt\u00e9nete; Dr\u0103gu\u015fan: Le\u00e1nyok; Miksz\u00e1th: K\u00fcl\u00f6n\u00f6s h\u00e1zass\u00e1g (1963); Shakespeare: Romeo \u00e9s J\u00falia (1964); Baranga: Kerge birka, Gorkij: Az utos\u00f3k, A, Miller: \u00c9des fiaim (1965); Euripidesz-Sartre: Tr\u00f3jai n\u0151k (1966); T. Willians: Ez a h\u00e1z bont\u00e1sra v\u00e1r, Ionesco: A kopasz \u00e9nekesn\u0151; Tam\u00e1si \u00c1ron: \u00c9nekes mad\u00e1r, Pirandello: Hat szerepl\u0151 szerz\u0151t keres (1967), T. Williams: Orpheus al\u00e1sz\u00e1ll (1968); Sebastian: A sziget; E. O\u2019Neill: Boldogtalan hold, Racine: Britannicus (1969); Tomcsa S\u00e1ndor: M\u0171t\u00e9t; G\u00e1rdonyi G.: A l\u00e1mp\u00e1s; Ibsen: Kis\u00e9rtetek (1970); D\u00fcrrenmatt: A nagy Romulus; Goldoni: K\u00e9t \u00far szolg\u00e1ja (1971); Mirodan: A l\u00e9lekfelel\u0151s; V\u00f6r\u00f6smarty: Csongor \u00e9s T\u00fcnde; Caragiale: Az elveszett lev\u00e9l; Cocteau: Rettenetes sz\u00fcl\u0151k (1972); Pet\u0151fi S\u00e1ndor sz\u00fclet\u00e9s\u00e9nek 150 \u00e9vf, Shakespeare: Falstaff; Csokonai: Az \u00f6zvegy Karny\u00f3n\u00e9 \u00e9s a k\u00e9t szeleburdiak, Heltai : A n\u00e9ma levente; T. Wilder: A mi kis v\u00e1rosunk (1973); Popovici T: Passacaglia; R\u00e9gi magyar kom\u00e9di\u00e1k (1974; T. Williams: \u00dcvegfigur\u00e1k; Euripidesz: Elektra; Popescu D. R.: Szomor\u00fa angyalok, Anouilh: Medeia (1975); Brecht: Egy f\u0151 az egy f\u0151; Hubai-Vas Istv\u00e1n: Egy szerelem h\u00e1rom \u00e9jszak\u00e1ja, Br\u00f3dy: A tan\u00edt\u00f3n\u0151 (1976); Caragiale: Megtorl\u00e1s; Brecht: Kur\u00e1zsi mama; Lovinescu: Az utols\u00f3 futam; Shaw: Szerelmi h\u00e1zass\u00e1g (1977); Machiavelli: Mandragora; Lorca: V\u00e9rn\u00e1sz; Baranga: K\u00f6zv\u00e9lem\u00e9ny (1978) <strong>F. ki\u00e1ll.:<\/strong> Mv. (1968); csoportos ki\u00e1ll.: Mv. 1955, 1962, 1963, 1967, 1970; Hatvan (1999). <br \/><strong>Irod.:<\/strong> 100 \u00e9v: Arck\u00e9pcsarnok (Igaz Sz\u00f3, 1972, 11. sz.); artportal; Banner; A H\u00e9t \u00e9vk. (1982); Imreh Ern\u0151: Megk\u00e9sett lev\u00e9l K. \u00c1. -hoz (Erd\u00e9lyi Figyel\u0151, 5. sz., 1995); J\u00e1nosh\u00e1z\u00ed Gy.: K. \u00c1. d\u00edszelettervez\u0151 ki\u00e1ll\u00edt\u00e1sa (\u00daj \u00c9let, 11. sz., 1968); K\u00e1ntor-K\u00f6t\u0151; Katona Szab\u00f3 Istv\u00e1n: Az \u00daj \u00c9let lexikona, 87 (\u00daj \u00c9let, 3. sz. 1974.); Kincses Elem\u00e9r: In memoriam K. \u00c1. (N\u00fa., M\u00fazsa, 342. sz., 1998. m\u00e1j. 2.); Kornis; Marosi Ildik\u00f3: Milyen a legjobb d\u00edszlet? : Besz\u00e9lget\u00e9s K. \u00c1. -dal (A H\u00e9t, 1980. m\u00e1j. 16.); Moln\u00e1r; MSZL; [Nekrol\u00f3g] (N\u00fa., 1995. \u00e1pr. 26.); Pop Tofolean-F\u00fcl\u00f6p; R\u00e9thy\u2013\u00dajv\u00e1ri\u2013V\u00e1czi T\u00f3falvi Z.: T\u00e9r \u00e9s l\u00e1tv\u00e1ny (A H\u00e9t, 1988. m\u00e1rc. 17.)<\/br><\/p>\n","protected":false},"excerpt":{"rendered":"<p>Kv., 1937. j\u00fal. 24., \u2020 Bp., 1995. \u00e1pr. 24.: fest\u0151m\u0171v\u00e9sz, grafikus, d\u00edszlettervez\u0151, K. J\u00e1nos (1903\u20131971) \u00e9s Patton, Augusta of Grandhome (1900\u20131989) fia. Feles\u00e9ge kenderedi Papp Jodit (1940\u2013). Gyermekei: Zsuzsanna (1964), Endre (1968)\u2013 A Zene \u00e9s K\u00e9pz\u0151m\u0171v\u00e9szeti k\u00f6z\u00e9piskol\u00e1t Mv.-en (1954), a Ion Andreescu K\u00e9pz\u0151m\u0171v. F\u0151iskol\u00e1t Kv.-on v\u00e9gezte (1962), mesterei: Petru Abrudan, Mohi S\u00e1ndor, K\u00e1d\u00e1r Tibor, Aurel [&hellip;]<\/p>\n","protected":false},"featured_media":0,"comment_status":"open","ping_status":"closed","template":"","meta":[],"product_brand":[],"product_cat":[137],"product_tag":[],"class_list":{"0":"post-11553","1":"product","2":"type-product","3":"status-publish","5":"product_cat-maros-megyei-eletrajzi-lexikon","7":"first","8":"instock","9":"shipping-taxable","10":"product-type-simple"},"_links":{"self":[{"href":"https:\/\/uj.adatbank.ro\/lexikon\/wp-json\/wp\/v2\/product\/11553","targetHints":{"allow":["GET"]}}],"collection":[{"href":"https:\/\/uj.adatbank.ro\/lexikon\/wp-json\/wp\/v2\/product"}],"about":[{"href":"https:\/\/uj.adatbank.ro\/lexikon\/wp-json\/wp\/v2\/types\/product"}],"replies":[{"embeddable":true,"href":"https:\/\/uj.adatbank.ro\/lexikon\/wp-json\/wp\/v2\/comments?post=11553"}],"wp:attachment":[{"href":"https:\/\/uj.adatbank.ro\/lexikon\/wp-json\/wp\/v2\/media?parent=11553"}],"wp:term":[{"taxonomy":"product_brand","embeddable":true,"href":"https:\/\/uj.adatbank.ro\/lexikon\/wp-json\/wp\/v2\/product_brand?post=11553"},{"taxonomy":"product_cat","embeddable":true,"href":"https:\/\/uj.adatbank.ro\/lexikon\/wp-json\/wp\/v2\/product_cat?post=11553"},{"taxonomy":"product_tag","embeddable":true,"href":"https:\/\/uj.adatbank.ro\/lexikon\/wp-json\/wp\/v2\/product_tag?post=11553"}],"curies":[{"name":"wp","href":"https:\/\/api.w.org\/{rel}","templated":true}]}}