{"id":11556,"date":"2025-06-29T13:57:09","date_gmt":"2025-06-29T11:57:09","guid":{"rendered":"https:\/\/uj.adatbank.ro\/lexikon\/termek\/kemeny-boldizsar-magyargyeromonostori\/"},"modified":"2025-06-29T13:57:09","modified_gmt":"2025-06-29T11:57:09","slug":"kemeny-boldizsar-magyargyeromonostori","status":"publish","type":"product","link":"https:\/\/uj.adatbank.ro\/lexikon\/termek\/kemeny-boldizsar-magyargyeromonostori\/","title":{"rendered":"KEM\u00c9NY Boldizs\u00e1r, magyargyer\u0151monostori"},"content":{"rendered":"<p>1576 \u2020 1630. nov.: f\u00f6ldbirtokos, f\u0151isp\u00e1n. \u2013 J\u00e1nos \u00e9s Sarmas\u00e1gi Anna fia, Feles\u00e9ge: 1. L\u00e1z\u00e1r Anna, gyermekeik: P\u00e9ter \u00e9s Anna; 2. Tornya Zs\u00f3fia, tizenegy gyermek\u00fck sz\u00fcletett, h\u00e9t feln\u0151ttkort meg\u00e9rt: J\u00e1nos a k\u00e9s\u0151bbi fejedelem, Boldizs\u00e1r, P\u00e9ter, Erzs\u00e9bet, Zs\u00f3fia, Kata, Petronella. Elkis\u00e9rte B\u00e1thori Istv\u00e1nt a lengyel kir\u00e1lys\u00e1gra (1576). Basta v\u00e9delm\u00e9be fogadta \u00e9s ig\u00e9rte a birtokai megv\u00e9d\u00e9s\u00e9t is (1603. okt. 31.). Ut\u00f3bb atyj\u00e1val egy\u00fctt Sz\u00e9kely M\u00f3zes h\u00edve, s k\u00f6vete a moldvai vajd\u00e1hoz, hogy ezt sz\u00f6vets\u00e9ges\u00fcl megnyerje. P\u00e1r \u00e9v m\u00falva, mint Erd\u00e9ly k\u00f6vete, Magyaro.-ra ment a f\u00f6lkelt Bocskaihoz, innen Kv. v\u00e1ros\u00e1hoz k\u00fcldt\u00e9k, v\u00e9g\u00fcl Als\u00f3 Feh\u00e9r vm. f\u0151isp\u00e1nja (1608\u201330), Fogaras f\u0151kommend\u00e1tora. Az aranyos gerendi birtok egy r\u00e9sz\u00e9t Bethlen G\u00e1bor neki adom\u00e1nyozta (1629) majd megvette a kast\u00e9lyt J\u00f3sika G\u00e1bort\u00f3l (1630), a kast\u00e9ly a csal\u00e1d birtok\u00e1ban volt (\u20131861). A marosv\u00e9csi v\u00e1rkast\u00e9ly birtokosa. <br \/><strong>Irod.:<\/strong> Basta; Bicsok-Orb\u00e1n; Gudenus; K\u0151v\u00e1ry 1866; Lukinich; Mo. F\u0151isp\u00e1njai<\/br><\/p>\n","protected":false},"excerpt":{"rendered":"<p>1576 \u2020 1630. nov.: f\u00f6ldbirtokos, f\u0151isp\u00e1n. \u2013 J\u00e1nos \u00e9s Sarmas\u00e1gi Anna fia, Feles\u00e9ge: 1. L\u00e1z\u00e1r Anna, gyermekeik: P\u00e9ter \u00e9s Anna; 2. Tornya Zs\u00f3fia, tizenegy gyermek\u00fck sz\u00fcletett, h\u00e9t feln\u0151ttkort meg\u00e9rt: J\u00e1nos a k\u00e9s\u0151bbi fejedelem, Boldizs\u00e1r, P\u00e9ter, Erzs\u00e9bet, Zs\u00f3fia, Kata, Petronella. Elkis\u00e9rte B\u00e1thori Istv\u00e1nt a lengyel kir\u00e1lys\u00e1gra (1576). Basta v\u00e9delm\u00e9be fogadta \u00e9s ig\u00e9rte a birtokai megv\u00e9d\u00e9s\u00e9t is [&hellip;]<\/p>\n","protected":false},"featured_media":0,"comment_status":"open","ping_status":"closed","template":"","meta":[],"product_brand":[],"product_cat":[137],"product_tag":[],"class_list":{"0":"post-11556","1":"product","2":"type-product","3":"status-publish","5":"product_cat-maros-megyei-eletrajzi-lexikon","7":"first","8":"instock","9":"shipping-taxable","10":"product-type-simple"},"_links":{"self":[{"href":"https:\/\/uj.adatbank.ro\/lexikon\/wp-json\/wp\/v2\/product\/11556","targetHints":{"allow":["GET"]}}],"collection":[{"href":"https:\/\/uj.adatbank.ro\/lexikon\/wp-json\/wp\/v2\/product"}],"about":[{"href":"https:\/\/uj.adatbank.ro\/lexikon\/wp-json\/wp\/v2\/types\/product"}],"replies":[{"embeddable":true,"href":"https:\/\/uj.adatbank.ro\/lexikon\/wp-json\/wp\/v2\/comments?post=11556"}],"wp:attachment":[{"href":"https:\/\/uj.adatbank.ro\/lexikon\/wp-json\/wp\/v2\/media?parent=11556"}],"wp:term":[{"taxonomy":"product_brand","embeddable":true,"href":"https:\/\/uj.adatbank.ro\/lexikon\/wp-json\/wp\/v2\/product_brand?post=11556"},{"taxonomy":"product_cat","embeddable":true,"href":"https:\/\/uj.adatbank.ro\/lexikon\/wp-json\/wp\/v2\/product_cat?post=11556"},{"taxonomy":"product_tag","embeddable":true,"href":"https:\/\/uj.adatbank.ro\/lexikon\/wp-json\/wp\/v2\/product_tag?post=11556"}],"curies":[{"name":"wp","href":"https:\/\/api.w.org\/{rel}","templated":true}]}}