{"id":11563,"date":"2025-06-29T13:57:25","date_gmt":"2025-06-29T11:57:25","guid":{"rendered":"https:\/\/uj.adatbank.ro\/lexikon\/termek\/kemeny-domokos-magyargyeromonostori-br\/"},"modified":"2025-06-29T13:57:25","modified_gmt":"2025-06-29T11:57:25","slug":"kemeny-domokos-magyargyeromonostori-br","status":"publish","type":"product","link":"https:\/\/uj.adatbank.ro\/lexikon\/termek\/kemeny-domokos-magyargyeromonostori-br\/","title":{"rendered":"KEM\u00c9NY Domokos, magyargyer\u0151monostori br."},"content":{"rendered":"<p>Mv., 1806, \u2020 Pusztakamar\u00e1s, 1885. okt. 12., Pusztakamar\u00e1son van eltemetve: f\u00f6ldbirtokos, kir. hivatalos, k\u00e9pvisel\u0151, ref. f\u0151gondnok. \u2013 K. Simon (1776\u20131826) \u00e9s sz\u00e9ki gr. Teleki Anna (1783\u20131851) fia. Feles\u00e9ge Zeyk Borb\u00e1la (Mv., 1807-Nagyenyed, 1847). Gyermekei: Gyula (1836\u20131905), Johanna (1840\u20131907), B\u00e9la (1844\u20131902), Vilma Ku\u00fan G\u00e9z\u00e1n\u00e9 (1847\u20131917). \u2013 Kir. hivatalos az erd\u00e9lyi 1848. \u00e9vi utols\u00f3 rendi ogy.-en (Kv., 1848. m\u00e1j. 29. -j\u00fal. 18.). A mv.-i koll. f\u0151gondnoka (1879. nov. 4. \u2013 1885), az Erd\u00e9lyi Ref. Egyh\u00e1z f\u0151gondnoka (1879\u2013), a Lipot-rend lovagja. A mv.-i v\u00e1laszt\u00f3ker\u00fclet orsz. gy.-i k\u00e9pvisel\u0151je volt. Halotti c\u00edmere a kv.-i Farkas utcai templomban. A pusztakamar\u00e1si kast\u00e9ly tulajdonosa. <br \/><strong>Irod.:<\/strong> Bicsok-Orb\u00e1n; Csisz\u00e1r; Egyed \u00c1.: Erd\u00e9ly 1848. ogy; Entz\u2013Kov\u00e1cs; Gudenus; Id\u0151t\u00e1r 2; Koncz; Kornis; Marosi-KZST; MNZS; P\u00e1lffy; Par\u00e1di; Szathm\u00e1ry Papp K\u00e1roly<\/br><\/p>\n","protected":false},"excerpt":{"rendered":"<p>Mv., 1806, \u2020 Pusztakamar\u00e1s, 1885. okt. 12., Pusztakamar\u00e1son van eltemetve: f\u00f6ldbirtokos, kir. hivatalos, k\u00e9pvisel\u0151, ref. f\u0151gondnok. \u2013 K. Simon (1776\u20131826) \u00e9s sz\u00e9ki gr. Teleki Anna (1783\u20131851) fia. Feles\u00e9ge Zeyk Borb\u00e1la (Mv., 1807-Nagyenyed, 1847). Gyermekei: Gyula (1836\u20131905), Johanna (1840\u20131907), B\u00e9la (1844\u20131902), Vilma Ku\u00fan G\u00e9z\u00e1n\u00e9 (1847\u20131917). \u2013 Kir. hivatalos az erd\u00e9lyi 1848. \u00e9vi utols\u00f3 rendi ogy.-en (Kv., [&hellip;]<\/p>\n","protected":false},"featured_media":0,"comment_status":"open","ping_status":"closed","template":"","meta":[],"product_brand":[],"product_cat":[137],"product_tag":[],"class_list":{"0":"post-11563","1":"product","2":"type-product","3":"status-publish","5":"product_cat-maros-megyei-eletrajzi-lexikon","7":"first","8":"instock","9":"shipping-taxable","10":"product-type-simple"},"_links":{"self":[{"href":"https:\/\/uj.adatbank.ro\/lexikon\/wp-json\/wp\/v2\/product\/11563","targetHints":{"allow":["GET"]}}],"collection":[{"href":"https:\/\/uj.adatbank.ro\/lexikon\/wp-json\/wp\/v2\/product"}],"about":[{"href":"https:\/\/uj.adatbank.ro\/lexikon\/wp-json\/wp\/v2\/types\/product"}],"replies":[{"embeddable":true,"href":"https:\/\/uj.adatbank.ro\/lexikon\/wp-json\/wp\/v2\/comments?post=11563"}],"wp:attachment":[{"href":"https:\/\/uj.adatbank.ro\/lexikon\/wp-json\/wp\/v2\/media?parent=11563"}],"wp:term":[{"taxonomy":"product_brand","embeddable":true,"href":"https:\/\/uj.adatbank.ro\/lexikon\/wp-json\/wp\/v2\/product_brand?post=11563"},{"taxonomy":"product_cat","embeddable":true,"href":"https:\/\/uj.adatbank.ro\/lexikon\/wp-json\/wp\/v2\/product_cat?post=11563"},{"taxonomy":"product_tag","embeddable":true,"href":"https:\/\/uj.adatbank.ro\/lexikon\/wp-json\/wp\/v2\/product_tag?post=11563"}],"curies":[{"name":"wp","href":"https:\/\/api.w.org\/{rel}","templated":true}]}}