{"id":11577,"date":"2025-06-29T13:57:49","date_gmt":"2025-06-29T11:57:49","guid":{"rendered":"https:\/\/uj.adatbank.ro\/lexikon\/termek\/kemeny-geza-gejza-magyargyeromonostori-br\/"},"modified":"2025-06-29T13:57:49","modified_gmt":"2025-06-29T11:57:49","slug":"kemeny-geza-gejza-magyargyeromonostori-br","status":"publish","type":"product","link":"https:\/\/uj.adatbank.ro\/lexikon\/termek\/kemeny-geza-gejza-magyargyeromonostori-br\/","title":{"rendered":"KEM\u00c9NY G\u00e9za, Gejza, magyargyer\u0151monostori br."},"content":{"rendered":"<p>Csombord, 1832, \u2020 Csekelaka, 1911. m\u00e1j. 29.: orsz\u00e1ggy\u0171l\u00e9si k\u00e9pvisel\u0151. \u2013 D\u00e9nes (1803\u20131849) \u00e9s Kem\u00e9ny Kata (1804\u20131895) fia. Tanulm\u00e1nyainak befejez\u00e9se ut\u00e1n gazd\u00e1lkodott \u00e9s mind a megyei k\u00f6z\u00e9letben, mind a k\u00f6rny\u00e9k gazdas\u00e1gi mozgalmaiban \u00e9l\u00e9nk r\u00e9szt v\u00e1llalt. \u00c9rdemeket szerzett a mv.-i bank alap\u00edt\u00e1s\u00e1ban; Magyarigen ker\u00fclet orsz\u00e1ggy\u0171l\u00e9si k\u00e9pvisel\u0151je (1878\u2013). Orsz\u00e1ggy\u0171l\u00e9si besz\u00e9dei a Napl\u00f3kban. \u2013 <strong>F. m.:<\/strong> Visszapillant\u00e1s h\u00e9t \u00e9vi korm\u00e1nyzatunkra (Mv., 1874) ; A k\u00f6zigazgat\u00e1s \u00e1llamos\u00edt\u00e1s\u00e1r\u00f3l (A papirkos\u00e1rb\u00f3l) (Bp., 1890). <br \/><strong>Irod.:<\/strong> Gudenus, Koncz; Szinnyei<\/br><\/p>\n","protected":false},"excerpt":{"rendered":"<p>Csombord, 1832, \u2020 Csekelaka, 1911. m\u00e1j. 29.: orsz\u00e1ggy\u0171l\u00e9si k\u00e9pvisel\u0151. \u2013 D\u00e9nes (1803\u20131849) \u00e9s Kem\u00e9ny Kata (1804\u20131895) fia. Tanulm\u00e1nyainak befejez\u00e9se ut\u00e1n gazd\u00e1lkodott \u00e9s mind a megyei k\u00f6z\u00e9letben, mind a k\u00f6rny\u00e9k gazdas\u00e1gi mozgalmaiban \u00e9l\u00e9nk r\u00e9szt v\u00e1llalt. \u00c9rdemeket szerzett a mv.-i bank alap\u00edt\u00e1s\u00e1ban; Magyarigen ker\u00fclet orsz\u00e1ggy\u0171l\u00e9si k\u00e9pvisel\u0151je (1878\u2013). Orsz\u00e1ggy\u0171l\u00e9si besz\u00e9dei a Napl\u00f3kban. \u2013 F. m.: Visszapillant\u00e1s h\u00e9t \u00e9vi [&hellip;]<\/p>\n","protected":false},"featured_media":0,"comment_status":"open","ping_status":"closed","template":"","meta":[],"product_brand":[],"product_cat":[137],"product_tag":[],"class_list":{"0":"post-11577","1":"product","2":"type-product","3":"status-publish","5":"product_cat-maros-megyei-eletrajzi-lexikon","7":"first","8":"instock","9":"shipping-taxable","10":"product-type-simple"},"_links":{"self":[{"href":"https:\/\/uj.adatbank.ro\/lexikon\/wp-json\/wp\/v2\/product\/11577","targetHints":{"allow":["GET"]}}],"collection":[{"href":"https:\/\/uj.adatbank.ro\/lexikon\/wp-json\/wp\/v2\/product"}],"about":[{"href":"https:\/\/uj.adatbank.ro\/lexikon\/wp-json\/wp\/v2\/types\/product"}],"replies":[{"embeddable":true,"href":"https:\/\/uj.adatbank.ro\/lexikon\/wp-json\/wp\/v2\/comments?post=11577"}],"wp:attachment":[{"href":"https:\/\/uj.adatbank.ro\/lexikon\/wp-json\/wp\/v2\/media?parent=11577"}],"wp:term":[{"taxonomy":"product_brand","embeddable":true,"href":"https:\/\/uj.adatbank.ro\/lexikon\/wp-json\/wp\/v2\/product_brand?post=11577"},{"taxonomy":"product_cat","embeddable":true,"href":"https:\/\/uj.adatbank.ro\/lexikon\/wp-json\/wp\/v2\/product_cat?post=11577"},{"taxonomy":"product_tag","embeddable":true,"href":"https:\/\/uj.adatbank.ro\/lexikon\/wp-json\/wp\/v2\/product_tag?post=11577"}],"curies":[{"name":"wp","href":"https:\/\/api.w.org\/{rel}","templated":true}]}}