{"id":11581,"date":"2025-06-29T13:57:58","date_gmt":"2025-06-29T11:57:58","guid":{"rendered":"https:\/\/uj.adatbank.ro\/lexikon\/termek\/kemeny-gyorgy-magyargyeromonostori-br-2\/"},"modified":"2025-06-29T13:57:58","modified_gmt":"2025-06-29T11:57:58","slug":"kemeny-gyorgy-magyargyeromonostori-br-2","status":"publish","type":"product","link":"https:\/\/uj.adatbank.ro\/lexikon\/termek\/kemeny-gyorgy-magyargyeromonostori-br-2\/","title":{"rendered":"KEM\u00c9NY Gy\u00f6rgy, magyargyer\u0151monostori br."},"content":{"rendered":"<p>1812, \u2020 Nagyenyed, 1896. nov. 23, temetve Marosv\u00e9cs: f\u0151isp\u00e1n, honv\u00e9d sz\u00e1zados. \u2013 Simon (1776\u20131826) \u00e9s Teleki Anna (1783\u20131851) fia. Feles\u00e9ge: bethleni gr. Bethlen M\u00e1ria (1814\u20131895), mindketten Marosv\u00e9csen vannak eltemetve. Gyermekeik: \u00d6d\u00f6n (1837\u20131921), K\u00e1lm\u00e1n (1838\u20131918), M\u00e1ria, B\u00e1nffy Dezs\u0151n\u00e9 (1844\u20131884), Endre (1845\u20131898), Anna- Petky Ferencn\u00e9 (1849-?), Simon (1851\u20131928). Az 1848\u201349 es forradalom \u00e9s szabads\u00e1gharc alatt honv\u00e9d sz\u00e1zados. F\u0151isp\u00e1n Torda-Aranyos vm. f\u0151isp\u00e1nja 22 \u00e9vig (1876\u201386). A marosv\u00e9csi \u00e9s a magyarb\u00fckk\u00f6si kast\u00e9ly tulajdonosa. <br \/><strong>Irod.:<\/strong> Bicsok-Orb\u00e1n; Bor\u00e1szati t\u00f6rzsk\u00f6nyv (Bp., 1883)-Gudenus; Paget; Kornis; Mo. F\u0151isp\u00e1njai<\/br><\/p>\n","protected":false},"excerpt":{"rendered":"<p>1812, \u2020 Nagyenyed, 1896. nov. 23, temetve Marosv\u00e9cs: f\u0151isp\u00e1n, honv\u00e9d sz\u00e1zados. \u2013 Simon (1776\u20131826) \u00e9s Teleki Anna (1783\u20131851) fia. Feles\u00e9ge: bethleni gr. Bethlen M\u00e1ria (1814\u20131895), mindketten Marosv\u00e9csen vannak eltemetve. Gyermekeik: \u00d6d\u00f6n (1837\u20131921), K\u00e1lm\u00e1n (1838\u20131918), M\u00e1ria, B\u00e1nffy Dezs\u0151n\u00e9 (1844\u20131884), Endre (1845\u20131898), Anna- Petky Ferencn\u00e9 (1849-?), Simon (1851\u20131928). Az 1848\u201349 es forradalom \u00e9s szabads\u00e1gharc alatt honv\u00e9d sz\u00e1zados. [&hellip;]<\/p>\n","protected":false},"featured_media":0,"comment_status":"open","ping_status":"closed","template":"","meta":[],"product_brand":[],"product_cat":[137],"product_tag":[],"class_list":{"0":"post-11581","1":"product","2":"type-product","3":"status-publish","5":"product_cat-maros-megyei-eletrajzi-lexikon","7":"first","8":"instock","9":"shipping-taxable","10":"product-type-simple"},"_links":{"self":[{"href":"https:\/\/uj.adatbank.ro\/lexikon\/wp-json\/wp\/v2\/product\/11581","targetHints":{"allow":["GET"]}}],"collection":[{"href":"https:\/\/uj.adatbank.ro\/lexikon\/wp-json\/wp\/v2\/product"}],"about":[{"href":"https:\/\/uj.adatbank.ro\/lexikon\/wp-json\/wp\/v2\/types\/product"}],"replies":[{"embeddable":true,"href":"https:\/\/uj.adatbank.ro\/lexikon\/wp-json\/wp\/v2\/comments?post=11581"}],"wp:attachment":[{"href":"https:\/\/uj.adatbank.ro\/lexikon\/wp-json\/wp\/v2\/media?parent=11581"}],"wp:term":[{"taxonomy":"product_brand","embeddable":true,"href":"https:\/\/uj.adatbank.ro\/lexikon\/wp-json\/wp\/v2\/product_brand?post=11581"},{"taxonomy":"product_cat","embeddable":true,"href":"https:\/\/uj.adatbank.ro\/lexikon\/wp-json\/wp\/v2\/product_cat?post=11581"},{"taxonomy":"product_tag","embeddable":true,"href":"https:\/\/uj.adatbank.ro\/lexikon\/wp-json\/wp\/v2\/product_tag?post=11581"}],"curies":[{"name":"wp","href":"https:\/\/api.w.org\/{rel}","templated":true}]}}