{"id":11584,"date":"2025-06-29T13:58:05","date_gmt":"2025-06-29T11:58:05","guid":{"rendered":"https:\/\/uj.adatbank.ro\/lexikon\/termek\/kemeny-ilona-magyargyeromonostori-br-markos-andrasne\/"},"modified":"2025-06-29T13:58:05","modified_gmt":"2025-06-29T11:58:05","slug":"kemeny-ilona-magyargyeromonostori-br-markos-andrasne","status":"publish","type":"product","link":"https:\/\/uj.adatbank.ro\/lexikon\/termek\/kemeny-ilona-magyargyeromonostori-br-markos-andrasne\/","title":{"rendered":"KEM\u00c9NY Ilona, magyargyer\u0151monostori br, Markos Andr\u00e1sn\u00e9"},"content":{"rendered":"<p>Mv., 1918. j\u00fal. 26 \u2020 ? : b\u00e1r\u00f3n\u0151. \u2013 P\u00e1l (1867\u20131934) \u00e9s sz\u00e9plaki Petrichevich Horv\u00e1th Eszter (1880\u20131952) l\u00e1nya. F\u00e9rjhez ment Kv.-on (1944. okt. 6.) Markos Andr\u00e1s egyetemi tan\u00e1r, az Erd\u00e9lyi Ref. Egyh\u00e1z f\u0151lev\u00e9lt\u00e1ros\u00e1hoz. Kv.-on \u00e9lt. <br \/><strong>Irod.:<\/strong> Gudenus<\/br><\/p>\n","protected":false},"excerpt":{"rendered":"<p>Mv., 1918. j\u00fal. 26 \u2020 ? : b\u00e1r\u00f3n\u0151. \u2013 P\u00e1l (1867\u20131934) \u00e9s sz\u00e9plaki Petrichevich Horv\u00e1th Eszter (1880\u20131952) l\u00e1nya. F\u00e9rjhez ment Kv.-on (1944. okt. 6.) Markos Andr\u00e1s egyetemi tan\u00e1r, az Erd\u00e9lyi Ref. Egyh\u00e1z f\u0151lev\u00e9lt\u00e1ros\u00e1hoz. Kv.-on \u00e9lt. Irod.: Gudenus<\/p>\n","protected":false},"featured_media":0,"comment_status":"open","ping_status":"closed","template":"","meta":[],"product_brand":[],"product_cat":[137],"product_tag":[],"class_list":{"0":"post-11584","1":"product","2":"type-product","3":"status-publish","5":"product_cat-maros-megyei-eletrajzi-lexikon","7":"first","8":"instock","9":"shipping-taxable","10":"product-type-simple"},"_links":{"self":[{"href":"https:\/\/uj.adatbank.ro\/lexikon\/wp-json\/wp\/v2\/product\/11584","targetHints":{"allow":["GET"]}}],"collection":[{"href":"https:\/\/uj.adatbank.ro\/lexikon\/wp-json\/wp\/v2\/product"}],"about":[{"href":"https:\/\/uj.adatbank.ro\/lexikon\/wp-json\/wp\/v2\/types\/product"}],"replies":[{"embeddable":true,"href":"https:\/\/uj.adatbank.ro\/lexikon\/wp-json\/wp\/v2\/comments?post=11584"}],"wp:attachment":[{"href":"https:\/\/uj.adatbank.ro\/lexikon\/wp-json\/wp\/v2\/media?parent=11584"}],"wp:term":[{"taxonomy":"product_brand","embeddable":true,"href":"https:\/\/uj.adatbank.ro\/lexikon\/wp-json\/wp\/v2\/product_brand?post=11584"},{"taxonomy":"product_cat","embeddable":true,"href":"https:\/\/uj.adatbank.ro\/lexikon\/wp-json\/wp\/v2\/product_cat?post=11584"},{"taxonomy":"product_tag","embeddable":true,"href":"https:\/\/uj.adatbank.ro\/lexikon\/wp-json\/wp\/v2\/product_tag?post=11584"}],"curies":[{"name":"wp","href":"https:\/\/api.w.org\/{rel}","templated":true}]}}