{"id":11585,"date":"2025-06-29T13:58:07","date_gmt":"2025-06-29T11:58:07","guid":{"rendered":"https:\/\/uj.adatbank.ro\/lexikon\/termek\/kemeny-istvan-%c2%a7-magyargyeromonostori-br\/"},"modified":"2025-06-29T13:58:07","modified_gmt":"2025-06-29T11:58:07","slug":"kemeny-istvan-%c2%a7-magyargyeromonostori-br","status":"publish","type":"product","link":"https:\/\/uj.adatbank.ro\/lexikon\/termek\/kemeny-istvan-%c2%a7-magyargyeromonostori-br\/","title":{"rendered":"KEM\u00c9NY Istv\u00e1n, \u00a7 magyargyer\u0151monostori br."},"content":{"rendered":"<p>1811, \u2020 Csombord, 1881. szept. 14.: f\u0151isp\u00e1n, ogy.-i k\u00f6vet, ogy.-i k\u00e9pvisel\u0151, erd\u00e9lyi ellenz\u00e9ki politikus, a nagyenyedi \u00e9s gyulafeh\u00e9rv\u00e1ri egyh\u00e1zmegye \u00e9s a nagyenyedi koll. f\u0151gondnoka. \u2013 K. Simon (1776\u20131826) \u00e9s Teleki Anna (1783\u20131851) fia. Feles\u00e9ge: B\u00e1nffy Katalin (1811\u20131886). \u2013 Nevel\u0151je Vajda S\u00e1muel volt (14 \u00e9vig). Csombordi gazdas\u00e1g\u00e1t 25 \u00e9ves kor\u00e1t\u00f3l vezette. A k\u00f6z\u00fcgyek mellett jelent\u0151s sz\u0151l\u0151\u00e9p\u00edt\u0151 volt (f\u0151leg 1848 ut\u00e1n), Erd\u00e9lyben el\u0151sz\u00f6r alkalmazott err\u00f3zi\u00f3 elleni m\u00f3dszereket, ter\u00fcletrendez\u00e9st. M\u00f3dszer\u00e9t k\u00f6nyv alakban is k\u00f6z\u00f6lte. Borai ez\u00fcst- \u00e9s arany\u00e9rmesek, \u00e9rdemrenddel kit\u00fcntetettek, erd\u00e9lyi ki\u00e1ll\u00edt\u00e1sokon, \u00e9s a p\u00e1rizsi (1867), a b\u00e9csi vil\u00e1gki\u00e1ll\u00edt\u00e1son (1873), m\u00e9g hal\u00e1la ut\u00e1n is bor\u00e1t \u00e1llami ez\u00fcst\u00e9remmel t\u00fcntett\u00e9k ki (1883). Alap\u00edt\u00f3 tagja az Erd\u00e9lyi-Pince Egyletnek (1866), amelynek nagy szerepe volt az erd\u00e9lyi bor\u00e1szat korszer\u0171s\u00edt\u00e9s\u00e9ben. A csombordi uradalom \u00e9s kast\u00e9ly tulajdonosa. Eml\u00e9kiratai: A fekete k\u00f6nyv, b\u00e1r\u00f3 Kem\u00e9ny Istv\u00e1n eml\u00e9kiratai c. a T\u00f6rt\u00e9nelmi Lapok (Kv.) has\u00e1bjain jelentek meg. \u2013 <strong>F. m.:<\/strong> A sz\u0151l\u0151 \u00e9p\u00edt\u00e9sgyakorlati m\u00f3dja: mik\u00e9nt azt csombordi j\u00f3sz\u00e1g\u00e1n l\u00e9tes\u00edtette \u00e9s meg\u00edrta \/ ifj. br. Kem\u00e9ny Istv\u00e1n (2. kiad.; Pest, 1900). <br \/><strong>Irod.:<\/strong> Bicsok-Orb\u00e1n; Cs\u00e1vossy; Gy\u00e1szjelent.; Sz\u00e1sz Domokos: Halotti besz\u00e9d magyargyer\u0151monostori br. Kem\u00e9ny Istv\u00e1n felett, 1881. szept. 16. (Kv., 1881).<\/br><\/p>\n","protected":false},"excerpt":{"rendered":"<p>1811, \u2020 Csombord, 1881. szept. 14.: f\u0151isp\u00e1n, ogy.-i k\u00f6vet, ogy.-i k\u00e9pvisel\u0151, erd\u00e9lyi ellenz\u00e9ki politikus, a nagyenyedi \u00e9s gyulafeh\u00e9rv\u00e1ri egyh\u00e1zmegye \u00e9s a nagyenyedi koll. f\u0151gondnoka. \u2013 K. Simon (1776\u20131826) \u00e9s Teleki Anna (1783\u20131851) fia. Feles\u00e9ge: B\u00e1nffy Katalin (1811\u20131886). \u2013 Nevel\u0151je Vajda S\u00e1muel volt (14 \u00e9vig). Csombordi gazdas\u00e1g\u00e1t 25 \u00e9ves kor\u00e1t\u00f3l vezette. A k\u00f6z\u00fcgyek mellett jelent\u0151s sz\u0151l\u0151\u00e9p\u00edt\u0151 [&hellip;]<\/p>\n","protected":false},"featured_media":0,"comment_status":"open","ping_status":"closed","template":"","meta":[],"product_brand":[],"product_cat":[137],"product_tag":[],"class_list":{"0":"post-11585","1":"product","2":"type-product","3":"status-publish","5":"product_cat-maros-megyei-eletrajzi-lexikon","7":"first","8":"instock","9":"shipping-taxable","10":"product-type-simple"},"_links":{"self":[{"href":"https:\/\/uj.adatbank.ro\/lexikon\/wp-json\/wp\/v2\/product\/11585","targetHints":{"allow":["GET"]}}],"collection":[{"href":"https:\/\/uj.adatbank.ro\/lexikon\/wp-json\/wp\/v2\/product"}],"about":[{"href":"https:\/\/uj.adatbank.ro\/lexikon\/wp-json\/wp\/v2\/types\/product"}],"replies":[{"embeddable":true,"href":"https:\/\/uj.adatbank.ro\/lexikon\/wp-json\/wp\/v2\/comments?post=11585"}],"wp:attachment":[{"href":"https:\/\/uj.adatbank.ro\/lexikon\/wp-json\/wp\/v2\/media?parent=11585"}],"wp:term":[{"taxonomy":"product_brand","embeddable":true,"href":"https:\/\/uj.adatbank.ro\/lexikon\/wp-json\/wp\/v2\/product_brand?post=11585"},{"taxonomy":"product_cat","embeddable":true,"href":"https:\/\/uj.adatbank.ro\/lexikon\/wp-json\/wp\/v2\/product_cat?post=11585"},{"taxonomy":"product_tag","embeddable":true,"href":"https:\/\/uj.adatbank.ro\/lexikon\/wp-json\/wp\/v2\/product_tag?post=11585"}],"curies":[{"name":"wp","href":"https:\/\/api.w.org\/{rel}","templated":true}]}}