{"id":11587,"date":"2025-06-29T13:58:11","date_gmt":"2025-06-29T11:58:11","guid":{"rendered":"https:\/\/uj.adatbank.ro\/lexikon\/termek\/kemeny-istvan-magyargyeromonostori-br-2\/"},"modified":"2025-06-29T13:58:11","modified_gmt":"2025-06-29T11:58:11","slug":"kemeny-istvan-magyargyeromonostori-br-2","status":"publish","type":"product","link":"https:\/\/uj.adatbank.ro\/lexikon\/termek\/kemeny-istvan-magyargyeromonostori-br-2\/","title":{"rendered":"KEM\u00c9NY Istv\u00e1n, magyargyer\u0151monostori br."},"content":{"rendered":"<p>Kv., 1863. j\u00fal. 26., \u2020 Pittsburgh, 1904. nov. 18.: katonatiszt, oktat\u00f3, \u00edrnok. \u2013 K. \u00d6d\u00f6n (1837\u20131921) \u00e9s ka\u00e1li Nagy Gizella (1839\u20131898) fia. Feles\u00e9ge: Mitchell Ida Berenice (1871\u20131956), sk\u00f3t sz\u00e1rmaz\u00e1s\u00fa. Pittsburghban sz\u00fclettek gyermekeik: Gizella M\u00e1ria (1898\u20131943), Berenice Laura- Bethlen Bal\u00e1zsn\u00e9 (1900\u20131981), J\u00e1nos (1903\u20131971) a k\u00e9s\u0151bbi \u00edr\u00f3; mostohafia, Wallace Fred. Katonatiszt volt Brass\u00f3ban, tan\u00e1r egy lovagl\u00f3iskol\u00e1ban B\u00e9csben, v\u00e1lt\u00f3t \u00edrt al\u00e1, becsapt\u00e1k, a csal\u00e1d hajland\u00f3 volt fizetni azzal a felt\u00e9tellel, ha kiv\u00e1ndorol, \u00e9s kiv\u00e1ndorolt Amerik\u00e1ba. Mint dokkmunk\u00e1s, mosogat\u00f3, sz\u00e1llodai liftkezel\u0151, majd \u00ednok lett az Osztr\u00e1k-M. Monarchia pittsburghi konzul\u00e1tus\u00e1n. Megn\u0151s\u00fclt, feles\u00e9g\u00fcl vett egy sk\u00f3t sz\u00e1rmaz\u00e1s\u00fa \u00f6zvegyet. Hal\u00e1la ut\u00e1n feles\u00e9ge gyermekeivel \u00e9s els\u0151 h\u00e1zass\u00e1g\u00e1b\u00f3l val\u00f3 fi\u00e1val, Wallace Freddel Erd\u00e9lybe j\u00f6tt (1904. dec.), Kem\u00e9ny \u00d6d\u00f6n ap\u00f3s\u00e1hoz, az als\u00f3j\u00e1rai otthon\u00e1ba k\u00f6lt\u00f6z\u00f6tt n\u00e9gy gyermek\u00e9vel. <br \/><strong>Irod.:<\/strong> Gudenus; Kem\u00e9ny J\u00e1nos: Kakukk fi\u00f3k\u00e1k (Buk, 1972); Kornis; Nagyap\u00e1mat mai napig p\u00e9ldak\u00e9pemnek tartom \/ Ol\u00e1h-G\u00e1l Elvira besz\u00e9lget\u00e9se V\u00e9csi Nagy Zolt\u00e1nnal (Sz\u00e9kelyf\u00f6ld, 6. sz., 2012)<\/br><\/p>\n","protected":false},"excerpt":{"rendered":"<p>Kv., 1863. j\u00fal. 26., \u2020 Pittsburgh, 1904. nov. 18.: katonatiszt, oktat\u00f3, \u00edrnok. \u2013 K. \u00d6d\u00f6n (1837\u20131921) \u00e9s ka\u00e1li Nagy Gizella (1839\u20131898) fia. Feles\u00e9ge: Mitchell Ida Berenice (1871\u20131956), sk\u00f3t sz\u00e1rmaz\u00e1s\u00fa. Pittsburghban sz\u00fclettek gyermekeik: Gizella M\u00e1ria (1898\u20131943), Berenice Laura- Bethlen Bal\u00e1zsn\u00e9 (1900\u20131981), J\u00e1nos (1903\u20131971) a k\u00e9s\u0151bbi \u00edr\u00f3; mostohafia, Wallace Fred. Katonatiszt volt Brass\u00f3ban, tan\u00e1r egy lovagl\u00f3iskol\u00e1ban B\u00e9csben, [&hellip;]<\/p>\n","protected":false},"featured_media":0,"comment_status":"open","ping_status":"closed","template":"","meta":[],"product_brand":[],"product_cat":[137],"product_tag":[],"class_list":{"0":"post-11587","1":"product","2":"type-product","3":"status-publish","5":"product_cat-maros-megyei-eletrajzi-lexikon","7":"first","8":"instock","9":"shipping-taxable","10":"product-type-simple"},"_links":{"self":[{"href":"https:\/\/uj.adatbank.ro\/lexikon\/wp-json\/wp\/v2\/product\/11587","targetHints":{"allow":["GET"]}}],"collection":[{"href":"https:\/\/uj.adatbank.ro\/lexikon\/wp-json\/wp\/v2\/product"}],"about":[{"href":"https:\/\/uj.adatbank.ro\/lexikon\/wp-json\/wp\/v2\/types\/product"}],"replies":[{"embeddable":true,"href":"https:\/\/uj.adatbank.ro\/lexikon\/wp-json\/wp\/v2\/comments?post=11587"}],"wp:attachment":[{"href":"https:\/\/uj.adatbank.ro\/lexikon\/wp-json\/wp\/v2\/media?parent=11587"}],"wp:term":[{"taxonomy":"product_brand","embeddable":true,"href":"https:\/\/uj.adatbank.ro\/lexikon\/wp-json\/wp\/v2\/product_brand?post=11587"},{"taxonomy":"product_cat","embeddable":true,"href":"https:\/\/uj.adatbank.ro\/lexikon\/wp-json\/wp\/v2\/product_cat?post=11587"},{"taxonomy":"product_tag","embeddable":true,"href":"https:\/\/uj.adatbank.ro\/lexikon\/wp-json\/wp\/v2\/product_tag?post=11587"}],"curies":[{"name":"wp","href":"https:\/\/api.w.org\/{rel}","templated":true}]}}