{"id":11588,"date":"2025-06-29T13:58:13","date_gmt":"2025-06-29T11:58:13","guid":{"rendered":"https:\/\/uj.adatbank.ro\/lexikon\/termek\/kemeny-istvan-magyargyeromosnostori-br\/"},"modified":"2025-06-29T13:58:13","modified_gmt":"2025-06-29T11:58:13","slug":"kemeny-istvan-magyargyeromosnostori-br","status":"publish","type":"product","link":"https:\/\/uj.adatbank.ro\/lexikon\/termek\/kemeny-istvan-magyargyeromosnostori-br\/","title":{"rendered":"KEM\u00c9NY Istv\u00e1n, magyargyer\u0151mosnostori br."},"content":{"rendered":"<p>1804.? \u2020 Kv., 1866. \u00e1pr. 29.: f\u00f6ldbirtokos, f\u0151isp\u00e1n. \u2013 Testv\u00e9re: K. Borb\u00e1ra. \u2013 Az ogy.-ben ellenz\u00e9ki sz\u00f3nok. Als\u00f3-Fej\u00e9r vm. f\u0151isp\u00e1nja r\u00f6vid ideig (1848\u201349), V\u00e9cs v\u00e1r\u00e1r\u00f3l v\u00e9csi \u00e1gnak nevezte mag\u00e1t. A m\u00e1sodik f\u0151vonalhoz tarzozik, amelynek \u00e1ga b\u00e1r\u00f3s\u00e1got kapott (1755). <br \/><strong>Irod.:<\/strong> Kornis; Mo. f\u0151isp\u00e1njai; Nagy Iv\u00e1n; P\u00e1lffy.<\/br><\/p>\n","protected":false},"excerpt":{"rendered":"<p>1804.? \u2020 Kv., 1866. \u00e1pr. 29.: f\u00f6ldbirtokos, f\u0151isp\u00e1n. \u2013 Testv\u00e9re: K. Borb\u00e1ra. \u2013 Az ogy.-ben ellenz\u00e9ki sz\u00f3nok. Als\u00f3-Fej\u00e9r vm. f\u0151isp\u00e1nja r\u00f6vid ideig (1848\u201349), V\u00e9cs v\u00e1r\u00e1r\u00f3l v\u00e9csi \u00e1gnak nevezte mag\u00e1t. A m\u00e1sodik f\u0151vonalhoz tarzozik, amelynek \u00e1ga b\u00e1r\u00f3s\u00e1got kapott (1755). Irod.: Kornis; Mo. f\u0151isp\u00e1njai; Nagy Iv\u00e1n; P\u00e1lffy.<\/p>\n","protected":false},"featured_media":0,"comment_status":"open","ping_status":"closed","template":"","meta":[],"product_brand":[],"product_cat":[137],"product_tag":[],"class_list":{"0":"post-11588","1":"product","2":"type-product","3":"status-publish","5":"product_cat-maros-megyei-eletrajzi-lexikon","7":"first","8":"instock","9":"shipping-taxable","10":"product-type-simple"},"_links":{"self":[{"href":"https:\/\/uj.adatbank.ro\/lexikon\/wp-json\/wp\/v2\/product\/11588","targetHints":{"allow":["GET"]}}],"collection":[{"href":"https:\/\/uj.adatbank.ro\/lexikon\/wp-json\/wp\/v2\/product"}],"about":[{"href":"https:\/\/uj.adatbank.ro\/lexikon\/wp-json\/wp\/v2\/types\/product"}],"replies":[{"embeddable":true,"href":"https:\/\/uj.adatbank.ro\/lexikon\/wp-json\/wp\/v2\/comments?post=11588"}],"wp:attachment":[{"href":"https:\/\/uj.adatbank.ro\/lexikon\/wp-json\/wp\/v2\/media?parent=11588"}],"wp:term":[{"taxonomy":"product_brand","embeddable":true,"href":"https:\/\/uj.adatbank.ro\/lexikon\/wp-json\/wp\/v2\/product_brand?post=11588"},{"taxonomy":"product_cat","embeddable":true,"href":"https:\/\/uj.adatbank.ro\/lexikon\/wp-json\/wp\/v2\/product_cat?post=11588"},{"taxonomy":"product_tag","embeddable":true,"href":"https:\/\/uj.adatbank.ro\/lexikon\/wp-json\/wp\/v2\/product_tag?post=11588"}],"curies":[{"name":"wp","href":"https:\/\/api.w.org\/{rel}","templated":true}]}}