{"id":11590,"date":"2025-06-29T13:58:16","date_gmt":"2025-06-29T11:58:16","guid":{"rendered":"https:\/\/uj.adatbank.ro\/lexikon\/termek\/kemeny-janos-i-magyargyeromonostori\/"},"modified":"2025-06-29T13:58:16","modified_gmt":"2025-06-29T11:58:16","slug":"kemeny-janos-i-magyargyeromonostori","status":"publish","type":"product","link":"https:\/\/uj.adatbank.ro\/lexikon\/termek\/kemeny-janos-i-magyargyeromonostori\/","title":{"rendered":"KEM\u00c9NY J\u00e1nos I., magyargyer\u0151monostori"},"content":{"rendered":"<p>? \u2020 Zernyest, 1603. j\u00fal. 17.: k\u00f6vet. \u2013 K. P\u00e9ter unok\u00e1ja. Apja Istv\u00e1n, k\u00fck\u00fcll\u0151i f\u0151isp\u00e1n. \u2013 Martinuzzi Gy\u00f6rgy rendelet\u00e9b\u0151l a Brassai Havasokra az Erd\u00e9lyt pusztit\u00f3 rom\u00e1nok ellen ment, akiket ott meg is vert (1550). Ferdinand k\u00f6vete Erd\u00e9lyben Szoliman cs\u00e1sz\u00e1rhoz (1552); \u0151 \u00e1ltala nyilatkoztatta ki Izabella a fej\u00e9rv\u00e1ri gy\u00fcl\u00e9sen a Kendiek meg\u00f6lettet\u00e9s\u00e9nek ok\u00e1t (1558). B\u00fckk\u00f6st szerezte, \u00e9s t\u00f6bb j\u00f3sz\u00e1gr\u00e9szt csal\u00e1dja r\u00e9sz\u00e9re. A Radu \u015eerban vajda elleni zernyesti \u00fctk\u00f6zetben esett el (1603. j\u00fal. 17.). <br \/><strong>Irod.:<\/strong> Erd\u00e9lyi v\u00e1rmegy\u00e9k; Nagy Iv\u00e1n<\/br><\/p>\n","protected":false},"excerpt":{"rendered":"<p>? \u2020 Zernyest, 1603. j\u00fal. 17.: k\u00f6vet. \u2013 K. P\u00e9ter unok\u00e1ja. Apja Istv\u00e1n, k\u00fck\u00fcll\u0151i f\u0151isp\u00e1n. \u2013 Martinuzzi Gy\u00f6rgy rendelet\u00e9b\u0151l a Brassai Havasokra az Erd\u00e9lyt pusztit\u00f3 rom\u00e1nok ellen ment, akiket ott meg is vert (1550). Ferdinand k\u00f6vete Erd\u00e9lyben Szoliman cs\u00e1sz\u00e1rhoz (1552); \u0151 \u00e1ltala nyilatkoztatta ki Izabella a fej\u00e9rv\u00e1ri gy\u00fcl\u00e9sen a Kendiek meg\u00f6lettet\u00e9s\u00e9nek ok\u00e1t (1558). B\u00fckk\u00f6st szerezte, [&hellip;]<\/p>\n","protected":false},"featured_media":0,"comment_status":"open","ping_status":"closed","template":"","meta":[],"product_brand":[],"product_cat":[137],"product_tag":[],"class_list":{"0":"post-11590","1":"product","2":"type-product","3":"status-publish","5":"product_cat-maros-megyei-eletrajzi-lexikon","7":"first","8":"instock","9":"shipping-taxable","10":"product-type-simple"},"_links":{"self":[{"href":"https:\/\/uj.adatbank.ro\/lexikon\/wp-json\/wp\/v2\/product\/11590","targetHints":{"allow":["GET"]}}],"collection":[{"href":"https:\/\/uj.adatbank.ro\/lexikon\/wp-json\/wp\/v2\/product"}],"about":[{"href":"https:\/\/uj.adatbank.ro\/lexikon\/wp-json\/wp\/v2\/types\/product"}],"replies":[{"embeddable":true,"href":"https:\/\/uj.adatbank.ro\/lexikon\/wp-json\/wp\/v2\/comments?post=11590"}],"wp:attachment":[{"href":"https:\/\/uj.adatbank.ro\/lexikon\/wp-json\/wp\/v2\/media?parent=11590"}],"wp:term":[{"taxonomy":"product_brand","embeddable":true,"href":"https:\/\/uj.adatbank.ro\/lexikon\/wp-json\/wp\/v2\/product_brand?post=11590"},{"taxonomy":"product_cat","embeddable":true,"href":"https:\/\/uj.adatbank.ro\/lexikon\/wp-json\/wp\/v2\/product_cat?post=11590"},{"taxonomy":"product_tag","embeddable":true,"href":"https:\/\/uj.adatbank.ro\/lexikon\/wp-json\/wp\/v2\/product_tag?post=11590"}],"curies":[{"name":"wp","href":"https:\/\/api.w.org\/{rel}","templated":true}]}}