{"id":11591,"date":"2025-06-29T13:58:19","date_gmt":"2025-06-29T11:58:19","guid":{"rendered":"https:\/\/uj.adatbank.ro\/lexikon\/termek\/kemeny-janos-%c2%a7-magyargyeromonostori\/"},"modified":"2025-06-29T13:58:19","modified_gmt":"2025-06-29T11:58:19","slug":"kemeny-janos-%c2%a7-magyargyeromonostori","status":"publish","type":"product","link":"https:\/\/uj.adatbank.ro\/lexikon\/termek\/kemeny-janos-%c2%a7-magyargyeromonostori\/","title":{"rendered":"KEM\u00c9NY J\u00e1nos, \u00a7 magyargyer\u0151monostori"},"content":{"rendered":"<p>Magyarb\u00fckk\u00f6s, 1607. dec. 14., \u2020 Nagysz\u0151l\u0151s, 1662. jan. 23.: Erd\u00e9ly fejedelme, eml\u00e9k\u00edr\u00f3. \u2013 K. Boldizs\u00e1r (\u2020 1630) \u00e9s Tomyi Zs\u00f3fia fia. \u00d6ccse: Boldizs\u00e1r (\u2020 1657. febr. 16). Feles\u00e9ge: 1. K\u00e1llay Zsuzsanna (1632\u20131655), h\u00e1zass\u00e1gukb\u00f3l sz\u00fcletett Simon (1633\u20131675) \u00e9s Ferenc (1636\u20131661); 2. L\u00f3nyay Anna (1659-t\u0151l; \u20201693). Fi\u00fak: K. P\u00e9ter, J\u00e1nos (\u2020 1685. m\u00e1rc. 13.). Unit. udvari tan\u00edt\u00f3 nevelte. Gyulafeh\u00e9rv\u00e1ron tanult, majd udvari szolg\u00e1latba l\u00e9pett (1623). Ifj\u00fakor\u00e1t Bethlen G\u00e1bor udvar\u00e1ban t\u00f6lt\u00f6tte (1623\u2013), apr\u00f3d volt, f\u0151poh\u00e1rnok (1625\u2013), f\u0151bej\u00e1r\u00f3 (1628\u2013). A fejedelem felismerte diplom\u00e1ciai k\u00e9pess\u00e9geit, \u00e9s ilyen jelleg\u0171 feladatokkal b\u00edzta meg, majd elkis\u00e9rte \u0151t hadj\u00e1rtaiban. J\u00e1rt Konstantin\u00e1polyban, B\u00e9csben, Pr\u00e1g\u00e1ban, Berlinben. Tagja volt annak a k\u00fcld\u00f6tts\u00e9gnek, amely Bethlen G\u00e1bor r\u00e9sz\u00e9re megk\u00e9rte Brandenburgi Katalin kez\u00e9t. Fejedelmi k\u00f6vetk\u00e9nt felkereste P\u00e1zm\u00e1ny P\u00e9ter esztergomi \u00e9rseket (1627), Isztambulban portai k\u00f6vet (1628\u201329). Apja hal\u00e1l\u00e1t k\u00f6vet\u0151en fogarasi f\u0151kapit\u00e1ny (1630), \u00e9s Feh\u00e9r v\u00e1rmegye f\u0151isp\u00e1nja (1630\u201357), Fogaras f\u00f6ldj\u00e9nek kapit\u00e1nya, erd\u00e9lyi f\u0151hadvez\u00e9r. A fejedelem egyik legtekint\u00e9lyesebb tan\u00e1csossa, I. R\u00e1k\u00f3czi Gy\u00f6rgyt\u0151l elnyerte a f\u0151kamar\u00e1si tisztet (1637), kincstart\u00f3 (1637\u201346), a fejedelmi t\u00e1bla \u00fcln\u00f6ke (1637), Feh\u00e9r megye f\u0151isp\u00e1nja. R\u00e9szt vett az I. R\u00e1k\u00f3czi Gy\u00f6rgy vezet\u00e9se alatt D\u00e9sen tartott ogy.-en (1638. j\u00fal. 7. \u2013). Habsburgok elleni hadj\u00e1rat f\u0151vez\u00e9re (1644), gener\u00e1lis (1645\u2013), tized-f\u0151\u00e1rend\u00e1tor is (1646\u2013), kancell\u00e1riai teend\u0151ket is ell\u00e1tott a fontosabb diplom\u00e1ciai \u00fcgyeben, fejedelmi tan\u00e1csos (1649\u201360). Amikor II. R\u00e1k\u00f3czi Gy\u00f6rgy nagybeteg volt (1652), gubern\u00e1tornak v\u00e1lasztott\u00e1k, de ezt a tiszts\u00e9get nem gyakorolta. II. R\u00e1k\u00f3czi Gy\u00f6rgy katasztr\u00f3f\u00e1lis lengyel hadj\u00e1ratban f\u0151vez\u00e9re volt az erd\u00e9lyi seregnek (1657), majd k\u00e9t \u00e9vig (1657\u201358) volt bahcsiszer\u00e1ji tat\u00e1r fogs\u00e1gban, ott \u00edrta \u00d6n\u00e9let\u00edr\u00e1s\u00e1t, egy, az erd\u00e9lyi \u00e1llapotokat elemz\u0151 r\u00f6pirat\u00e1t, leveleit, vala\u00admint zsolt\u00e1rsz\u00f6vegekb\u0151l \u00f6ssze\u00e1ll\u00edtott im\u00e1it. Barcsay \u00c1kos fejedelem kiv\u00e1ltotta, \u00e9s hazat\u00e9rhetett (1659). Ez id\u0151ben II. R\u00e1k\u00f3czi Gy\u00f6rgy \u00e9s Barcsay \u00c1kos versengett a fejedelmi sz\u00e9k\u00e9rt. Egyikhez sem akart csatlakozni, ez\u00e9rt visszavonult feles\u00e9ge, L\u00f3nyay Anna birtok\u00e1ra, Aranyosmeggyesre (Szatm\u00e1r). II. R\u00e1k\u00f3czi Gy\u00f6rgy hal\u00e1la ut\u00e1n, j\u00f3r\u00e9szt hajd\u00fakb\u00f3l \u00e9s sz\u00e9kelyekb\u0151l \u00e1ll\u00f3 sereg\u00e9vel benyomult Erd\u00e9lybe (1660. nov.). Ekkor a polg\u00e1rh\u00e1bor\u00fat elker\u00fclni akar\u00f3 Barcsay lemondott, megv\u00e1lasztott\u00e1k Erd\u00e9ly fejedelm\u00e9v\u00e9 a sz\u00e1szr\u00e9geni orsz\u00e1ggy\u0171l\u00e9sen (1660. dec. 24.), uralkodott (1661. jan. 1. &#8211; 1662. jan. 23.). A Barcsay testv\u00e9rek izgattak ellene, elfogatta \u0151ket, G\u00e1sp\u00e1rt Fogaras v\u00e1r\u00e1ban, \u00c1kost a K\u0151v\u00e1rba sz\u00e1ll\u00edt\u00e1sa k\u00f6zben \u00f6lette meg. A Barcsait p\u00e1rtol\u00f3 t\u00f6r\u00f6k szult\u00e1n nem er\u0151s\u00edtette meg tiszts\u00e9g\u00e9ben, ez\u00e9rt Lip\u00f3t cs\u00e1sz\u00e1rt\u00f3l k\u00e9rt seg\u00edts\u00e9get; a cs\u00e1sz\u00e1ri sereg Montecuccoli vezet\u00e9s\u00e9vel a t\u00f6r\u00f6k t\u00faler\u0151vel megm\u00e9rk\u00f6zni nem mert, k\u00f6zben a Porta I. Apafi Mih\u00e1lyt tette fejedelemm\u00e9, Aranyosmedgyesr\u0151l Apafi ellen vezette sereg\u00e9t \u00e9s azt Segesv\u00e1rba szor\u00edtotta, de az ellenp\u00e1rt ellen v\u00edvott csat\u00e1ban elesett Nagysz\u0151l\u0151s\u00adn\u00e9l (1662. jan. 23.). T\u0151le \u00e9s P\u00e9ter testv\u00e9r\u00e9t\u0151l vezethet\u0151 le a k\u00e9s\u0151bbi magyargyer\u0151monostori Kem\u00e9nyek csal\u00e1df\u00e1ja. Unok\u00e1i a 18. sz. elej\u00e9n b\u00e1r\u00f3i rangot nyertek. \u00d6n\u00e9let\u00edr\u00e1sa a 17. sz. els\u0151 fel\u00e9nek \u00e9rt\u00e9kes t\u00f6rt\u00e9nelmi forr\u00e1sa, egy\u00adben a m. barokk pr\u00f3za jelent\u0151s alkot\u00e1sa. K\u00e9tsz\u00edntes udvarh\u00e1zat \u00e9p\u00edtetett Magyarb\u00fckk\u00f6s\u00f6n (1651), amely ma is l\u00e9tezik, elfogadhat\u00f3 \u00e1llapotban. Err\u0151l c\u00edmeres m\u00e1rv\u00e1nyt\u00e1bla tanuskodik, melyen els\u0151 feles\u00e9ge K\u00e1llay Zsuzs\u00e1nna c\u00edmere l\u00e1that\u00f3 \u00e9s amit a Kem\u00e9ny-kast\u00e9lyb\u00f3l mentettek meg, be\u00e9p\u00edtett\u00e9k a ref. templom fal\u00e1ba. II. R\u00e1k\u00f3czi Gy\u00f6rgy fejedelem neki adom\u00e1nyozta a marosv\u00e9csi v\u00e1rat \u00f6t faluval egy\u00fctt (1648. nov. 28). A v\u00e1r k\u00f6zel 300 \u00e9vig a Kem\u00e9ny csal\u00e1d\u00e9 maradt. A nagysaj\u00f3i kast\u00e9ly \u00e9p\u00edttet\u0151je. \u2013 <strong>F. m.:<\/strong> Gilead Balsamuma, Az az Sz. D\u00e1vid Sz\u00e1z \u00f6tven Solt\u00e1rinak, cz\u00e9ljok \u00e9s \u00e9rtelmek szer\u00e9nt egyben szedegettet\u00e9sekeknek, \u00e9s Kilencz R\u00e9szekben alkalmasztat\u00e1soknak T\u00e1bl\u00e1ja. (S\u00e1rospatak, 1659); R\u00e9gi nagy eml\u00e9kezet\u0171 Kem\u00e9ny Familia Genealogi\u00e1ja. (Kv., 1701); K. J. erd\u00e9lyi fejedelem \u00f6n\u00e9let\u00edr\u00e1sa (Pest, 1856); T. M. levelez\u00e9se (Bp., 1902\u201316); K. J. \u00f6n\u00e9let\u00edr\u00e1sa: 1657\u20131658 (Bp., 1955, 1982); K. J. \u00f6n\u00e9let\u00edr\u00e1sa \u00e9s v\u00e1logatott levelei (Bp., 1959); K. J. \u00f6n\u00e9let\u00ad\u00edr\u00e1sa. Kiad. V. Windisch \u00c9va (Bp., 1986); Memorii, 1607\u20131662 (Cluj, 2002); A moldvai lakodalom  =  Kov\u00e1cs Attila Zolt\u00e1n. Erd\u00e9ly szolg\u00e1lat\u00e1ban: Eml\u00e9k\u00edr\u00f3k k\u00f6nyve (Pom\u00e1z, 2007); rom\u00e1n<strong>ford.:<\/strong> Memoriile lui K. J: Traducerea \u015fi adnotarea pasagiilor privitoare la rom\u00e2ni \/ Neagoe Popea (Buc., 1900); Memorii. Scrierea vie\u0163ii sale \/ Trad. Pap Francisc (Cluj, 2002); <strong>antol\u00f3g.:<\/strong> Monumenta Hungarica, Sermon Natio Scripta az-az A\u2019 Magyaroknak magyar nyelven \u00edrt eml\u00e9kezetes \u00edr\u00e1saik \/ \u00f6szveszedte s kiadta Rumi K\u00e1roly Gy\u00f6rgy (2. kiad. Rumi K\u00e1roly Gy\u00f6rgy), 2. \u20133. k\u00f6t. (Bp., 1816 \u2013 1817); Sz\u00e9pirodalmi album (Pest, 1858); Magyar csal\u00e1dt\u00f6rt\u00e9neti k\u00f6nyv\u00e9szet, 1472\u20131905\/ \u00f6ssze\u00e1ll\u00edtotta K\u00f6bl\u00f6s Zolt\u00e1n (Kv., 1909); Magyar t\u00f6rt\u00e9nelmi olvas\u00f3k\u00f6nyv (Bp., 1905\u201307); Lecturi din izvoarele istoriei rom\u00e2ne (Buc., 1928); Bethlen G\u00e1borr\u00f3l = Erd\u00e9ly \u00f6r\u00f6ks\u00e9ge, 4.; A magyar pr\u00f3za k\u00f6nyve ( (Bp., 1942); Lakodalom Moldv\u00e1ban. \u00dajabb k\u00f6vets\u00e9gben Vasile Lupun\u00e1l = Erd\u00e9lyi magyar eml\u00e9k\u00edr\u00f3k; \u00d6n\u00e9let\u00edr\u00e1sa = Muribunda Trans. <br \/><strong>Irod.:<\/strong> Acs\u00e1dy Ign\u00e1c: A Magyar Birodalom t\u00f6rt\u00e9nete (Bp., 1903); Adamovits S\u00e1ndor: Az igehirdet\u0151 K. J. (\u00daj Kezdet, 10\u201311. sz., 2001); Ball\u00f3 Istv\u00e1n: Teleki Mih\u00e1ly (Cs\u00edkszereda, s. a.); Benk\u0151 J\u00f3zsef: Transsilvania (Vindobonae, 1777\u20131778); Be\u00f6thy; Be\u00f6thy \u00c1kos: A magyar \u00e1llamis\u00e1g fejl\u0151d\u00e9se, k\u00fczdelmei (Bp., s. a.); Bicsok-Orb\u00e1n; Binder P\u00e1l: Az erd\u00e9lyi fejedelems\u00e9g rom\u00e1n diplomat\u00e1i vagy rom\u00e1nok az erd\u00e9lyi fejedelms\u00e9g szolg\u00e1lat\u00e1ban (Mv., 1996); Bodn\u00e1r; Borb\u00e9ly; B\u00f6l\u00f6ni Domokos: H\u00edres emberek, jeles telep\u00fcl\u00e9sek: K. J. \u00e9s Marosv\u00e9cs (N\u00fa., Sz\u00ednes Vil\u00e1g, 2010. aug. 7., aug. 14, aug. 21.); K. J., B\u00fckk\u00f6s \u00e9s Nagysz\u0151ll\u0151s (N\u00fa., Sz\u00ednes Vil\u00e1g, 2012. jan. 28.); Castellum \u00c9rtes\u00edt\u0151 (2002, 7. sz.); Czirj\u00e1k 3; Csekonics; Csetri \u2013 Szab\u00f3; Cs\u00e1sz\u00e1r Elem\u00e9r: A magyar irodalom kritikai t\u00f6rt\u00e9nete a szabads\u00e1gharcig (Bp., 1925); Cserei Mih\u00e1ly: K. J. fejedelem hal\u00e1la = Kov\u00e1cs Attila Zolt\u00e1n. Erd\u00e9ly szolg\u00e1lat\u00e1ban: Eml\u00e9k\u00edr\u00f3k k\u00f6nyve (Pom\u00e1z, 2007); D\u00e9zsi Lajos: M. t\u00f6rt\u00e9neti t\u00e1rgy\u00fa sz\u00e9pirodalom (Bp., 1927); Dolinay Gyula: T\u00f6rt\u00e9nelmi arck\u00e9pcsarnok (Bp., 1897); Endes; Erd\u00e9lyi L. 2009, fot\u00f3 1971; Erd\u00e9ly aranykora (Bp., 1877); Erd\u00e9ly \u00f6r\u00f6ks\u00e9ge (Bp., 1941\u201342); Erd\u00e9lyi magyar eml\u00e9k\u00edr\u00f3k; Erd\u00e9lyi orsz\u00e1ggy\u0171l\u00e9si eml\u00e9kek t\u00f6rt\u00e9neti bevezet\u00e9sekkel (Bp., 1875\u201384); Fekete; Ferenczy-Danielik; F\u00e9ja; F\u00fcl\u00f6p\u2013Ferencz; G\u00f6r\u00f6g Ferenc: A m. nemzet t\u00f6rt\u00e9nete (Bp., 1935, 1936); Gudenus; Guly\u00e1s; Gyallay; Gy\u00f6ngy\u00f6si Istv\u00e1n: Porab\u00fal meg\u00e9ledett F\u0151nix avagy K. J. eml\u00e9kezete (elbesz\u00e9l\u0151 k\u00f6ltem\u00e9ny; Kiad. Jankovics J\u00f3\u00adzsef, Nyerges Judit. Bp., 1999); Homan; Horv\u00e1th Mih\u00e1ly: A magyarok t\u00f6rt\u00e9nete (Pest, 1862, 1871\u201373; 1887); Husztti Andr\u00e1s: \u00d3 \u00e9s \u00faj D\u00e1cia (B\u00e9cs, 1791); Id\u0151t\u00e1r 1; Jancs\u00f3 Benedek: Erd\u00e9ly t\u00f6rt\u00e9nete (Kv., 1931); Jankovich Ferenc: Ir\u00e1nyt\u0171 a magyar irodalomban (Bp., s. a.); J\u00f3kai M\u00f3r: A Damokosok (Bp., 1888); K\u00e9nosi-Uzoni 2.; Magyaro. T\u00f6rt\u00e9net\u00e9nek k\u00e9zik\u00f6nyve (S. l., s. a.); Keresztes Gyula: A marosv\u00e9csi kast\u00e9ly (N\u00fa., 1991. j\u00fal. 27.); Kisp\u00e1l L\u00e1szl\u00f3: Erd\u00e9ly fejedelmi korszaka (Bp., 1940); Kiss K\u00e1roly Sz; Kornis; Kov\u00e1cs Kiss Gy\u00f6ngy: Kem\u00e9ny J\u00e1nos ravatalai (Korunk, 6. sz., 2006); K\u0151v\u00e1ry L\u00e1szl\u00f3; Kraus: Erd\u00e9lyi kr\u00f3nika; Kuliffay Ede: Erd\u00e9ly t\u00f6rt\u00e9nete az \u0151skort\u00f3l korunkig (Bp., 1876); Lukinich Imre: M. t\u00f6rt\u00e9nelem \u00e9letrajzokban (Sopron, 1929); M. Helikon (Pozsony-Bp., 1884); A m. irodalom t\u00f6rt\u00e9nete: K\u00e9pes d\u00edszmunka (Bp., 1906\u201307); A m. irodalom t\u00f6rt\u00e9nete 1900-ig (Bp., 1913); M. m\u0171vel\u0151d\u00e9st\u00f6rt\u00e9net (Bp., s. a.); A m. nemzet t\u00f6rt\u00e9nete 1\u201310. k\u00f6t. (Bp., 1895\u201398); A m. pr\u00f3za k\u00f6nyve (Bp., 1942); M\u00e1rki S\u00e1ndor: M. Pantheon (Pozsony, 1884); M. t\u00f6rt. t\u00e1r 16., 17. \u00e9s 18.; M. t\u00f6rt. t\u00e1r (Pest, 1855\u201363; 1867\u201377); Magyary-Kossa 1. k.; Makfalva; MAM\u0170L; Marczali Henrik: Erd\u00e9ly t\u00f6rt\u00e9nete (Bp., 1935); Marczali Henrik: Magyaro. t\u00f6rt\u00e9nete (Bp., 1911); M\u00e1rki S\u00e1ndor: Kem\u00e9ny J\u00e1nos \u00e9letrajza (Pozsony-Bp., 1884); Marossz\u00e9ki kr\u00f3nik\u00e1k, 1.; M\u00c9L; A kast\u00e9ly szelleme = Nagy P\u00e1l: Visszan\u00e9z\u0151; Orb\u00e1n Dezs\u0151; P\u00e1l-Antal 2013; Peris\u00e1n K\u00e1lm\u00e1n: K. J. fejedelems\u00e9ge (Kv., 1907); Pesty 2014; Pint\u00e9r; Politikai Magyaro. (Bp., 1912\u201314); RMK; Rugonfalvi Kiss; Rumy K\u00e1roly Gy\u00f6rgy: Monumenta Ghungarica (Pest, 1815\u201317); Szalay J\u00f3zsef: A magyar nemzet t\u00f6rt\u00e9nete (Bp., 1895); Szalay J\u00f3zsef: Magyaro. t\u00f6rt\u00e9nete (Lipcse, 1852\u201359); Sz\u00e9kely S\u00e1ndor: Erd\u00e9lyorsz\u00e1g t\u00f6rt\u00e9netei (Kv., 1845); SzOkl, 6; Sz\u00e9pr\u00e9ti: R\u00e9gi \u00e9s \u00faj vil\u00e1g; Szerb; Szil\u00e1gyi S\u00e1ndor: Erd\u00e9lyorsz\u00e1g t\u00f6rt\u00e9nete tekintettel m\u00edvel\u0151d\u00e9s\u00e9re (Pest, 1866); Szil\u00e1gyi S\u00e1ndor: K. J. kora (Bp., 1862); Szil\u00e1gyi S\u00e1ndor: K. J. kora \u00e9s fejedelems\u00e9ge, \u00faj adatokkal illusztr\u00e1lva = M. t\u00f6rt. t\u00e1r 7.; Szinnyei; Szinnyei J; Teleki Mih\u00e1ly levelez\u00e9se (Bp., 1906\u201316); Teleki Mih\u00e1ly udvartart\u00e1si napl\u00f3ja (1673\u20131681) (Kv., 2007); Toldy; A t\u00f6rt\u00e9neti Erd\u00e9ly (Bp., 1936); T\u00f3th Istv\u00e1n: Mv. irodalmi m\u0171velts\u00e9g\u00e9r\u0151l 9 (N\u00fa. M\u00fazsa 459. 2000. szept 16) Transilvania; Tr\u00f3cs\u00e1nyi 1988; \u00dajlexikon; \u00daM\u00c9L; V\u00e1llas; Veress<\/br><\/p>\n","protected":false},"excerpt":{"rendered":"<p>Magyarb\u00fckk\u00f6s, 1607. dec. 14., \u2020 Nagysz\u0151l\u0151s, 1662. jan. 23.: Erd\u00e9ly fejedelme, eml\u00e9k\u00edr\u00f3. \u2013 K. Boldizs\u00e1r (\u2020 1630) \u00e9s Tomyi Zs\u00f3fia fia. \u00d6ccse: Boldizs\u00e1r (\u2020 1657. febr. 16). Feles\u00e9ge: 1. K\u00e1llay Zsuzsanna (1632\u20131655), h\u00e1zass\u00e1gukb\u00f3l sz\u00fcletett Simon (1633\u20131675) \u00e9s Ferenc (1636\u20131661); 2. L\u00f3nyay Anna (1659-t\u0151l; \u20201693). Fi\u00fak: K. P\u00e9ter, J\u00e1nos (\u2020 1685. m\u00e1rc. 13.). Unit. udvari tan\u00edt\u00f3 [&hellip;]<\/p>\n","protected":false},"featured_media":0,"comment_status":"open","ping_status":"closed","template":"","meta":[],"product_brand":[],"product_cat":[137],"product_tag":[],"class_list":{"0":"post-11591","1":"product","2":"type-product","3":"status-publish","5":"product_cat-maros-megyei-eletrajzi-lexikon","7":"first","8":"instock","9":"shipping-taxable","10":"product-type-simple"},"_links":{"self":[{"href":"https:\/\/uj.adatbank.ro\/lexikon\/wp-json\/wp\/v2\/product\/11591","targetHints":{"allow":["GET"]}}],"collection":[{"href":"https:\/\/uj.adatbank.ro\/lexikon\/wp-json\/wp\/v2\/product"}],"about":[{"href":"https:\/\/uj.adatbank.ro\/lexikon\/wp-json\/wp\/v2\/types\/product"}],"replies":[{"embeddable":true,"href":"https:\/\/uj.adatbank.ro\/lexikon\/wp-json\/wp\/v2\/comments?post=11591"}],"wp:attachment":[{"href":"https:\/\/uj.adatbank.ro\/lexikon\/wp-json\/wp\/v2\/media?parent=11591"}],"wp:term":[{"taxonomy":"product_brand","embeddable":true,"href":"https:\/\/uj.adatbank.ro\/lexikon\/wp-json\/wp\/v2\/product_brand?post=11591"},{"taxonomy":"product_cat","embeddable":true,"href":"https:\/\/uj.adatbank.ro\/lexikon\/wp-json\/wp\/v2\/product_cat?post=11591"},{"taxonomy":"product_tag","embeddable":true,"href":"https:\/\/uj.adatbank.ro\/lexikon\/wp-json\/wp\/v2\/product_tag?post=11591"}],"curies":[{"name":"wp","href":"https:\/\/api.w.org\/{rel}","templated":true}]}}