{"id":11603,"date":"2025-06-29T13:58:41","date_gmt":"2025-06-29T11:58:41","guid":{"rendered":"https:\/\/uj.adatbank.ro\/lexikon\/termek\/kemeny-kalman-%c2%a7-gyeromonostori-br\/"},"modified":"2025-06-29T13:58:41","modified_gmt":"2025-06-29T11:58:41","slug":"kemeny-kalman-%c2%a7-gyeromonostori-br","status":"publish","type":"product","link":"https:\/\/uj.adatbank.ro\/lexikon\/termek\/kemeny-kalman-%c2%a7-gyeromonostori-br\/","title":{"rendered":"KEM\u00c9NY K\u00e1lm\u00e1n, \u00a7 gyer\u0151monostori, br."},"content":{"rendered":"<p>Kv., 1838. j\u00fan. 17., v 1839. j\u00fan. 7. \u2020 Kv., 1918 v. 19.: marosv\u00e9csi f\u00f6ldbirtokos, b. t. t. \u00e9s cs. k. kamar\u00e1s, f\u0151isp\u00e1n, a f\u0151rendih\u00e1z aleln\u00f6k, a ref. koll. f\u0151gondnoka. \u2013 K. J\u00e1nos fejedelem lesz\u00e1rmazottja, apja K. Gy\u00f6rgy (1812\u201396) \u00e9s anyja gr. Bethlen M\u00e1ria (1835\u20131916). H\u00faga: M\u00e1ria, B\u00e1nffy Dezs\u0151n\u00e9. Feles\u00e9ge br. B\u00e1nffy Polixena ( Beresztelke, 1835-Bp., 1916). Esk\u00fcv\u0151 (Beresztelke, 1861. aug. 23). \u2013 K\u00f6z\u00e9piskolai tanulm\u00e1nyait Mv.-en fejezte be, majd a B\u00e9csi Egyetemen j\u00e1rt (1859), az \u00fajkori m\u0171v\u00e9szeteket tanulm\u00e1nyozta P\u00e1rizsban (1860), Berlinben is tanult. Hazat\u00e9rve apj\u00e1t\u00f3l megkapta a marosv\u00e9csi kast\u00e9lyt \u00e9s uradalmat, ahol mintagazdas\u00e1got alak\u00edtott ki. R\u00e9szt vett Maros-Torda vm. k\u00f6zigazgat\u00e1si \u00fcgyeiben (1865\u2013). Sikeresen megoldotta a mv.-i cukorgy\u00e1r l\u00e9tes\u00edt\u00e9st, amivel a korm\u00e1ny b\u00edzta meg. Apja Gy\u00f6rgy f\u0151isp\u00e1ns\u00e1ga idej\u00e9n v\u00e1lasztott\u00e1k meg k\u00e9pvisel\u0151nek Torda megye fels\u0151 ker\u00fclet\u00e9ben (1872 \u00e9s 1875), majd a Maros-Torda megy\u00e9hez tartoz\u00f3 sz\u00e1szr\u00e9geni ker\u00fcletben (1878, 1881, 1884\u201385), Als\u00f3-Feh\u00e9r vm. f\u0151isp\u00e1nj\u00e1v\u00e1 nevezt\u00e9k ki (1885. m\u00e1j. 8.), lemondott (1892). Maros-Torda vm. \u00e9s Mv. f\u0151isp\u00e1nja, (1891\u201395), lemond\u00e1sa ut\u00e1n a f\u0151rendh\u00e1znak maradt tagja (1886\u20131910), amelynek t\u00f6bb cikluson \u00e1t aleln\u00f6ke volt. Az EMKE alap\u00edt\u00f3 \u00e9s v\u00e1lasztott v\u00e1lasztm\u00e1nyi tagja (1885\u2013), mv.-i fi\u00f3k eln\u00f6ke (1893); Az erd\u00e9lyi ref. egyh\u00e1zker\u00fclet f\u0151gondnoka, a mv.-i Ref. Koll. f\u0151gondnoka (1894. \u00e1pr. \u2013 1902); a Nemzeti Munkap\u00e1rt d\u00edszeln\u00f6ke (1910\u2013). 20 ezer holdja volt, amib\u0151l Szil\u00e1gy megy\u00e9ben 1100 hold; V\u00e9cs, Galonya, Palotailva nagyr\u00e9sze erd\u0151b\u00edrtok, a f\u0171r\u00e9sz\u00fczemnek a nyersanyagot szolg\u00e1ltatta. Virilista (1887, 1910, 1913). Szeszgy\u00e1ra volt Marosv\u00e9csen (1902). Visszavonult marosv\u00e9csi kast\u00e9ly\u00e1ba. A f\u00f6ldoszt\u00e1skor birtokainak nagy r\u00e9sz\u00e9t sz\u00e9tosztott\u00e1k (1918). Els\u0151oszt\u00e1ly\u00fa vaskoronarend birtokosa. Marosv\u00e9cs ura, t\u0151le \u00f6r\u00f6k\u00f6lte Kem\u00e9ny J\u00e1nos a v\u00e1rat \u00e9s a hozz\u00e1tartoz\u00f3 ingatlanokat. <br \/><strong>Irod.:<\/strong> Barab\u00e1s Endre, EMKE 120; Gudenus; H\u00e1zsong\u00e1rd; Id\u0151t\u00e1r 2; Koncz; Kornis; Lunca Bradului; A magyar orsz\u00e1ggy\u0171l\u00e9s (Bp., 1906); Magyaro. k\u00f6zgazdas\u00e1gi \u00e9s k\u00f6zm\u0171vel\u0151d\u00e9si \u00e1llapota 8. (Bp., 1897\u201398); Mo. f\u0151isp\u00e1njai; Mv.-i Almanach, 1912; Nagyap\u00e1mat mai napig p\u00e9ldak\u00e9pemnek tartom \/ Ol\u00e1h-G\u00e1l Elvira besz\u00e9lget\u00e9se V\u00e9csi Nagy Zolt\u00e1nnal (Sz\u00e9kelyf\u00f6ld, 6. sz., 2012); P\u00e1l Judit: Erd\u00e9lyi f\u0151isp\u00e1nok a Tisza-\u00e9ra v\u00e9g\u00e9n (1890\u201391) (Korunk, 4. sz., 2009.); S\u00e1ndor; Sebesty\u00e9n; Szab\u00f3\u2013Simon\u2013Sz\u00f6gi; \u00daj orsz\u00e1ggy\u0171l\u00e9si almanach (Bp., 1888)<\/br><\/p>\n","protected":false},"excerpt":{"rendered":"<p>Kv., 1838. j\u00fan. 17., v 1839. j\u00fan. 7. \u2020 Kv., 1918 v. 19.: marosv\u00e9csi f\u00f6ldbirtokos, b. t. t. \u00e9s cs. k. kamar\u00e1s, f\u0151isp\u00e1n, a f\u0151rendih\u00e1z aleln\u00f6k, a ref. koll. f\u0151gondnoka. \u2013 K. J\u00e1nos fejedelem lesz\u00e1rmazottja, apja K. Gy\u00f6rgy (1812\u201396) \u00e9s anyja gr. Bethlen M\u00e1ria (1835\u20131916). H\u00faga: M\u00e1ria, B\u00e1nffy Dezs\u0151n\u00e9. Feles\u00e9ge br. B\u00e1nffy Polixena ( Beresztelke, [&hellip;]<\/p>\n","protected":false},"featured_media":0,"comment_status":"open","ping_status":"closed","template":"","meta":[],"product_brand":[],"product_cat":[137],"product_tag":[],"class_list":{"0":"post-11603","1":"product","2":"type-product","3":"status-publish","5":"product_cat-maros-megyei-eletrajzi-lexikon","7":"first","8":"instock","9":"shipping-taxable","10":"product-type-simple"},"_links":{"self":[{"href":"https:\/\/uj.adatbank.ro\/lexikon\/wp-json\/wp\/v2\/product\/11603","targetHints":{"allow":["GET"]}}],"collection":[{"href":"https:\/\/uj.adatbank.ro\/lexikon\/wp-json\/wp\/v2\/product"}],"about":[{"href":"https:\/\/uj.adatbank.ro\/lexikon\/wp-json\/wp\/v2\/types\/product"}],"replies":[{"embeddable":true,"href":"https:\/\/uj.adatbank.ro\/lexikon\/wp-json\/wp\/v2\/comments?post=11603"}],"wp:attachment":[{"href":"https:\/\/uj.adatbank.ro\/lexikon\/wp-json\/wp\/v2\/media?parent=11603"}],"wp:term":[{"taxonomy":"product_brand","embeddable":true,"href":"https:\/\/uj.adatbank.ro\/lexikon\/wp-json\/wp\/v2\/product_brand?post=11603"},{"taxonomy":"product_cat","embeddable":true,"href":"https:\/\/uj.adatbank.ro\/lexikon\/wp-json\/wp\/v2\/product_cat?post=11603"},{"taxonomy":"product_tag","embeddable":true,"href":"https:\/\/uj.adatbank.ro\/lexikon\/wp-json\/wp\/v2\/product_tag?post=11603"}],"curies":[{"name":"wp","href":"https:\/\/api.w.org\/{rel}","templated":true}]}}