{"id":11614,"date":"2025-06-29T13:59:04","date_gmt":"2025-06-29T11:59:04","guid":{"rendered":"https:\/\/uj.adatbank.ro\/lexikon\/termek\/kemeny-laszlo-magyargyeromonostori-br\/"},"modified":"2025-06-29T13:59:04","modified_gmt":"2025-06-29T11:59:04","slug":"kemeny-laszlo-magyargyeromonostori-br","status":"publish","type":"product","link":"https:\/\/uj.adatbank.ro\/lexikon\/termek\/kemeny-laszlo-magyargyeromonostori-br\/","title":{"rendered":"KEM\u00c9NY L\u00e1szl\u00f3, magyargyer\u0151monostori br."},"content":{"rendered":"<p>1785.? \u2020 Nagyenyed, 1831. dec. 27. Marosv\u00e9csen temett\u00e9k: adom\u00e1nyoz\u00f3. \u2013 Feles\u00e9ge br. B\u00e1nffy \u00c1gnes. \u2013 A magyarkir\u00e1lyfalvi ref. egyh\u00e1znak \u00f6nt\u00f6tt, v\u00e9sett ez\u00fcst k\u00f3kuszdi\u00f3 serleget adom\u00e1nyoztak (1825). <br \/><strong>Irod.:<\/strong> K\u00fck\u00fcll\u0151i Ref. Egyh\u00e1zm. 3.; Lev\u00e9lt\u00e1ri gy\u00e1szj.<\/br><\/p>\n","protected":false},"excerpt":{"rendered":"<p>1785.? \u2020 Nagyenyed, 1831. dec. 27. Marosv\u00e9csen temett\u00e9k: adom\u00e1nyoz\u00f3. \u2013 Feles\u00e9ge br. B\u00e1nffy \u00c1gnes. \u2013 A magyarkir\u00e1lyfalvi ref. egyh\u00e1znak \u00f6nt\u00f6tt, v\u00e9sett ez\u00fcst k\u00f3kuszdi\u00f3 serleget adom\u00e1nyoztak (1825). Irod.: K\u00fck\u00fcll\u0151i Ref. Egyh\u00e1zm. 3.; Lev\u00e9lt\u00e1ri gy\u00e1szj.<\/p>\n","protected":false},"featured_media":0,"comment_status":"open","ping_status":"closed","template":"","meta":[],"product_brand":[],"product_cat":[137],"product_tag":[],"class_list":{"0":"post-11614","1":"product","2":"type-product","3":"status-publish","5":"product_cat-maros-megyei-eletrajzi-lexikon","7":"first","8":"instock","9":"shipping-taxable","10":"product-type-simple"},"_links":{"self":[{"href":"https:\/\/uj.adatbank.ro\/lexikon\/wp-json\/wp\/v2\/product\/11614","targetHints":{"allow":["GET"]}}],"collection":[{"href":"https:\/\/uj.adatbank.ro\/lexikon\/wp-json\/wp\/v2\/product"}],"about":[{"href":"https:\/\/uj.adatbank.ro\/lexikon\/wp-json\/wp\/v2\/types\/product"}],"replies":[{"embeddable":true,"href":"https:\/\/uj.adatbank.ro\/lexikon\/wp-json\/wp\/v2\/comments?post=11614"}],"wp:attachment":[{"href":"https:\/\/uj.adatbank.ro\/lexikon\/wp-json\/wp\/v2\/media?parent=11614"}],"wp:term":[{"taxonomy":"product_brand","embeddable":true,"href":"https:\/\/uj.adatbank.ro\/lexikon\/wp-json\/wp\/v2\/product_brand?post=11614"},{"taxonomy":"product_cat","embeddable":true,"href":"https:\/\/uj.adatbank.ro\/lexikon\/wp-json\/wp\/v2\/product_cat?post=11614"},{"taxonomy":"product_tag","embeddable":true,"href":"https:\/\/uj.adatbank.ro\/lexikon\/wp-json\/wp\/v2\/product_tag?post=11614"}],"curies":[{"name":"wp","href":"https:\/\/api.w.org\/{rel}","templated":true}]}}