{"id":11620,"date":"2025-06-29T13:59:17","date_gmt":"2025-06-29T11:59:17","guid":{"rendered":"https:\/\/uj.adatbank.ro\/lexikon\/termek\/kemeny-maria-magyargyeromonostori-br-bujanovovics-eduardne-bujanovics-maria\/"},"modified":"2025-06-29T13:59:17","modified_gmt":"2025-06-29T11:59:17","slug":"kemeny-maria-magyargyeromonostori-br-bujanovovics-eduardne-bujanovics-maria","status":"publish","type":"product","link":"https:\/\/uj.adatbank.ro\/lexikon\/termek\/kemeny-maria-magyargyeromonostori-br-bujanovovics-eduardne-bujanovics-maria\/","title":{"rendered":"KEM\u00c9NY M\u00e1ria, magyargyer\u0151monostori br., Buj\u00e1novovics Edu\u00e1rdn\u00e9, Buj\u00e1novics M\u00e1ria,"},"content":{"rendered":"<p>Bp., 1934. nov. 1., \u2020 Mv., 2006 nov. 12, \u00c9rdmih\u00e1lyfalv\u00e1n temettek.: f\u00f6ldbirtokos- Apja K. G\u00e9za (1906\u20131945), anyja S\u00e1ndor Karolina (1907-?). F\u00e9rje aggteleki Bujanovics Edu\u00e1rd (Mv., 1935. jan. 23. \u2013). Gyermekei Eduard (Mv., 1957. &#8211; ), Annam\u00e1ria (Mv., 1962). Pusztakamar\u00e1son nevelkedett ott v\u00e9gezte az elemi iskol\u00e1t, majd Kv.-on a Marianumban volt bentlak\u00f3 (1949-ig). Mv. -re deport\u00e1lt\u00e1k (1949. m\u00e1rc. 3.). Itt a Romexport sz\u00f6vetkezetn\u00e9l, a konzervgy\u00e1rban l\u00e1d\u00e1t szegezett, fagyaszt\u00f3ban dolgozott, mosogat\u00f3 az OGYI \u00e9tkezd\u00e9j\u00e9ben, takar\u00edtott az egyetemen, majd uo. gondnok volt. Bp.-en \u00e9lt <br \/><strong>Irod.:<\/strong> Gudenus; Kornis; [Nekrol\u00f3g] (N\u00fa., 2006. nov.<\/br><\/p>\n","protected":false},"excerpt":{"rendered":"<p>Bp., 1934. nov. 1., \u2020 Mv., 2006 nov. 12, \u00c9rdmih\u00e1lyfalv\u00e1n temettek.: f\u00f6ldbirtokos- Apja K. G\u00e9za (1906\u20131945), anyja S\u00e1ndor Karolina (1907-?). F\u00e9rje aggteleki Bujanovics Edu\u00e1rd (Mv., 1935. jan. 23. \u2013). Gyermekei Eduard (Mv., 1957. &#8211; ), Annam\u00e1ria (Mv., 1962). Pusztakamar\u00e1son nevelkedett ott v\u00e9gezte az elemi iskol\u00e1t, majd Kv.-on a Marianumban volt bentlak\u00f3 (1949-ig). Mv. -re deport\u00e1lt\u00e1k [&hellip;]<\/p>\n","protected":false},"featured_media":0,"comment_status":"open","ping_status":"closed","template":"","meta":[],"product_brand":[],"product_cat":[137],"product_tag":[],"class_list":{"0":"post-11620","1":"product","2":"type-product","3":"status-publish","5":"product_cat-maros-megyei-eletrajzi-lexikon","7":"first","8":"instock","9":"shipping-taxable","10":"product-type-simple"},"_links":{"self":[{"href":"https:\/\/uj.adatbank.ro\/lexikon\/wp-json\/wp\/v2\/product\/11620","targetHints":{"allow":["GET"]}}],"collection":[{"href":"https:\/\/uj.adatbank.ro\/lexikon\/wp-json\/wp\/v2\/product"}],"about":[{"href":"https:\/\/uj.adatbank.ro\/lexikon\/wp-json\/wp\/v2\/types\/product"}],"replies":[{"embeddable":true,"href":"https:\/\/uj.adatbank.ro\/lexikon\/wp-json\/wp\/v2\/comments?post=11620"}],"wp:attachment":[{"href":"https:\/\/uj.adatbank.ro\/lexikon\/wp-json\/wp\/v2\/media?parent=11620"}],"wp:term":[{"taxonomy":"product_brand","embeddable":true,"href":"https:\/\/uj.adatbank.ro\/lexikon\/wp-json\/wp\/v2\/product_brand?post=11620"},{"taxonomy":"product_cat","embeddable":true,"href":"https:\/\/uj.adatbank.ro\/lexikon\/wp-json\/wp\/v2\/product_cat?post=11620"},{"taxonomy":"product_tag","embeddable":true,"href":"https:\/\/uj.adatbank.ro\/lexikon\/wp-json\/wp\/v2\/product_tag?post=11620"}],"curies":[{"name":"wp","href":"https:\/\/api.w.org\/{rel}","templated":true}]}}