{"id":11622,"date":"2025-06-29T13:59:22","date_gmt":"2025-06-29T11:59:22","guid":{"rendered":"https:\/\/uj.adatbank.ro\/lexikon\/termek\/kemeny-miklos-magyargyeromonostori\/"},"modified":"2025-06-29T13:59:22","modified_gmt":"2025-06-29T11:59:22","slug":"kemeny-miklos-magyargyeromonostori","status":"publish","type":"product","link":"https:\/\/uj.adatbank.ro\/lexikon\/termek\/kemeny-miklos-magyargyeromonostori\/","title":{"rendered":"KEM\u00c9NY Mikl\u00f3s, magyargyer\u0151monostori"},"content":{"rendered":"<p>?. 1788. aug. 11.?. 1788. aug. 11., \u2020 1846. aug. 12.: cs. kir. kamar\u00e1s. \u2013 K. J\u00e1nos \u00e9s Barcsai Anna fia. Halotti c\u00edmere a kv.-i Farkas utcai templomban. \u2014<strong>F. m.:<\/strong> Po\u00e9tai \u00e9rzem\u00e9nyes teremtm\u00e9nyei b\u00e1r\u00f3 Kem\u00e9ny Mikl\u00f3snak k\u00e9t k\u00f6nyvben (Kv., 1808.). <br \/><strong>Irod.:<\/strong> Entz\u2013Kov\u00e1cs; F\u00fcl\u00f6p\u2013Ferencz; Szinnyei<\/br><\/p>\n","protected":false},"excerpt":{"rendered":"<p>?. 1788. aug. 11.?. 1788. aug. 11., \u2020 1846. aug. 12.: cs. kir. kamar\u00e1s. \u2013 K. J\u00e1nos \u00e9s Barcsai Anna fia. Halotti c\u00edmere a kv.-i Farkas utcai templomban. \u2014F. m.: Po\u00e9tai \u00e9rzem\u00e9nyes teremtm\u00e9nyei b\u00e1r\u00f3 Kem\u00e9ny Mikl\u00f3snak k\u00e9t k\u00f6nyvben (Kv., 1808.). Irod.: Entz\u2013Kov\u00e1cs; F\u00fcl\u00f6p\u2013Ferencz; Szinnyei<\/p>\n","protected":false},"featured_media":0,"comment_status":"open","ping_status":"closed","template":"","meta":[],"product_brand":[],"product_cat":[137],"product_tag":[],"class_list":{"0":"post-11622","1":"product","2":"type-product","3":"status-publish","5":"product_cat-maros-megyei-eletrajzi-lexikon","7":"first","8":"instock","9":"shipping-taxable","10":"product-type-simple"},"_links":{"self":[{"href":"https:\/\/uj.adatbank.ro\/lexikon\/wp-json\/wp\/v2\/product\/11622","targetHints":{"allow":["GET"]}}],"collection":[{"href":"https:\/\/uj.adatbank.ro\/lexikon\/wp-json\/wp\/v2\/product"}],"about":[{"href":"https:\/\/uj.adatbank.ro\/lexikon\/wp-json\/wp\/v2\/types\/product"}],"replies":[{"embeddable":true,"href":"https:\/\/uj.adatbank.ro\/lexikon\/wp-json\/wp\/v2\/comments?post=11622"}],"wp:attachment":[{"href":"https:\/\/uj.adatbank.ro\/lexikon\/wp-json\/wp\/v2\/media?parent=11622"}],"wp:term":[{"taxonomy":"product_brand","embeddable":true,"href":"https:\/\/uj.adatbank.ro\/lexikon\/wp-json\/wp\/v2\/product_brand?post=11622"},{"taxonomy":"product_cat","embeddable":true,"href":"https:\/\/uj.adatbank.ro\/lexikon\/wp-json\/wp\/v2\/product_cat?post=11622"},{"taxonomy":"product_tag","embeddable":true,"href":"https:\/\/uj.adatbank.ro\/lexikon\/wp-json\/wp\/v2\/product_tag?post=11622"}],"curies":[{"name":"wp","href":"https:\/\/api.w.org\/{rel}","templated":true}]}}