{"id":11623,"date":"2025-06-29T13:59:24","date_gmt":"2025-06-29T11:59:24","guid":{"rendered":"https:\/\/uj.adatbank.ro\/lexikon\/termek\/kemeny-miklos-magyargyeromonostori-br\/"},"modified":"2025-06-29T13:59:24","modified_gmt":"2025-06-29T11:59:24","slug":"kemeny-miklos-magyargyeromonostori-br","status":"publish","type":"product","link":"https:\/\/uj.adatbank.ro\/lexikon\/termek\/kemeny-miklos-magyargyeromonostori-br\/","title":{"rendered":"KEM\u00c9NY Mikl\u00f3s, magyargyer\u0151monostori br."},"content":{"rendered":"<p>1723.? \u2020 Nagysaj\u00f3, 1775. \u00e1pr. 19. Nagysaj\u00f3n van eltemetve: nagysaj\u00f3i f\u00f6ldbirtokos. \u2013 Zsigmond (\u2020 1736 k.) \u00e9s Bethlen \u00c1gnes (\u2020 1720. k.) fia. Feles\u00e9ge: cegei gr. Wass Krisztina (1726. &#8211; Kv., 1802. j\u00fan. 13.). Fi\u00fak: K. S\u00e1muel, t\u00e1blai eln\u00f6k (1739\u20201817), akinek feles\u00e9ge ikt\u00e1ri Bethlen Kata (1754\u201397), Krisztina (\u2020 1811) Bethlen P\u00e1ln\u00e9. \u00c9rdekes k\u00f6r\u00fclm\u00e9nyek k\u00f6z\u00f6tt j\u00e1rult hozz\u00e1j\u00e1 a Gecse-f\u00e9le Emberbar\u00e1ti Int\u00e9zet alapja gyarap\u00edt\u00e1s\u00e1hoz 6000 v\u00e1lt\u00f3forinttal. Ugyanis a ref. f\u0151konziszt\u00f3rium el\u0151tt megig\u00e9rte, hogy ezer forintot ad az int\u00e9zetnek, ezt nem v\u00e1ltotta be, ez\u00e9rt Gecse D\u00e1niel v\u00e9grendelet\u00e9ben \u00fagy int\u00e9zkedett hogy a gr\u00f3f fen\u00e1ll\u00f3 10. 000 frt. tartoz\u00e1s\u00e1nak fel\u00e9t elengedte \u00e9s az int\u00e9zet sz\u00e1m\u00e1ra 6000 frt. megfizet\u00e9s\u00e9re k\u00f6telezte, ezt az \u00f6sszeget a v\u00e9grendeletet v\u00e9grehajt\u00f3 bizotts\u00e1g az \u00f6r\u00f6k\u00f6s\u00f6kt\u0151l behajtotta. Feles\u00e9ge 1230 frt. adott a ref. koll. -nak (1812), A nagysaj\u00f3i kast\u00e9ly tulajdonosa. <br \/><strong>Irod.:<\/strong> Basa Istv\u00e1n: Eml\u00e9kbesz\u00e9d Kem\u00e9ny Mikl\u00f3s f\u00f6l\u00f6tt (1775); Bicsok-Orb\u00e1n; Gy\u00e1szjelent\u0151; Halotti besz\u00e9dek; Lev\u00e9lt\u00e1ri gy\u00e1szj.; Nagy Iv\u00e1n<\/br><\/p>\n","protected":false},"excerpt":{"rendered":"<p>1723.? \u2020 Nagysaj\u00f3, 1775. \u00e1pr. 19. Nagysaj\u00f3n van eltemetve: nagysaj\u00f3i f\u00f6ldbirtokos. \u2013 Zsigmond (\u2020 1736 k.) \u00e9s Bethlen \u00c1gnes (\u2020 1720. k.) fia. Feles\u00e9ge: cegei gr. Wass Krisztina (1726. &#8211; Kv., 1802. j\u00fan. 13.). Fi\u00fak: K. S\u00e1muel, t\u00e1blai eln\u00f6k (1739\u20201817), akinek feles\u00e9ge ikt\u00e1ri Bethlen Kata (1754\u201397), Krisztina (\u2020 1811) Bethlen P\u00e1ln\u00e9. \u00c9rdekes k\u00f6r\u00fclm\u00e9nyek k\u00f6z\u00f6tt j\u00e1rult [&hellip;]<\/p>\n","protected":false},"featured_media":0,"comment_status":"open","ping_status":"closed","template":"","meta":[],"product_brand":[],"product_cat":[137],"product_tag":[],"class_list":{"0":"post-11623","1":"product","2":"type-product","3":"status-publish","5":"product_cat-maros-megyei-eletrajzi-lexikon","7":"first","8":"instock","9":"shipping-taxable","10":"product-type-simple"},"_links":{"self":[{"href":"https:\/\/uj.adatbank.ro\/lexikon\/wp-json\/wp\/v2\/product\/11623","targetHints":{"allow":["GET"]}}],"collection":[{"href":"https:\/\/uj.adatbank.ro\/lexikon\/wp-json\/wp\/v2\/product"}],"about":[{"href":"https:\/\/uj.adatbank.ro\/lexikon\/wp-json\/wp\/v2\/types\/product"}],"replies":[{"embeddable":true,"href":"https:\/\/uj.adatbank.ro\/lexikon\/wp-json\/wp\/v2\/comments?post=11623"}],"wp:attachment":[{"href":"https:\/\/uj.adatbank.ro\/lexikon\/wp-json\/wp\/v2\/media?parent=11623"}],"wp:term":[{"taxonomy":"product_brand","embeddable":true,"href":"https:\/\/uj.adatbank.ro\/lexikon\/wp-json\/wp\/v2\/product_brand?post=11623"},{"taxonomy":"product_cat","embeddable":true,"href":"https:\/\/uj.adatbank.ro\/lexikon\/wp-json\/wp\/v2\/product_cat?post=11623"},{"taxonomy":"product_tag","embeddable":true,"href":"https:\/\/uj.adatbank.ro\/lexikon\/wp-json\/wp\/v2\/product_tag?post=11623"}],"curies":[{"name":"wp","href":"https:\/\/api.w.org\/{rel}","templated":true}]}}