{"id":11633,"date":"2025-06-29T13:59:44","date_gmt":"2025-06-29T11:59:44","guid":{"rendered":"https:\/\/uj.adatbank.ro\/lexikon\/termek\/kemeny-peter-magyargyeromonostori\/"},"modified":"2025-06-29T13:59:44","modified_gmt":"2025-06-29T11:59:44","slug":"kemeny-peter-magyargyeromonostori","status":"publish","type":"product","link":"https:\/\/uj.adatbank.ro\/lexikon\/termek\/kemeny-peter-magyargyeromonostori\/","title":{"rendered":"KEM\u00c9NY P\u00e9ter, magyargyer\u0151monostori"},"content":{"rendered":"<p>\u2020 Hainburg, 1620: f\u0151kapit\u00e1ny. Pozsonyban temett\u00e9k el. \u2013 Boldizs\u00e1r (\u2020 1630 k.) \u00e9s sz\u00e1rhegyi L\u00e1z\u00e1r Anna fia., K. J\u00e1nos fejedelem f\u00e9ltestv\u00e9re. Bethlen G\u00e1bor f\u0151kapit\u00e1nya. Feles\u00e9ge Toroczkai Kl\u00e1ra. Fi\u00fak: J\u00e1nos (\u2020 Kv., 1685. j\u00fan. 27). -B\u00e1thori G\u00e1bor fejedelems\u00e9ge kor\u00e1ban Bethlen G\u00e1bor t\u00e1bornok \u00e9s udvari f\u0151kapit\u00e1ny udvar\u00e1ban t\u00f6lt\u00f6tte ifj\u00fas\u00e1g\u00e1t. Mikor Bethlen a t\u00f6r\u00f6kh\u00f6z menek\u00fclt, P\u00e9ter Bethlen nej\u00e9vel egy\u00fctt D\u00e9va v\u00e1r\u00e1ban maradt, hol a v\u00e1r ostromakor vit\u00e9z\u00fcl harcolt. Bethlen G\u00e1bor visszaj\u00f6vetel\u00e9vel ennek \u00e9tekfog\u00f3ja lett. 1619-ben Bethlennel csat\u00e1zv\u00e1n K\u00f6pcs\u00e9nn\u00e9l, sebet kapott ebb\u0151l kigy\u00f3gyult; azonban ut\u00f3bb Hainburg ostrom\u00e1n\u00e1l, musk\u00e9ta goly\u00f3 tal\u00e1latt\u00f3l azonnal meghalt. Magyarb\u00fckk\u00f6s\u00f6n k\u0151b\u0151l \u00e9p\u00fclt udvarh\u00e1za volt (1646). <br \/><strong>Irod.:<\/strong> Gudenus; K\u00e9nosi-Uzoni 2.; Nagy Iv\u00e1n; Teleki Mih\u00e1ly udvartart\u00e1si napl\u00f3ja (1673\u20131681) (Kv., 2007); Verest\u00f3i Gy\u00f6rgy: Halottakkal val\u00f3 bar\u00e1ts\u00e1g (Kv., 1783); <\/br><\/p>\n","protected":false},"excerpt":{"rendered":"<p>\u2020 Hainburg, 1620: f\u0151kapit\u00e1ny. Pozsonyban temett\u00e9k el. \u2013 Boldizs\u00e1r (\u2020 1630 k.) \u00e9s sz\u00e1rhegyi L\u00e1z\u00e1r Anna fia., K. J\u00e1nos fejedelem f\u00e9ltestv\u00e9re. Bethlen G\u00e1bor f\u0151kapit\u00e1nya. Feles\u00e9ge Toroczkai Kl\u00e1ra. Fi\u00fak: J\u00e1nos (\u2020 Kv., 1685. j\u00fan. 27). -B\u00e1thori G\u00e1bor fejedelems\u00e9ge kor\u00e1ban Bethlen G\u00e1bor t\u00e1bornok \u00e9s udvari f\u0151kapit\u00e1ny udvar\u00e1ban t\u00f6lt\u00f6tte ifj\u00fas\u00e1g\u00e1t. Mikor Bethlen a t\u00f6r\u00f6kh\u00f6z menek\u00fclt, P\u00e9ter Bethlen nej\u00e9vel [&hellip;]<\/p>\n","protected":false},"featured_media":0,"comment_status":"open","ping_status":"closed","template":"","meta":[],"product_brand":[],"product_cat":[137],"product_tag":[],"class_list":{"0":"post-11633","1":"product","2":"type-product","3":"status-publish","5":"product_cat-maros-megyei-eletrajzi-lexikon","7":"first","8":"instock","9":"shipping-taxable","10":"product-type-simple"},"_links":{"self":[{"href":"https:\/\/uj.adatbank.ro\/lexikon\/wp-json\/wp\/v2\/product\/11633","targetHints":{"allow":["GET"]}}],"collection":[{"href":"https:\/\/uj.adatbank.ro\/lexikon\/wp-json\/wp\/v2\/product"}],"about":[{"href":"https:\/\/uj.adatbank.ro\/lexikon\/wp-json\/wp\/v2\/types\/product"}],"replies":[{"embeddable":true,"href":"https:\/\/uj.adatbank.ro\/lexikon\/wp-json\/wp\/v2\/comments?post=11633"}],"wp:attachment":[{"href":"https:\/\/uj.adatbank.ro\/lexikon\/wp-json\/wp\/v2\/media?parent=11633"}],"wp:term":[{"taxonomy":"product_brand","embeddable":true,"href":"https:\/\/uj.adatbank.ro\/lexikon\/wp-json\/wp\/v2\/product_brand?post=11633"},{"taxonomy":"product_cat","embeddable":true,"href":"https:\/\/uj.adatbank.ro\/lexikon\/wp-json\/wp\/v2\/product_cat?post=11633"},{"taxonomy":"product_tag","embeddable":true,"href":"https:\/\/uj.adatbank.ro\/lexikon\/wp-json\/wp\/v2\/product_tag?post=11633"}],"curies":[{"name":"wp","href":"https:\/\/api.w.org\/{rel}","templated":true}]}}