{"id":11649,"date":"2025-06-29T14:00:19","date_gmt":"2025-06-29T12:00:19","guid":{"rendered":"https:\/\/uj.adatbank.ro\/lexikon\/termek\/kemeny-zsigmond-magyargyeromonostori-br-kemeny-sigmond-alneve-gyero-jeno\/"},"modified":"2025-06-29T14:00:19","modified_gmt":"2025-06-29T12:00:19","slug":"kemeny-zsigmond-magyargyeromonostori-br-kemeny-sigmond-alneve-gyero-jeno","status":"publish","type":"product","link":"https:\/\/uj.adatbank.ro\/lexikon\/termek\/kemeny-zsigmond-magyargyeromonostori-br-kemeny-sigmond-alneve-gyero-jeno\/","title":{"rendered":"KEM\u00c9NY Zsigmond, magyargyer\u0151monostori, br., Kem\u00e9ny Sigmond; \u00e1lneve: Gyer\u0151 Jen\u0151. \u2013"},"content":{"rendered":"<p>Alvinc, 1814. j\u00fan. 12., keresztelt\u00e9k 1814. j\u00fan. 26. \u2020 Pusztakamar\u00e1s, 1875. dec. 22.: \u00edr\u00f3, publicista, politikus. \u2013 S\u00e1muel (1758\u2013) \u00e9s Cs\u00f3ka R\u00f3za fia. Feles\u00e9ge Teleki Julianna. \u2013 Nagyenyeden j\u00e1rt k\u00f6z\u00e9piskol\u00e1ba Sz\u00e1sz K\u00e1roly tan\u00edtv\u00e1nya (1823\u2013); Kv.-ra ment az erd\u00e9lyi orsz\u00e1ggy\u0171l\u00e9s megnyit\u00e1sa alkalm\u00e1val (1834\u201335); birtok\u00e1n Maroskapudon \u00e9lt tanult \u00e9s gazd\u00e1lkodott (1836\u201337), jogi tanulm\u00e1nyait Mv. en a Kir\u00e1lyi T\u00e1bl\u00e1n v\u00e9gezte \u00e9s itt lett joggyakornok (1937\u201338). Mv.-en kezdte \u00edrni a Martinuzzi c. reg\u00e9ny\u00e9t. Ebb\u0151l az id\u0151b\u0151l sz\u00e1rmazott a Moh\u00e1csi veszedelem okair\u00f3l \u00edrt t\u00f6rt\u00e9nelmi tanulm\u00e1nya, az Izabella kir\u00e1lyn\u00e9 \u00e9s a remete t\u00f6red\u00e9kesen maradt reg\u00e9nye. A b\u00e9csi egyetemen term\u00e9szettudom\u00e1nyokat hallgatott : bonctant, orvosi vegytant, pszichol\u00f3gi\u00e1t (1939\u2013). Kv.-on bekapcsol\u00f3dott a k\u00f6z\u00fcgyekbe mint ellenz\u00e9ki politikus elv\u00e1llalta az Erd\u00e9lyi H\u00edrad\u00f3 szerkeszt\u00e9s\u00e9t (1841\u201343). Ekkort\u00f3l jelen\u00adtek meg sz\u00e9pirod. m\u0171vei, t\u00f6rt. tanulm\u00e1nyai \u00e9s politikai r\u00f6piratai. \u00dajb\u00f3l Kapudon \u00e9lt, \u00edrt \u00e9s olvasott (1842). A MTA tagja (l. 1843, t. 1847, igazgat\u00f3ja, 1868). Sok id\u0151t t\u00f6lt\u00f6tt Zsib\u00f3n Wessel\u00e9nyi Mikl\u00f3s t\u00e1rsas\u00e1g\u00e1ban. El\u0151bb gr. Sz\u00e9chenyi Istv\u00e1n h\u00edve, k\u00e9s\u0151bb E\u00f6tv\u00f6s J\u00f3zsef \u00e9s a centralist\u00e1k mell\u00e9 \u00e1llt (1846). Pestre k\u00f6lt\u00f6z\u00f6tt (1847\u2013), ahol a Pesti H\u00edrlap munkat\u00e1rsa lett (1847\u2013). A szabads\u00e1gharc alatt k\u00e9pvisel\u0151, bel\u00fcgyminiszteri tan\u00e1csos, k\u00f6vette a korm\u00e1nyt Debrecenbe, Kossuthot Pestre \u00e9s Aradra (1848\u201349), a b\u00e9kep\u00e1rthoz csatlakozott s nem a forradalmi \u00e1talakul\u00e1s\u00e9rt, hanem az engedm\u00e9nyek \u00e9s a kiegyez\u00e9s \u00e9rdek\u00e9ben dolgozott. Vil\u00e1gos ut\u00e1n egy ideig b\u00fajdosott, v\u00e9g\u00fcl az osztr\u00e1k hat\u00f3s\u00e1gok Pesten intern\u00e1lt\u00e1k, ekkor \u00edrta k\u00e9t h\u00edres, a forradalmat elutas\u00edt\u00f3 r\u00f6pirat\u00e1t, a Forradalom ut\u00e1ni (1850) \u00e9s a M\u00e9g egy sz\u00f3 a forradalom ut\u00e1nt (1851), meg akarta gy\u0151zni a nemzetet az \u00faj helyzethez val\u00f3 alkalmazkod\u00e1snak, a kor\u00e1bbi t\u00f6rekv\u00e9sek felad\u00e1s\u00e1nak sz\u00fcks\u00e9gess\u00e9g\u00e9r\u0151l, az osztr\u00e1k hat\u00f3s\u00e1gokat pedig az abszolutizmus \u00e9rtelmetlens\u00e9g\u00e9r\u0151l; \u00e9rvel\u00e9s\u00e9vel egyik felet sem siker\u00fclt meggy\u0151znie. Az 1860-as \u00e9vekben jelent\u0151s szerepet j\u00e1tszott a kiegyez\u00e9s el\u0151k\u00e9sz\u00edt\u00e9s\u00e9ben, melynek l\u00e9trej\u00f6tte ut\u00e1n a politikai \u00e9letben m\u00e1r alig vett r\u00e9szt. ez\u00e9rt visszavonult a politik\u00e1t\u00f3l \u00e9s legink\u00e1bb sz\u00e9pirodalommal foglalkozott. R\u00e9szt vett az \u00dajabb Nemzeti K\u00f6nyvt\u00e1r szerkeszt\u00e9s\u00e9ben, Csengery Antallal \u00e9s Kazinczy G\u00e1borral k\u00e9s\u0151bb De\u00e1k Ferenccel kialak\u00edtott\u00e1k a passz\u00edv ellen\u00e1ll\u00e1s form\u00e1it, szervezt\u00e9k az irodalmi \u00e9letet \u00e9s a nemzet egyik ir\u00e1ny\u00edt\u00f3j\u00e1v\u00e1 emelt\u00e9k a Pesti Napl\u00f3-t, amelynek \u00e1tvette szerkeszt\u00e9s\u00e9t (1855\u201372); a Kisfaludy T\u00e1rsas\u00e1g tagja (1860), majd eln\u00f6ke (1867\u201373); a pesti Lip\u00f3tv\u00e1rosi ker\u00fclet orsz\u00e1ggy\u0171l\u00e9si k\u00e9pvisel\u0151je (1865\u2013), De\u00e1k Ferenc tan\u00e1csad\u00f3ja, a kiegyez\u00e9s sz\u00f3sz\u00f3l\u00f3ja. A megfesz\u00edtett munka t\u00f6nkretette eg\u00e9szs\u00e9g\u00e9t, s\u00falyos idegbetegs\u00e9g t\u00e1madta meg, amely egyre ink\u00e1bb elhatalmasodott rajta, v\u00e9g\u00fcl elm\u00e9je elborult. Rohamosan hanyatlott (1868\u2013), magatehetetlen roncsk\u00e9nt vitte haza Pusztakamar\u00e1sra \u00f6ccse (1873), ahol nemsok\u00e1ra elhunyt. A Kisfaludy T\u00e1rsas\u00e1gban Sz\u00e1sz K\u00e1roly (1877), a MTA Gyulai P\u00e1l (1879) mondott eml\u00e9kbesz\u00e9det. Hal\u00e1la ut\u00e1n (1876 elej\u00e9n), eml\u00e9kezet\u00e9re Mv.-en irodalmi t\u00e1rsas\u00e1g l\u00e9tes\u00edt\u00e9s\u00e9t kezdem\u00e9nyezte Tolnai Lajos, k\u00f6z\u00f6sen Fekete G\u00e1bor, Ajtay Gyula \u00e9s Kerekes S\u00e1muel k\u00f6zrem\u0171k\u00f6d\u00e9s\u00e9vel, elk\u00e9sz\u00edtett\u00e9k az alapszab\u00e1lyzatokat \u00e9s meg is kapt\u00e1k a t\u00e1rsas\u00e1g l\u00e9trehoz\u00e1s\u00e1hoz a sz\u00fcks\u00e9ges enged\u00e9lyeket (1876. okt. 28). A KZST Mv.-en m\u0171k\u00f6d\u00f6tt betilt\u00e1s\u00e1ig (1876\u20131948), majd \u00fajragondolva \u00fajraalakult 1990) Mv.-en utca viselte a nev\u00e9t. (1900\u2013). \u2013 <strong>F. m.:<\/strong> Kortesked\u00e9s \u00e9s ellenszerei (Kv., 1843\u201344); \u00c9let \u00e9s \u00e1br\u00e1nd: (reg.; Pest, 1847); Gyulai P\u00e1l 1\u20134. (reg.; Pest, 1847); Forradalom ut\u00e1n (Pest, 1850); F\u00e9rj \u00e9s n\u0151 (Pest, 1850, 1852); M\u00e9g egy sz\u00f3 a forradalom ut\u00e1n (Pest, 1851); A sz\u00edv \u00f6rv\u00e9nyei (reg.; Pest, 1851); K\u00f6dk\u00e9pek a ked\u00e9ly l\u00e1that\u00e1r\u00e1n (Pest, 1853); Szerelem \u00e9s hi\u00fas\u00e1g (reg.; Pest, 1854); K. Zs. reg\u00e9nyei \u00e9s besz\u00e9lyei (Pest, 1854); Sz\u00edv \u00f6rv\u00e9nyei. Er\u00e9ny \u00e9s illem (Pest, 1854, 1863, 1875); \u00d6zvegy \u00e9s le\u00e1nya (reg.; Pest, 1855\u201357; Buk., 1972; Kv., 2008); Zord id\u0151, 1\u20134 k. (reg.; Pest, 1858, 1862, 1904, 1910, 1911, 1948; Buk., 1975, 1976); Rajong\u00f3k (reg.; Pest, 1858\u201359, 1883, 1904, 1905, 1940; Buk., 1980); Rauhe Zeiten; (Pest, 1859, 1862); Az uni\u00f3 t\u00f6rv\u00e9nyekr\u0151l (Pest, 1861); K. Zs. tanulm\u00e1nyai (Pest, 1870); \u00c9let \u00e9s irodalom (Bp., 1883); K. Zs \u00f6sszes besz\u00e9lyei (Bp., 1893); K. Zs. b\u00e1r\u00f3 \u00f6sszes m\u0171vei, 1\u201311 k. (Bp., 1896\u20131907); Besz\u00e9lyek \u00e9s reg\u00e9nyt\u00f6red\u00e9kek (Bp., 1897); K\u00e9t boldog (Bp., 1898; Kv., 1979); B\u00e1r\u00f3 K. Zs. Munk\u00e1ib\u00f3l (Bp., 1905); T\u00f6rt\u00e9nelmi \u00e9s irodalmi tanulm\u00e1nyok (Bp., 1907); K. Zs. h\u00e1trahagyott munk\u00e1i (Bp., 1914); Kem\u00e9ny Zsigmond. napl\u00f3ja. Bevezet\u0151 tanulm\u00e1nnyal \u00e9s jegyzetekkel k\u00f6zz\u00e9teszi Benk\u0151 Samu ( Buk., 1966); V\u0103duva \u015fi fiica lui, ( ford. Livia Bac\u00e2ru; Buc., 1980); K\u00e9t boldog. (Novell\u00e1k. A k\u00f6tetet gondozta, \u00e9s el\u0151sz\u00f3val ell\u00e1tta: Veress D\u00e1niel.; Kv. -Napoca., 1979); V\u00e1ltozatok a t\u00f6rt\u00e9ne\u00adlemre. (Szerk., ut\u00f3sz\u00f3, jegyz. T\u00f3th Gyula; Bp., 1982); Korkiv\u00e1natok. Publicisztikai \u00edr\u00e1sok 1837\u20131846. (Kiad., jegyz. Rig\u00f3 L\u00e1szl\u00f3; Bp, 1983); Benk\u0151 Samu. Kem\u00e9ny Zsigmond. napl\u00f3ja (Kv., 2019): A fiatal Kem\u00e9ny Zsigmond \u00e9s napl\u00f3ja p. 5\u2013104; Kem\u00e9ny Zsigmond: Napl\u00f3 (1846), p. 105\u2013142; F\u00fcggel\u00e9k p. 143\u2013144; Jegyzetek p. 145\u2013168.; N\u00e9vmutat\u00f3, p. 169\u2013178. &#8211; <strong>antol\u00f3g.:<\/strong> Historia inclyti Matthiae Hunnyadis\u2026(Kv., 1865); Tan\u00e1csi t\u00fck\u00f6r (V\u00e1rad, 1855); Uni\u00f3 Zsebk\u00f6nyv (Kv., 1848); Magyar sz\u00f3nokok \u00e9s st\u00e1tuszf\u00e9rfiak (Pest, 1851); A magyar k\u00f6lt\u00e9szet kincsesh\u00e1za (Bp., 1895); V\u00f6r\u00f6smarty eml\u00e9kk\u00f6nyv (Sz\u00e9kesfeh\u00e9rv\u00e1r, 1900), De\u00e1k Farkas : Eml\u00e9kk\u00f6nyv a magyar irodalomb\u00f3l (Bp., 1862); Kardos Sanu: B\u00e1r\u00f3 Wessel\u00e9nyi Mikl\u00f3s \u00e9lete \u00e9s munk\u00e1i (Bp., 1905); Bilinszky Lajos : Po\u00e9tika \u00e9s irodalomt\u00f6rt\u00e9net olvas\u00f3k\u00f6nyvvel k\u00f6z\u00e9piskol\u00e1k \u00e9s polg\u00e1ri iskol\u00e1k IV o. sz\u00e1m\u00e1ra (Dics\u0151szentm\u00e1rton, 1922); D\u00e9zsi Lajos: Magyar t\u00f6rt\u00e9nelmi t\u00e1rgy\u00fa sz\u00e9pirodalom (Bp., 1927), Erd\u00e9ly \u00f6r\u00f6ks\u00e9ge (Bp., 1941\u201342); Parasztok (Bp., 1942): Hazai utaz\u00f3k Erd\u00e9lyben (Kv., 1942); <strong>szerk.:<\/strong> Szentiv\u00e1nyi Mih\u00e1ly munk\u00e1i (Kv., 1843); Papp Endre h\u00e1trahagyott munk\u00e1i (Pest, 1852); Magyar n\u00e9p k\u00f6nyve (Pest, 1854\u201355); Beksics Guszt\u00e1v : K. Zs., a forradalom s a kiegyez\u00e9s (Bp., 1883), Benedek Elek: Nagy magyarok \u00e9lete (Bp., 1910); Benedek Marcell : A magyar irodalom t\u00f6rt\u00e9nete (Bp., 1938); Be\u00f6thy; Borb\u00e9ly Istv\u00e1n : A magyar irodalom t\u00f6rt\u00e9nete (Bp., 1923\u201325); Brisits Frigyes : A magyar irodalom t\u00f6rt\u00e9nete (Bp., 1939); Cs\u00e1sz\u00e1r Elem\u00e9r: A magyar reg\u00e9ny t\u00f6rt\u00e9nete (Bp., 1939); D\u00e9zsi Lajos : Erd\u00e9lyi arck\u00e9pek \u00e9s k\u00e9pek (Kv., 1926); D\u00e9zsi Lajos : Magyar t\u00f6rt\u00e9neti t\u00e1rgy\u00fa sz\u00e9pirodalom (Bp., 1927); Dolinay Gyula : T\u00f6rt\u00e9nelmi arck\u00e9pcsarnok (Bp., 1886); Endr\u0151di S\u00e1ndor : Sz\u00e1zadunk magyar irodalma k\u00e9pekben (Bp., 1900); Erd\u00e9lyi csillagok (Kv., 1935); Erd\u00e9lyi panteon; Erd\u00e9lyi Ref. Kal.; Falk Miksa: Kor \u2013 \u00e9s jellemrajzok (Bp., 1903); F\u00e1bi\u00e1n Istv\u00e1n: A magyar irodalom kist\u00fckre (Bp., 1941); F\u00e9ja; Ferenczy-Danielik; Fogarasi Pap J\u00f3zsef: Novae Martis et Veneris Syzygiae ac auspicatisssium perichelium \u2013 B\u00e1r\u00f3 Kem\u00e9ny Zsigmond \u00e9s gr. Teleki Juli\u00e1nna mennyegz\u0151j\u00e9re \u00edrt latin \u00e9s m. versek (s. l. 1766); F\u00fcl\u00f6p\u2013Ferencz; Guly\u00e1s; Gyulai P\u00e1l: K. Zs. [1879] (Gy. P.: Eml\u00e9kbesz\u00e9dek, I. Bp., 1890, 1914); Gyulai P\u00e1l : Kritikai dolgozatok (Bp., 1908); Hal\u00e1sz L\u00e1szl\u00f3 : Magyar irodalomt\u00f6rt\u00e9net \u00f6sszefoglal\u00f3 t\u00e9telekben (Bp., s. a.); Hankoss J\u00e1nos: Eur\u00f3pa \u00e9s a magyar irodalom (Bp., 1939); Hankiss J\u00e1nos: A magyar irodalom k\u00f6zelr\u0151l (Bp., s. a.); Hankiss J\u00e1nos : A mi irodalmunk (Bp., 1942); Id\u0151t\u00e1r 1; Jankovich Ferenc : Ir\u00e1nyt\u0171 a magyar irodalmban (Bp., s. a.); Kis Zsuzs\u00e1nna: betegs\u00e9g, orvosl\u00e1s a magyar irodalomban (14.) (N\u00e9p\u00fajs\u00e1g, 2023. j\u00fan. 1.).; Kornis; Magyar brevi\u00e1rium (Bp., 1942); Kozocsa S\u00e1ndor : Kis magyar irodalomt\u00f6rt\u00e9net (Bp., 1944); \u00f6rgy : Az erd\u00e9lyi magyar irodalom m\u00faltja \u00e9s j\u00f6v\u0151je (Kv., 1924); Krist\u00f3f Gy\u00f6rgy : A Kir\u00e1lyh\u00e1g\u00f3n inneni \u00edr\u00f3k Erd\u00e9lyben (Kv., 1942); Langheim Irma : K. Zs. n\u0151alakjai (Kom\u00e1rom, 1909); A magyar irodalom t\u00f6rt\u00e9nete : K\u00e9pes (Bp., 1906\u201307); A magyar irodalom t\u00f6rt\u00e9nete 1900 ig (Bp., 1913); Magyar \u00edr\u00f3k arck\u00e9pei \u00e9s \u00e9letrajzai (Pest, 1858); M\u00e1rki S\u00e1ndor: Magyar Pantheon (Pozsony, 1884); Marosi-KZST; M\u00c9L; MNL; Nagy M\u00e9da: Nagy magyar \u00edr\u00f3k reg\u00e9nyes \u00e9letrajzai (Bp., 1943); Ol\u00e1h Csilla: A (t\u00f6rt\u00e9nelmi) reg\u00e9ny\u00edr\u00f3. 210 \u00e9ve sz\u00fcletett b\u00e1r\u00f3 Kem\u00e9ny Zsigmond (Erd\u00e9lyi Ref. Kalend.); Ol\u00e1h-G\u00e1l R\u00f3bert: Kem\u00e9ny Zsigmond napl\u00f3ja (N\u00fa., Sz\u00ednes Vil\u00e1g, 2015. j\u00fal. 31.); Paget; Pais Dezs\u0151: B\u00e1r\u00f3 K. Zs. \u00e9s az irodalmi \u00e9let (Bp, 1911); P\u00e1lffy; Papp Ferenc: B\u00e1r\u00f3 K. Zs. (Bp., 1922\u201323, 1927); P\u00e9terffy Jen\u0151 munk\u00e1i (Bp., s. a.); P\u00e9terffy Jen\u0151 \u00f6sszegy\u0171jt\u00f6tt munk\u00e1i (Bp., 1901\u201303); Pint\u00e9r; Piroff P\u00e1l : K. Zs. \u00e9let \u00e9s jellemrajz (Kv., 1907); R\u00e9ger B\u00e9la : Irodalmunk tartalmi ismertet\u00e9se (Bp., 1940); Sz\u00e1sz k\u00e1roly; Szathm\u00e1ry K\u00e1roly P.: Magyar Pantheon (Bp., 1893); Szegedy-Masz\u00e1k Mih\u00e1ly: K. Zs. (Bp, 1989); Szentgy\u00f6rgyi; Szerb; Szil\u00e1gyi S\u00e1ndor : A magyar forradalom f\u00e9rfiai (Pest, 1850); Szinnyei; Szinnyei Ferenc: Novella \u00e9s reg\u00e9nyirodalmunk a Bach-korszakban (Bp., 1939\u201341); Szinnyei Ferenc: Novella \u00e9s reg\u00e9nyirodalmunk az abszolutizmus kor\u00e1nak elej\u00e9n (Bp, 1929); T\u00e1bori Korn\u00e9l: Titkosrend\u0151rs\u00e9g \u00e9s kamarilla (Bp., 1921); Toldy; T\u00f3th S\u00e1ndor: B\u00e1r\u00f3 K. Zs. \u00e9letrajza (Pozsony-Bp., 1884); Transilvania; \u00daj lexikon; \u00daIT; \u00daM\u00c9L; V\u00e1lkai Imre: Irodalmi \u00e9s m\u0171v\u00e9szeti dagerotypek (B\u00e9cs, 1858); Veress; Veress D\u00e1niel: Szeretem a s\u00f6t\u00e9tet \u00e9s sz\u00e9lz\u00fag\u00e1st. K. Zs. \u00e9lete \u00e9s m\u0171ve (Kv., 1977, 1978).<\/br><\/p>\n","protected":false},"excerpt":{"rendered":"<p>Alvinc, 1814. j\u00fan. 12., keresztelt\u00e9k 1814. j\u00fan. 26. \u2020 Pusztakamar\u00e1s, 1875. dec. 22.: \u00edr\u00f3, publicista, politikus. \u2013 S\u00e1muel (1758\u2013) \u00e9s Cs\u00f3ka R\u00f3za fia. Feles\u00e9ge Teleki Julianna. \u2013 Nagyenyeden j\u00e1rt k\u00f6z\u00e9piskol\u00e1ba Sz\u00e1sz K\u00e1roly tan\u00edtv\u00e1nya (1823\u2013); Kv.-ra ment az erd\u00e9lyi orsz\u00e1ggy\u0171l\u00e9s megnyit\u00e1sa alkalm\u00e1val (1834\u201335); birtok\u00e1n Maroskapudon \u00e9lt tanult \u00e9s gazd\u00e1lkodott (1836\u201337), jogi tanulm\u00e1nyait Mv. en a Kir\u00e1lyi [&hellip;]<\/p>\n","protected":false},"featured_media":0,"comment_status":"open","ping_status":"closed","template":"","meta":[],"product_brand":[],"product_cat":[137],"product_tag":[],"class_list":{"0":"post-11649","1":"product","2":"type-product","3":"status-publish","5":"product_cat-maros-megyei-eletrajzi-lexikon","7":"first","8":"instock","9":"shipping-taxable","10":"product-type-simple"},"_links":{"self":[{"href":"https:\/\/uj.adatbank.ro\/lexikon\/wp-json\/wp\/v2\/product\/11649","targetHints":{"allow":["GET"]}}],"collection":[{"href":"https:\/\/uj.adatbank.ro\/lexikon\/wp-json\/wp\/v2\/product"}],"about":[{"href":"https:\/\/uj.adatbank.ro\/lexikon\/wp-json\/wp\/v2\/types\/product"}],"replies":[{"embeddable":true,"href":"https:\/\/uj.adatbank.ro\/lexikon\/wp-json\/wp\/v2\/comments?post=11649"}],"wp:attachment":[{"href":"https:\/\/uj.adatbank.ro\/lexikon\/wp-json\/wp\/v2\/media?parent=11649"}],"wp:term":[{"taxonomy":"product_brand","embeddable":true,"href":"https:\/\/uj.adatbank.ro\/lexikon\/wp-json\/wp\/v2\/product_brand?post=11649"},{"taxonomy":"product_cat","embeddable":true,"href":"https:\/\/uj.adatbank.ro\/lexikon\/wp-json\/wp\/v2\/product_cat?post=11649"},{"taxonomy":"product_tag","embeddable":true,"href":"https:\/\/uj.adatbank.ro\/lexikon\/wp-json\/wp\/v2\/product_tag?post=11649"}],"curies":[{"name":"wp","href":"https:\/\/api.w.org\/{rel}","templated":true}]}}