{"id":11651,"date":"2025-06-29T14:00:25","date_gmt":"2025-06-29T12:00:25","guid":{"rendered":"https:\/\/uj.adatbank.ro\/lexikon\/termek\/kemeny-zsuzsa-%c2%a7-magyargyeromonostori-br-nagy-palne-nagy-zsuzsa\/"},"modified":"2025-06-29T14:00:25","modified_gmt":"2025-06-29T12:00:25","slug":"kemeny-zsuzsa-%c2%a7-magyargyeromonostori-br-nagy-palne-nagy-zsuzsa","status":"publish","type":"product","link":"https:\/\/uj.adatbank.ro\/lexikon\/termek\/kemeny-zsuzsa-%c2%a7-magyargyeromonostori-br-nagy-palne-nagy-zsuzsa\/","title":{"rendered":"KEM\u00c9NY Zsuzsa, \u00a7 magyargyer\u0151monostori br., Nagy P\u00e1ln\u00e9, Nagy Zsuzsa"},"content":{"rendered":"<p>Kv., 1934. jan. 18. \u2020 Erd\u0151szentgy\u00f6rgy, 1979. j\u00fan. 18. Mv.-en temett\u00e9k el, s\u00edreml\u00e9ke a ref. temet\u0151ben Sz\u00e9lkly J\u00e1nos Jen\u0151 alkot\u00e1sa: \u00edr\u00f3. \u2013 K. J\u00e1nos (1903\u20131971) \u00e9s Patton, Augusta of Grandhome le\u00e1nya, Nagy P\u00e1l fest\u0151m\u0171v\u00e9sz, tan\u00e1r feles\u00e9ge (Mv., 1955). Gyermekei: Zolt\u00e1n, G\u00e9za. \u2013 Mv.-en \u00e9retts\u00e9gizett (1952). M. irodalom szakra k\u00e9sz\u00fclt, de a sz\u00e1rmaz\u00e1sa miatt nem vett\u00e9k fel az egyetemre, az \u00fcld\u00f6ztet\u00e9s \u00e9veiben nem volt lehet\u0151s\u00e9ge a tov\u00e1bbtanul\u00e1sra. Volt m\u00e9sz\u00e9get\u0151, munk\u00e1s a mar\u00f3l\u00fag-\u00fczemben, rakt\u00e1rnok, p\u00e9nzt\u00e1ros, a M\u0171v\u00e9szet, majd az \u00daj \u00c9let c. k\u00e9peslapn\u00e1l dolgozott mint g\u00e9p\u00edr\u00f3n\u0151 hal\u00e1l\u00e1ig (1958\u201379). \u00cdrt riportokat, novell\u00e1kat. Ir\u00e1sai rom\u00e1niai m. lapokban jelentek meg (Utunk, V. Z., Napsug\u00e1r, Ifjumunk\u00e1s, \u00daj \u00c9let). Posztumusz \u00edr\u00e1sa: Bolg\u00e1r kert\u00e9szek \u2013Marosv\u00e1s\u00e1rhelyen (\u00daj \u00c9let, 1979). Gondozta apja, K. J\u00e1nos-hagyat\u00e9k\u00e1t \u2013 <strong>F. m.:<\/strong> Szaggatott p\u00e1rbesz\u00e9d : Karcolatok, novell\u00e1k (Mv., 2001); <strong>antol\u00f3g.:<\/strong> Megtal\u00e1lt vil\u00e1g (1968). <br \/><strong>Irod.:<\/strong> Csekme; Gudenus; Bal\u00e1zs Imre: Tekintetek k\u00f6nnycseppf\u00e9ny\u0171 tenger\u00e9ben (\u00daj \u00c9let, 12. sz., 1979); Maros megyei t\u00f6rt. 5.; MIIB; Moln\u00e1r; B\u00facs\u00fa Nagy Zsuzs\u00e1t\u00f3l (\u00daj \u00c9let, 12. sz., 1979); Nagy P\u00e1ln\u00e9 K. Zs. [Nekrol\u00f3g] (V. Z., 1979. j\u00fan. 20.); Nagyap\u00e1mat mai napig p\u00e9ldak\u00e9pemnek tartom \/ Ol\u00e1h-G\u00e1l Elvira besz\u00e9lget\u00e9se V\u00e9csi Nagy Zolt\u00e1nnal (Sz\u00e9kelyf\u00f6ld, 6. sz., 2012)<\/br><\/p>\n","protected":false},"excerpt":{"rendered":"<p>Kv., 1934. jan. 18. \u2020 Erd\u0151szentgy\u00f6rgy, 1979. j\u00fan. 18. Mv.-en temett\u00e9k el, s\u00edreml\u00e9ke a ref. temet\u0151ben Sz\u00e9lkly J\u00e1nos Jen\u0151 alkot\u00e1sa: \u00edr\u00f3. \u2013 K. J\u00e1nos (1903\u20131971) \u00e9s Patton, Augusta of Grandhome le\u00e1nya, Nagy P\u00e1l fest\u0151m\u0171v\u00e9sz, tan\u00e1r feles\u00e9ge (Mv., 1955). Gyermekei: Zolt\u00e1n, G\u00e9za. \u2013 Mv.-en \u00e9retts\u00e9gizett (1952). M. irodalom szakra k\u00e9sz\u00fclt, de a sz\u00e1rmaz\u00e1sa miatt nem vett\u00e9k [&hellip;]<\/p>\n","protected":false},"featured_media":0,"comment_status":"open","ping_status":"closed","template":"","meta":[],"product_brand":[],"product_cat":[137],"product_tag":[],"class_list":{"0":"post-11651","1":"product","2":"type-product","3":"status-publish","5":"product_cat-maros-megyei-eletrajzi-lexikon","7":"first","8":"instock","9":"shipping-taxable","10":"product-type-simple"},"_links":{"self":[{"href":"https:\/\/uj.adatbank.ro\/lexikon\/wp-json\/wp\/v2\/product\/11651","targetHints":{"allow":["GET"]}}],"collection":[{"href":"https:\/\/uj.adatbank.ro\/lexikon\/wp-json\/wp\/v2\/product"}],"about":[{"href":"https:\/\/uj.adatbank.ro\/lexikon\/wp-json\/wp\/v2\/types\/product"}],"replies":[{"embeddable":true,"href":"https:\/\/uj.adatbank.ro\/lexikon\/wp-json\/wp\/v2\/comments?post=11651"}],"wp:attachment":[{"href":"https:\/\/uj.adatbank.ro\/lexikon\/wp-json\/wp\/v2\/media?parent=11651"}],"wp:term":[{"taxonomy":"product_brand","embeddable":true,"href":"https:\/\/uj.adatbank.ro\/lexikon\/wp-json\/wp\/v2\/product_brand?post=11651"},{"taxonomy":"product_cat","embeddable":true,"href":"https:\/\/uj.adatbank.ro\/lexikon\/wp-json\/wp\/v2\/product_cat?post=11651"},{"taxonomy":"product_tag","embeddable":true,"href":"https:\/\/uj.adatbank.ro\/lexikon\/wp-json\/wp\/v2\/product_tag?post=11651"}],"curies":[{"name":"wp","href":"https:\/\/api.w.org\/{rel}","templated":true}]}}