{"id":11662,"date":"2025-06-29T14:00:48","date_gmt":"2025-06-29T12:00:48","guid":{"rendered":"https:\/\/uj.adatbank.ro\/lexikon\/termek\/kendeffy-katalin-malomvizi-gr-andrassy-gyulane\/"},"modified":"2025-06-29T14:00:48","modified_gmt":"2025-06-29T12:00:48","slug":"kendeffy-katalin-malomvizi-gr-andrassy-gyulane","status":"publish","type":"product","link":"https:\/\/uj.adatbank.ro\/lexikon\/termek\/kendeffy-katalin-malomvizi-gr-andrassy-gyulane\/","title":{"rendered":"KENDEFFY Katalin, malomvizi gr. Andr\u00e1ssy Gyul\u00e1n\u00e9"},"content":{"rendered":"<p>1830 \u2020 1896: birtokos, Erzs\u00e9bet kir\u00e1lyn\u00e9 udvarh\u00f6lgye. \u2013 \u00c1d\u00e1m (1795\u20131834) \u00e9s Bethlen Borb\u00e1la (1800\u20131880) l\u00e1nya. F\u00e9rje id. Gr. Andr\u00e1ssy Gyula (1823\u20131890) minisztereln\u00f6k (1867). Gyermekei: Tivadar (1857-?), Ilona (1858-?), Gyula (1860-?). Marosludason \u00e1ll az udvarh\u00e1zuk (Bari\u0163iu u. 4. sz.). Az udvarh\u00e1zhoz tartoz\u00f3 nagy bels\u0151s\u00e9get felparcell\u00e1zt\u00e1k \u00e9s ott \u00e9p\u00fclt az \u00fan. Andr\u00e1ssy telep (1902\u201305). 400 n\u00e9gysz\u00f6g\u00f6l ter\u00fcletet adom\u00e1nyozott ref. templom\u00e9p\u00edt\u00e9s c\u00e9lj\u00e1b\u00f3l. A Marosbog\u00e1t k\u00f6zs\u00e9ghez tartozott bels\u0151 birtok elad\u00e1sa ut\u00e1n l\u00e9trej\u00f6tt Bels\u0151-telepet is. A csal\u00e1dnak a tulajdon\u00e1ban a faluban a sz\u00e1nt\u00f3in kiv\u00fcl kb. hetvenezer holdnyi havasi erd\u0151 birtoka is volt. &#8211;<br \/><strong>Irod.:<\/strong> Ol\u00e1h G\u00e1ll R\u00f3bert: Kendeffy \u00c1d\u00e1m \u00e9s a Bolyaiak, ); Keresztes Gyula: A Mez\u0151s\u00e9g udvarh\u00e1zai 1. (N\u00fa., 1994. j\u00fan. 17); Szekeres Ad\u00e9l: A marosludasi Bels\u0151-telep r\u00f6vid t\u00f6rt\u00e9nete (N\u00fa., 1997. m\u00e1rc. 11.; 1997. j\u00fan. 24.); Szekeres Ad\u00e9l: A marosludasi Andr\u00e1ssy-telep r\u00f6vid t\u00f6rt\u00e9nete (N\u00fa., 1998. jan. 13.; 1998. m\u00e1rc. 11.; 1998. j\u00fan. 24.; 1998. aug. 11.; 1999. febr. 9.); Szekeres Ad\u00e9l: 110 \u00e9ve szakadatlan (N\u00fa., 1998. dec. 16.)\u00daL<\/br><\/p>\n","protected":false},"excerpt":{"rendered":"<p>1830 \u2020 1896: birtokos, Erzs\u00e9bet kir\u00e1lyn\u00e9 udvarh\u00f6lgye. \u2013 \u00c1d\u00e1m (1795\u20131834) \u00e9s Bethlen Borb\u00e1la (1800\u20131880) l\u00e1nya. F\u00e9rje id. Gr. Andr\u00e1ssy Gyula (1823\u20131890) minisztereln\u00f6k (1867). Gyermekei: Tivadar (1857-?), Ilona (1858-?), Gyula (1860-?). Marosludason \u00e1ll az udvarh\u00e1zuk (Bari\u0163iu u. 4. sz.). Az udvarh\u00e1zhoz tartoz\u00f3 nagy bels\u0151s\u00e9get felparcell\u00e1zt\u00e1k \u00e9s ott \u00e9p\u00fclt az \u00fan. Andr\u00e1ssy telep (1902\u201305). 400 n\u00e9gysz\u00f6g\u00f6l ter\u00fcletet [&hellip;]<\/p>\n","protected":false},"featured_media":0,"comment_status":"open","ping_status":"closed","template":"","meta":[],"product_brand":[],"product_cat":[137],"product_tag":[],"class_list":{"0":"post-11662","1":"product","2":"type-product","3":"status-publish","5":"product_cat-maros-megyei-eletrajzi-lexikon","7":"first","8":"instock","9":"shipping-taxable","10":"product-type-simple"},"_links":{"self":[{"href":"https:\/\/uj.adatbank.ro\/lexikon\/wp-json\/wp\/v2\/product\/11662","targetHints":{"allow":["GET"]}}],"collection":[{"href":"https:\/\/uj.adatbank.ro\/lexikon\/wp-json\/wp\/v2\/product"}],"about":[{"href":"https:\/\/uj.adatbank.ro\/lexikon\/wp-json\/wp\/v2\/types\/product"}],"replies":[{"embeddable":true,"href":"https:\/\/uj.adatbank.ro\/lexikon\/wp-json\/wp\/v2\/comments?post=11662"}],"wp:attachment":[{"href":"https:\/\/uj.adatbank.ro\/lexikon\/wp-json\/wp\/v2\/media?parent=11662"}],"wp:term":[{"taxonomy":"product_brand","embeddable":true,"href":"https:\/\/uj.adatbank.ro\/lexikon\/wp-json\/wp\/v2\/product_brand?post=11662"},{"taxonomy":"product_cat","embeddable":true,"href":"https:\/\/uj.adatbank.ro\/lexikon\/wp-json\/wp\/v2\/product_cat?post=11662"},{"taxonomy":"product_tag","embeddable":true,"href":"https:\/\/uj.adatbank.ro\/lexikon\/wp-json\/wp\/v2\/product_tag?post=11662"}],"curies":[{"name":"wp","href":"https:\/\/api.w.org\/{rel}","templated":true}]}}