{"id":11671,"date":"2025-06-29T14:01:05","date_gmt":"2025-06-29T12:01:05","guid":{"rendered":"https:\/\/uj.adatbank.ro\/lexikon\/termek\/kenderesi-mihaly\/"},"modified":"2025-06-29T14:01:05","modified_gmt":"2025-06-29T12:01:05","slug":"kenderesi-mihaly","status":"publish","type":"product","link":"https:\/\/uj.adatbank.ro\/lexikon\/termek\/kenderesi-mihaly\/","title":{"rendered":"KENDERESi Mih\u00e1ly"},"content":{"rendered":"<p>Fels\u0151sz\u00e1ll\u00e1spataka (Hunyad), 1758. nov. 17., \u2020 Kv., 1824 \u00e1pr. 26.: t\u00e1blab\u00edr\u00f3, \u00edr\u00f3. korm\u00e1nysz\u00e9ki tan\u00e1csos. \u2013 A nagyenyedi Ref. Koll. ban tanult (1766\u2013); Szebenben (1778), majd Mv.-en protonot\u00e1ri\u00e1ra j\u00e1rt; felesk\u00fcd\u00f6tt kancellist\u00e1nak Szebenben (1781), majd Pozsonyban, Pesten B\u00e9csben j\u00e1rt hogy n\u00e9met nyelvet tanuljon (1786). Hunyadmegy\u00e9n\u00e9l v\u00e1rmegyei lev\u00e9lt\u00e1rnok (1786), aljegyz\u0151 majd, f\u0151jegyz\u0151, Hunyadv\u00e1rmegye k\u00f6vete ez erd\u00e9lyi orsz\u00e1ggy\u0171l\u00e9sen t\u00f6bb \u00edzben is (1791\u2013); f\u0151b\u00edr\u00f3 (1792), korm\u00e1nysz\u00e9ki titk\u00e1r (1793\u2013). Bar\u00e1ts\u00e1gban \u00e9lt az akkori \u00edr\u00f3kkal: Vir\u00e1g, Kazinczy, Gy\u00f6ngy\u00f6si, Aranka, t\u00e1mogatta a m. irodalmat \u00e9s sz\u00ednm\u0171v\u00e9szetet, levelezett Kazinczy Ferenccel, Vir\u00e1g Benedekkel. A ref. f\u0151konziszt\u00f3riumnak t\u00f6bbsz\u00f6r eln\u00f6ke volt. A kv.-i Nemzeti Sz\u00ednh\u00e1z alapk\u00f6v\u00e9t br. Wessel\u00e9nyi Mikl\u00f3ssal egy\u00fctt rakta le, majd mint orsz\u00e1gos biztos t\u00e1mogatta a magyar sz\u00ednm\u0171v\u00e9szetet; az irodalomnak is nagy p\u00e1rtfog\u00f3ja volt, seg\u00edtette K\u0151r\u00f6si Csoma S\u00e1ndor \u00e1zsiai \u00fatj\u00e1t, anyagilag hozz\u00e1j\u00e1rult az \u00edr\u00f3k munk\u00e1inak kiad\u00e1s\u00e1hoz. \u2013 F. m R\u00f3th: Sz\u00fcletett nyelv\u00fcnk\u00f6n; Szinnyei; 1790 B\u00f6jtm\u00e1s hav\u00e1nak 22. napj\u00e1n nemes Zar\u00e1nddal egyes\u00fclt Hunyad v\u00e1rmegy\u00e9nek K\u00f6z\u00f6ns\u00e9ges gy\u0171l\u00e9se m\u00e9lt. B. J\u00f3sika Antal \u00far praesidiuma alatt..; D\u00e9v\u00e1n 1790. Szent Iv\u00e1n hav\u00e1nak 2. napj\u00e1n nemes Hunyad v\u00e1rmegy\u00e9nek. k\u00f6z\u00f6ns\u00e9ges k\u00f6zgy\u0171l\u00e9se (mindkett\u0151 az orsz\u00e1ggy\u0171l\u00e9si utas\u00edt\u00e1st is tartalmazza); \u00c1rtatlan erk\u00f6lcs\u0171 \u00e9s szelid j\u00f3lelk\u0171 n\u00e9hai kedves \u00e9lete p\u00e1rj\u00e1nak Balia Rebek\u00e1nak \u00e1ldott eml\u00e9kezet\u00e9re : Versek (Kv., 1802); Egy nemes vet\u00e9lked\u00e9s. (Kv., 1803); A tudom\u00e1ny \u00e9s vir\u00e1gz\u00f3 nemzeti nyelv haz\u00e1nk boldogs\u00e1g\u00e1nak talpk\u00f6vei (Kv., 1805); Nagy\u00e9rdem\u0171 S. Pataki professzor Nagy Ferenczhez v\u00e1lassza Kenderesi Mih\u00e1lynak a Kozon \u00e9s Lysimach aranyokr\u00f3l (Kv., 1812). <br \/><strong>Irod.:<\/strong> Kovachich M\u00e1rton Gy\u00f6rgy : Tentamen quo jobagiones castri ceteris regni nobilibus. (Claudiopoli, 1814); Lev\u00e9lt\u00e1ri gy\u00e1szj.; R\u00f3th: Sz\u00fcletett nyelv\u00fcnk\u00f6n; Szinnyei J.; \u00daM\u00c9L; Veress<\/br><\/p>\n","protected":false},"excerpt":{"rendered":"<p>Fels\u0151sz\u00e1ll\u00e1spataka (Hunyad), 1758. nov. 17., \u2020 Kv., 1824 \u00e1pr. 26.: t\u00e1blab\u00edr\u00f3, \u00edr\u00f3. korm\u00e1nysz\u00e9ki tan\u00e1csos. \u2013 A nagyenyedi Ref. Koll. ban tanult (1766\u2013); Szebenben (1778), majd Mv.-en protonot\u00e1ri\u00e1ra j\u00e1rt; felesk\u00fcd\u00f6tt kancellist\u00e1nak Szebenben (1781), majd Pozsonyban, Pesten B\u00e9csben j\u00e1rt hogy n\u00e9met nyelvet tanuljon (1786). Hunyadmegy\u00e9n\u00e9l v\u00e1rmegyei lev\u00e9lt\u00e1rnok (1786), aljegyz\u0151 majd, f\u0151jegyz\u0151, Hunyadv\u00e1rmegye k\u00f6vete ez erd\u00e9lyi orsz\u00e1ggy\u0171l\u00e9sen t\u00f6bb [&hellip;]<\/p>\n","protected":false},"featured_media":0,"comment_status":"open","ping_status":"closed","template":"","meta":[],"product_brand":[],"product_cat":[137],"product_tag":[],"class_list":{"0":"post-11671","1":"product","2":"type-product","3":"status-publish","5":"product_cat-maros-megyei-eletrajzi-lexikon","7":"first","8":"instock","9":"shipping-taxable","10":"product-type-simple"},"_links":{"self":[{"href":"https:\/\/uj.adatbank.ro\/lexikon\/wp-json\/wp\/v2\/product\/11671","targetHints":{"allow":["GET"]}}],"collection":[{"href":"https:\/\/uj.adatbank.ro\/lexikon\/wp-json\/wp\/v2\/product"}],"about":[{"href":"https:\/\/uj.adatbank.ro\/lexikon\/wp-json\/wp\/v2\/types\/product"}],"replies":[{"embeddable":true,"href":"https:\/\/uj.adatbank.ro\/lexikon\/wp-json\/wp\/v2\/comments?post=11671"}],"wp:attachment":[{"href":"https:\/\/uj.adatbank.ro\/lexikon\/wp-json\/wp\/v2\/media?parent=11671"}],"wp:term":[{"taxonomy":"product_brand","embeddable":true,"href":"https:\/\/uj.adatbank.ro\/lexikon\/wp-json\/wp\/v2\/product_brand?post=11671"},{"taxonomy":"product_cat","embeddable":true,"href":"https:\/\/uj.adatbank.ro\/lexikon\/wp-json\/wp\/v2\/product_cat?post=11671"},{"taxonomy":"product_tag","embeddable":true,"href":"https:\/\/uj.adatbank.ro\/lexikon\/wp-json\/wp\/v2\/product_tag?post=11671"}],"curies":[{"name":"wp","href":"https:\/\/api.w.org\/{rel}","templated":true}]}}