{"id":11685,"date":"2025-06-29T14:01:35","date_gmt":"2025-06-29T12:01:35","guid":{"rendered":"https:\/\/uj.adatbank.ro\/lexikon\/termek\/kendi-n-mihaly-kendi-mihaly\/"},"modified":"2025-06-29T14:01:35","modified_gmt":"2025-06-29T12:01:35","slug":"kendi-n-mihaly-kendi-mihaly","status":"publish","type":"product","link":"https:\/\/uj.adatbank.ro\/lexikon\/termek\/kendi-n-mihaly-kendi-mihaly\/","title":{"rendered":"KENDI N. Mih\u00e1ly, Kendi Mih\u00e1ly"},"content":{"rendered":"<p>Disznaj\u00f3, ? \u2020 ? ref. lelk\u00e9sz, tan\u00edt\u00f3. \u2013 Feles\u00e9ge: Hars\u00e1nyi M\u00e1ria. \u2013 Mv.-en subscrib\u00e1lt (1684). Nagyteremiben volt rektor (1685\u201389). Lelk\u00e9sz Nagykenden (1694\u20131696; 1696\u20131711), Kerel\u0151szentp\u00e1lon (1712\u201313). Rossz magaviselete \u00e9s feles\u00e9ge erk\u00f6lcstelen viselked\u00e9se miatt \u00e1ll\u00e1s\u00e1b\u00f3l felf\u00fcggesztett\u00e9k (1713\u2013). <br \/><strong>Irod.:<\/strong> Kend \u00e9s egyh\u00e1za; K\u00fck\u00fcll\u0151i Ref. Egyh\u00e1zm. 2., 4.<\/br><\/p>\n","protected":false},"excerpt":{"rendered":"<p>Disznaj\u00f3, ? \u2020 ? ref. lelk\u00e9sz, tan\u00edt\u00f3. \u2013 Feles\u00e9ge: Hars\u00e1nyi M\u00e1ria. \u2013 Mv.-en subscrib\u00e1lt (1684). Nagyteremiben volt rektor (1685\u201389). Lelk\u00e9sz Nagykenden (1694\u20131696; 1696\u20131711), Kerel\u0151szentp\u00e1lon (1712\u201313). Rossz magaviselete \u00e9s feles\u00e9ge erk\u00f6lcstelen viselked\u00e9se miatt \u00e1ll\u00e1s\u00e1b\u00f3l felf\u00fcggesztett\u00e9k (1713\u2013). Irod.: Kend \u00e9s egyh\u00e1za; K\u00fck\u00fcll\u0151i Ref. Egyh\u00e1zm. 2., 4.<\/p>\n","protected":false},"featured_media":0,"comment_status":"open","ping_status":"closed","template":"","meta":[],"product_brand":[],"product_cat":[137],"product_tag":[],"class_list":{"0":"post-11685","1":"product","2":"type-product","3":"status-publish","5":"product_cat-maros-megyei-eletrajzi-lexikon","7":"first","8":"instock","9":"shipping-taxable","10":"product-type-simple"},"_links":{"self":[{"href":"https:\/\/uj.adatbank.ro\/lexikon\/wp-json\/wp\/v2\/product\/11685","targetHints":{"allow":["GET"]}}],"collection":[{"href":"https:\/\/uj.adatbank.ro\/lexikon\/wp-json\/wp\/v2\/product"}],"about":[{"href":"https:\/\/uj.adatbank.ro\/lexikon\/wp-json\/wp\/v2\/types\/product"}],"replies":[{"embeddable":true,"href":"https:\/\/uj.adatbank.ro\/lexikon\/wp-json\/wp\/v2\/comments?post=11685"}],"wp:attachment":[{"href":"https:\/\/uj.adatbank.ro\/lexikon\/wp-json\/wp\/v2\/media?parent=11685"}],"wp:term":[{"taxonomy":"product_brand","embeddable":true,"href":"https:\/\/uj.adatbank.ro\/lexikon\/wp-json\/wp\/v2\/product_brand?post=11685"},{"taxonomy":"product_cat","embeddable":true,"href":"https:\/\/uj.adatbank.ro\/lexikon\/wp-json\/wp\/v2\/product_cat?post=11685"},{"taxonomy":"product_tag","embeddable":true,"href":"https:\/\/uj.adatbank.ro\/lexikon\/wp-json\/wp\/v2\/product_tag?post=11685"}],"curies":[{"name":"wp","href":"https:\/\/api.w.org\/{rel}","templated":true}]}}